--
-- Host: localhost    Database: ilusipri_tracking
-- ------------------------------------------------------


--
-- Table structure for table `i_audit`
--

CREATE TABLE `i_audit` (
  `id_audit` int(10) NOT NULL AUTO_INCREMENT,
  `desk_audit` varchar(255) NOT NULL,
  `susunan` int(2) NOT NULL,
  `aktif` int(2) NOT NULL DEFAULT '1',
  PRIMARY KEY (`id_audit`)
) ENGINE=MyISAM DEFAULT CHARSET=utf8;

--
-- Dumping data for table `i_audit`
--


--
-- Table structure for table `i_biznes_nature`
--

CREATE TABLE `i_biznes_nature` (
  `id_biznature` int(3) NOT NULL AUTO_INCREMENT,
  `desc_biznature` char(70) NOT NULL DEFAULT '',
  `ordering` int(2) NOT NULL,
  `active` int(2) NOT NULL DEFAULT '1',
  PRIMARY KEY (`id_biznature`),
  UNIQUE KEY `pk` (`id_biznature`)
) ENGINE=InnoDB AUTO_INCREMENT=9 DEFAULT CHARSET=utf8;

--
-- Dumping data for table `i_biznes_nature`
--

INSERT INTO `i_biznes_nature` VALUES (1,'IT & COMMUNICATION',2,1),(2,'FINANCIAL SERVICE & INSURANCE',1,1),(3,'PROPERTY & CONSTRUCTION',3,1),(4,'RETAILING BUSINESS',4,1),(5,'PROFESSIONAL SERVICES',5,1),(6,'TRADING , RESELLER & DISTRIBUTION',6,1),(7,'LOGISTICS & TRANSPORTATION',7,1),(8,'EDUCATION & TRAINING',8,1);

--
-- Table structure for table `i_checkin_type`
--

CREATE TABLE `i_checkin_type` (
  `id_chkintype` int(3) NOT NULL AUTO_INCREMENT,
  `desc_chkintype` char(70) NOT NULL DEFAULT '',
  `ordering` int(2) NOT NULL,
  `active` int(2) NOT NULL DEFAULT '1',
  PRIMARY KEY (`id_chkintype`),
  UNIQUE KEY `pk` (`id_chkintype`)
) ENGINE=InnoDB AUTO_INCREMENT=6 DEFAULT CHARSET=utf8;

--
-- Dumping data for table `i_checkin_type`
--

INSERT INTO `i_checkin_type` VALUES (1,'Customer',1,1),(2,'Visitor',2,1),(3,'Employee',3,1),(4,'Rider',4,1),(5,'Vendor',5,1);

--
-- Table structure for table `i_jantina`
--

CREATE TABLE `i_jantina` (
  `id_jantina` int(10) NOT NULL AUTO_INCREMENT,
  `kod_jantina` varchar(255) NOT NULL,
  `desk_jantina` varchar(255) NOT NULL,
  `susunan` int(2) NOT NULL,
  `aktif` int(2) NOT NULL,
  PRIMARY KEY (`id_jantina`)
) ENGINE=MyISAM AUTO_INCREMENT=3 DEFAULT CHARSET=utf8;

--
-- Dumping data for table `i_jantina`
--

INSERT INTO `i_jantina` VALUES (1,'L','LELAKI',1,1),(2,'P','PEREMPUAN',2,1);

--
-- Table structure for table `i_kategori`
--

CREATE TABLE `i_kategori` (
  `id_kategori` int(10) NOT NULL AUTO_INCREMENT,
  `desk_kategori` varchar(255) NOT NULL,
  `susunan` int(2) NOT NULL,
  `aktif` int(2) NOT NULL,
  PRIMARY KEY (`id_kategori`)
) ENGINE=MyISAM AUTO_INCREMENT=4 DEFAULT CHARSET=utf8;

--
-- Dumping data for table `i_kategori`
--

INSERT INTO `i_kategori` VALUES (1,'RAPID PENANG',0,1),(2,'PUBLIC PLACES',0,1),(3,'HOTEL',0,1);

--
-- Table structure for table `i_postcode`
--

CREATE TABLE `i_postcode` (
  `id_postcode` int(5) NOT NULL AUTO_INCREMENT,
  `desc_postcode` char(5) COLLATE utf8_unicode_ci NOT NULL,
  `post_city` varchar(30) COLLATE utf8_unicode_ci NOT NULL,
  `id_state` int(2) NOT NULL,
  `active` tinyint(1) NOT NULL,
  `ordering` int(5) NOT NULL,
  PRIMARY KEY (`id_postcode`)
) ENGINE=InnoDB AUTO_INCREMENT=2757 DEFAULT CHARSET=utf8 COLLATE=utf8_unicode_ci;

--
-- Dumping data for table `i_postcode`
--

INSERT INTO `i_postcode` VALUES (1,'01000','KANGAR',10,1,0),(2,'01007','Kangar',10,1,0),(3,'01009','Kangar',10,1,0),(4,'01500','Kangar',10,1,0),(5,'01502','Kangar',10,1,0),(6,'01503','Kangar',10,1,0),(7,'01504','Kangar',10,1,0),(8,'01505','Kangar',10,1,0),(9,'01506','Kangar',10,1,0),(10,'01508','Kangar',10,1,0),(11,'01512','Kangar',10,1,0),(12,'01514','Kangar',10,1,0),(13,'01516','KANGAR',10,1,0),(14,'01517','Kangar',10,1,0),(15,'01518','Kangar',10,1,0),(16,'01524','Kangar',10,1,0),(17,'01529','Kangar',10,1,0),(18,'01532','Kangar',10,1,0),(19,'01538','Kangar',10,1,0),(20,'01540','Kangar',10,1,0),(21,'01546','Kangar',10,1,0),(22,'01550','Kangar',10,1,0),(23,'01551','Kangar',10,1,0),(24,'01556','Kangar',10,1,0),(25,'01560','Kangar',10,1,0),(26,'01564','Kangar',10,1,0),(27,'01570','Kangar',10,1,0),(28,'01572','Kangar',10,1,0),(29,'01576','Kangar',10,1,0),(30,'01578','Kangar',10,1,0),(31,'01582','Kangar',10,1,0),(32,'01586','Kangar',10,1,0),(33,'01590','Kangar',10,1,0),(34,'01592','Kangar',10,1,0),(35,'01594','Kangar',10,1,0),(36,'01596','Kangar',10,1,0),(37,'01598','Kangar',10,1,0),(38,'01600','Kangar',10,1,0),(39,'01604','Kangar',10,1,0),(40,'01606','Kangar',10,1,0),(41,'01608','Kangar',10,1,0),(42,'01609','Kangar',10,1,0),(43,'01610','Kangar',10,1,0),(44,'01612','Kangar',10,1,0),(45,'01614','Kangar',10,1,0),(46,'01620','Kangar',10,1,0),(47,'01622','Kangar',10,1,0),(48,'01626','Kangar',10,1,0),(49,'01628','Kangar',10,1,0),(50,'01630','Kangar',10,1,0),(51,'01632','Kangar',10,1,0),(52,'01634','Kangar',10,1,0),(53,'01644','Kangar',10,1,0),(54,'01646','Kangar',10,1,0),(55,'01648','Kangar',10,1,0),(56,'01660','Kangar',10,1,0),(57,'01664','Kangar',10,1,0),(58,'01670','Kangar',10,1,0),(59,'01672','Kangar',10,1,0),(60,'01673','Kangar',10,1,0),(61,'01674','Kangar',10,1,0),(62,'01676','Kangar',10,1,0),(63,'01680','Kangar',10,1,0),(64,'01694','Kangar',10,1,0),(65,'02000','Kuala Perlis',10,1,0),(66,'02100','Padang Besar',10,1,0),(67,'02200','Kaki Bukit',10,1,0),(68,'02400','Kangar',10,1,0),(69,'02450','Kangar',10,1,0),(70,'02500','Kangar',10,1,0),(71,'02600','Arau',10,1,0),(72,'02607','Arau',10,1,0),(73,'02609','Arau',10,1,0),(74,'02700','Simpang Ampat',10,1,0),(75,'02707','Simpang Ampat',10,1,0),(76,'02709','Simpang Ampat',10,1,0),(77,'02800','Simpang Ampat',10,1,0),(78,'05000','Alor Setar',2,1,0),(79,'05050','Alor Setar',2,1,0),(80,'05100','Alor Setar',2,1,0),(81,'05150','Alor Setar',2,1,0),(82,'05200','Alor Setar',2,1,0),(83,'05250','Alor Setar',2,1,0),(84,'05300','Alor Setar',2,1,0),(85,'05350','Alor Setar',2,1,0),(86,'05400','Alor Setar',2,1,0),(87,'05460','Alor Setar',2,1,0),(88,'05500','Alor Setar',2,1,0),(89,'05502','Alor Setar',2,1,0),(90,'05503','Alor Setar',2,1,0),(91,'05504','Alor Setar',2,1,0),(92,'05505','Alor Setar',2,1,0),(93,'05506','Alor Setar',2,1,0),(94,'05508','Alor Setar',2,1,0),(95,'05512','Alor Setar',2,1,0),(96,'05514','Alor Setar',2,1,0),(97,'05516','Alor Setar',2,1,0),(98,'05517','Alor Setar',2,1,0),(99,'05518','Alor Setar',2,1,0),(100,'05520','Alor Setar',2,1,0),(101,'05532','Alor Setar',2,1,0),(102,'05534','Alor Setar',2,1,0),(103,'05536','Alor Setar',2,1,0),(104,'05538','Alor Setar',2,1,0),(105,'05550','Alor Setar',2,1,0),(106,'05551','Alor Setar',2,1,0),(107,'05552','Alor Setar',2,1,0),(108,'05556','Alor Setar',2,1,0),(109,'05558','Alor Setar',2,1,0),(110,'05560','Alor Setar',2,1,0),(111,'05564','Alor Setar',2,1,0),(112,'05576','Alor Setar',2,1,0),(113,'05578','Alor Setar',2,1,0),(114,'05580','Alor Setar',2,1,0),(115,'05582','Alor Setar',2,1,0),(116,'05586','Alor Setar',2,1,0),(117,'05590','Alor Setar',2,1,0),(118,'05592','Alor Setar',2,1,0),(119,'05594','Alor Setar',2,1,0),(120,'05600','Alor Setar',2,1,0),(121,'05604','Alor Setar',2,1,0),(122,'05610','Alor Setar',2,1,0),(123,'05612','Alor Setar',2,1,0),(124,'05614','Alor Setar',2,1,0),(125,'05620','Alor Setar',2,1,0),(126,'05621','Alor Setar',2,1,0),(127,'05622','Alor Setar',2,1,0),(128,'05626','Alor Setar',2,1,0),(129,'05628','Alor Setar',2,1,0),(130,'05630','Alor Setar',2,1,0),(131,'05632','Alor Setar',2,1,0),(132,'05644','Alor Setar',2,1,0),(133,'05660','Alor Setar',2,1,0),(134,'05661','Alor Setar',2,1,0),(135,'05664','Alor Setar',2,1,0),(136,'05670','Alor Setar',2,1,0),(137,'05672','Alor Setar',2,1,0),(138,'05673','Alor Setar',2,1,0),(139,'05674','Alor Setar',2,1,0),(140,'05675','Alor Setar',2,1,0),(141,'05676','Alor Setar',2,1,0),(142,'05680','Alor Setar',2,1,0),(143,'05690','Alor Setar',2,1,0),(144,'05696','Alor Setar',2,1,0),(145,'05700','Alor Setar',2,1,0),(146,'05710','Alor Setar',2,1,0),(147,'05720','Alor Setar',2,1,0),(148,'05990','Alor Setar',2,1,0),(149,'06000','Jitra',2,1,0),(150,'06007','Jitra',2,1,0),(151,'06009','Jitra',2,1,0),(152,'06010','Changloon',2,1,0),(153,'06050','Bukit Kayu Hitam',2,1,0),(154,'06100','Kodiang',2,1,0),(155,'06150','Ayer Hitam',2,1,0),(156,'06200','Kepala Batas',2,1,0),(157,'06207','Kepala Batas',2,1,0),(158,'06209','Kepala Batas',2,1,0),(159,'06250','Alor Setar',2,1,0),(160,'06300','Kuala Nerang',2,1,0),(161,'06350','Pokok Sena',2,1,0),(162,'06400','Pokok Sena',2,1,0),(163,'06500','Langgar',2,1,0),(164,'06507','Langgar',2,1,0),(165,'06509','Alor Setar',2,1,0),(166,'06550','Alor Setar',2,1,0),(167,'06570','Alor Setar',2,1,0),(168,'06600','Kuala Kedah',2,1,0),(169,'06650','Simpang Empat',2,1,0),(170,'06660','Alor Setar',2,1,0),(171,'06700','Pendang',2,1,0),(172,'06707','Pendang',2,1,0),(173,'06709','Pendang',2,1,0),(174,'06710','Pendang',2,1,0),(175,'06720','Pendang',2,1,0),(176,'06750','Pendang',2,1,0),(177,'06800','Kota Sarang Semut',2,1,0),(178,'06900','Yan',2,1,0),(179,'06910','Yan',2,1,0),(180,'07000','Langkawi',2,1,0),(181,'07007','Langkawi',2,1,0),(182,'07009','Langkawi',2,1,0),(183,'08000','Sungai Petani',2,1,0),(184,'08007','Sungai Petani',2,1,0),(185,'08009','Sungai Petani',2,1,0),(186,'08010','Sungai Petani',2,1,0),(187,'08100','Bedong',2,1,0),(188,'08110','Bedong',2,1,0),(189,'08200','Sik',2,1,0),(190,'08210','Sik',2,1,0),(191,'08300','Gurun',2,1,0),(192,'08320','Jeniang',2,1,0),(193,'08330','Gurun',2,1,0),(194,'08340','Sik',2,1,0),(195,'08400','Merbok',2,1,0),(196,'08407','Merbok',2,1,0),(197,'08409','Merbok',2,1,0),(198,'08500','Kota Kuala Muda',2,1,0),(199,'08507','Kota Kuala Muda',2,1,0),(200,'08509','Kota Kuala Muda',2,1,0),(201,'08600','Sungai Petani',2,1,0),(202,'08700','Jeniang',2,1,0),(203,'08800','Gurun',2,1,0),(204,'09000','Kulim',2,1,0),(205,'09007','Kulim',2,1,0),(206,'09009','Kulim',2,1,0),(207,'09010','Kulim',2,1,0),(208,'09020','Kulim',2,1,0),(209,'09100','Baling',2,1,0),(210,'09110','Kuala Pegang',2,1,0),(211,'09200','Kupang',2,1,0),(212,'09300','Kuala Ketil',2,1,0),(213,'09310','Kuala Ketil',2,1,0),(214,'09400','Padang Serai',2,1,0),(215,'09410','Padang Serai',2,1,0),(216,'09600','Lunas',2,1,0),(217,'09700','Karangan',2,1,0),(218,'09800','Serdang',2,1,0),(219,'09810','Serdang',2,1,0),(220,'10000','Pulau Pinang',11,1,0),(221,'10050','Pulau Pinang',11,1,0),(222,'10100','Pulau Pinang',11,1,0),(223,'10150','Pulau Pinang',11,1,0),(224,'10200','Pulau Pinang',11,1,0),(225,'10250','Pulau Pinang',11,1,0),(226,'10300','Pulau Pinang',11,1,0),(227,'10350','Pulau Pinang',11,1,0),(228,'10400','Pulau Pinang',11,1,0),(229,'10450','Pulau Pinang',11,1,0),(230,'10460','Pulau Pinang',11,1,0),(231,'10470','Pulau Pinang',11,1,0),(232,'10500','Pulau Pinang',11,1,0),(233,'10502','Pulau Pinang',11,1,0),(234,'10503','Pulau Pinang',11,1,0),(235,'10504','Pulau Pinang',11,1,0),(236,'10505','Pulau Pinang',11,1,0),(237,'10506','Pulau Pinang',11,1,0),(238,'10508','Pulau Pinang',11,1,0),(239,'10512','Pulau Pinang',11,1,0),(240,'10514','Pulau Pinang',11,1,0),(241,'10516','Pulau Pinang',11,1,0),(242,'10518','Pulau Pinang',11,1,0),(243,'10524','Pulau Pinang',11,1,0),(244,'10534','Pulau Pinang',11,1,0),(245,'10538','Pulau Pinang',11,1,0),(246,'10540','Pulau Pinang',11,1,0),(247,'10542','Pulau Pinang',11,1,0),(248,'10546','Pulau Pinang',11,1,0),(249,'10550','Pulau Pinang',11,1,0),(250,'10551','Pulau Pinang',11,1,0),(251,'10552','Pulau Pinang',11,1,0),(252,'10558','Pulau Pinang',11,1,0),(253,'10560','Pulau Pinang',11,1,0),(254,'10564','Pulau Pinang',11,1,0),(255,'10566','Pulau Pinang',11,1,0),(256,'10570','Pulau Pinang',11,1,0),(257,'10576','Pulau Pinang',11,1,0),(258,'10578','Pulau Pinang',11,1,0),(259,'10582','Pulau Pinang',11,1,0),(260,'10590','Pulau Pinang',11,1,0),(261,'10592','Pulau Pinang',11,1,0),(262,'10593','Pulau Pinang',11,1,0),(263,'10594','Pulau Pinang',11,1,0),(264,'10596','Pulau Pinang',11,1,0),(265,'10600','Pulau Pinang',11,1,0),(266,'10604','Pulau Pinang',11,1,0),(267,'10609','Pulau Pinang',11,1,0),(268,'10610','Pulau Pinang',11,1,0),(269,'10612','Pulau Pinang',11,1,0),(270,'10620','Pulau Pinang',11,1,0),(271,'10622','Pulau Pinang',11,1,0),(272,'10626','Pulau Pinang',11,1,0),(273,'10628','Pulau Pinang',11,1,0),(274,'10634','Pulau Pinang',11,1,0),(275,'10646','Pulau Pinang',11,1,0),(276,'10648','Pulau Pinang',11,1,0),(277,'10660','Pulau Pinang',11,1,0),(278,'10661','Pulau Pinang',11,1,0),(279,'10662','Pulau Pinang',11,1,0),(280,'10670','Pulau Pinang',11,1,0),(281,'10672','Pulau Pinang',11,1,0),(282,'10673','Pulau Pinang',11,1,0),(283,'10674','Pulau Pinang',11,1,0),(284,'10676','Pulau Pinang',11,1,0),(285,'10690','Pulau Pinang',11,1,0),(286,'10710','Pulau Pinang',11,1,0),(287,'10720','Pulau Pinang',11,1,0),(288,'10730','Pulau Pinang',11,1,0),(289,'10740','Pulau Pinang',11,1,0),(290,'10750','Pulau Pinang',11,1,0),(291,'10760','Pulau Pinang',11,1,0),(292,'10770','Pulau Pinang',11,1,0),(293,'10780','Pulau Pinang',11,1,0),(294,'10790','Pulau Pinang',11,1,0),(295,'10800','Pulau Pinang',11,1,0),(296,'10810','Pulau Pinang',11,1,0),(297,'10820','Pulau Pinang',11,1,0),(298,'10830','Pulau Pinang',11,1,0),(299,'10840','Pulau Pinang',11,1,0),(300,'10850','Pulau Pinang',11,1,0),(301,'10910','Pulau Pinang',11,1,0),(302,'10920','Pulau Pinang',11,1,0),(303,'10990','Pulau Pinang',11,1,0),(304,'11000','Balik Pulau',11,1,0),(305,'11010','Balik Pulau',11,1,0),(306,'11020','Balik Pulau',11,1,0),(307,'11050','Pulau Pinang',11,1,0),(308,'11060','Pulau Pinang',11,1,0),(309,'11100','Batu Ferringhi',11,1,0),(310,'11200','Tanjong Bungah',11,1,0),(311,'11300','Penang Hill',11,1,0),(312,'11400','Pulau Pinang',11,1,0),(313,'11409','Pulau Pinang',11,1,0),(314,'11500','Ayer Itam',11,1,0),(315,'11600','Jelutong',11,1,0),(316,'11609','Jelutong',11,1,0),(317,'11700','Gelugor',11,1,0),(318,'11800','USM Pulau Pinang',11,1,0),(319,'11900','Bayan Lepas',11,1,0),(320,'11910','Bayan Lepas',11,1,0),(321,'11920','Bayan Lepas',11,1,0),(322,'11950','Bayan Lepas',11,1,0),(323,'11960','Batu Maung',11,1,0),(324,'12000','Butterworth',11,1,0),(325,'12100','Butterworth',11,1,0),(326,'12200','Butterworth',11,1,0),(327,'12300','Butterworth',11,1,0),(328,'12700','Butterworth',11,1,0),(329,'12710','Butterworth',11,1,0),(330,'12720','Butterworth',11,1,0),(331,'12990','Butterworth',11,1,0),(332,'13000','Butterworth',11,1,0),(333,'13009','Butterworth',11,1,0),(334,'13020','Butterworth',11,1,0),(335,'13050','Butterworth',11,1,0),(336,'13100','Penaga',11,1,0),(337,'13110','Penaga',11,1,0),(338,'13200','Kepala Batas',11,1,0),(339,'13210','Kepala Batas',11,1,0),(340,'13220','Kepala Batas',11,1,0),(341,'13300','Tasek Gelugor',11,1,0),(342,'13310','Tasek Gelugor',11,1,0),(343,'13400','Butterworth',11,1,0),(344,'13409','Butterworth',11,1,0),(345,'13500','Permatang Pauh',11,1,0),(346,'13600','Perai',11,1,0),(347,'13700','Perai',11,1,0),(348,'13800','Butterworth',11,1,0),(349,'14000','Bukit Mertajam',11,1,0),(350,'14007','Bukit Mertajam',11,1,0),(351,'14009','Bukit Mertajam',11,1,0),(352,'14020','Bukit Mertajam',11,1,0),(353,'14100','Simpang Ampat',11,1,0),(354,'14101','Simpang Ampat',11,1,0),(355,'14110','Simpang Ampat',11,1,0),(356,'14120','Simpang Ampat',11,1,0),(357,'14200','Sungai Jawi',11,1,0),(358,'14290','Bandar Baharu',2,1,0),(359,'14300','Nibong Tebal',11,1,0),(360,'14310','Nibong Tebal',11,1,0),(361,'14320','Nibong Tebal',11,1,0),(362,'14390','Bandar Baharu',2,1,0),(363,'14400','Kubang Semang',11,1,0),(364,'15000','Kota Bharu',3,1,0),(365,'15050','Kota Bharu',3,1,0),(366,'15100','Kota Bharu',3,1,0),(367,'15150','Kota Bharu',3,1,0),(368,'15159','Kota Bharu',3,1,0),(369,'15200','Kota Bharu',3,1,0),(370,'15300','Kota Bharu',3,1,0),(371,'15350','Kota Bharu',3,1,0),(372,'15400','Kota Bharu',3,1,0),(373,'15500','Kota Bharu',3,1,0),(374,'15502','Kota Bharu',3,1,0),(375,'15503','Kota Bharu',3,1,0),(376,'15504','Kota Bharu',3,1,0),(377,'15505','Kota Bharu',3,1,0),(378,'15506','Kota Bharu',3,1,0),(379,'15508','Kota Bharu',3,1,0),(380,'15512','Kota Bharu',3,1,0),(381,'15514','Kota Bharu',3,1,0),(382,'15516','Kota Bharu',3,1,0),(383,'15517','Kota Bharu',3,1,0),(384,'15518','Kota Bharu',3,1,0),(385,'15519','Kota Bharu',3,1,0),(386,'15520','Kota Bharu',3,1,0),(387,'15524','Kota Bharu',3,1,0),(388,'15529','Kota Bharu',3,1,0),(389,'15532','Kota Bharu',3,1,0),(390,'15534','Kota Bharu',3,1,0),(391,'15536','Kota Bharu',3,1,0),(392,'15538','Kota Bharu',3,1,0),(393,'15540','Kota Bharu',3,1,0),(394,'15546','Kota Bharu',3,1,0),(395,'15548','Kota Bharu',3,1,0),(396,'15550','Kota Bharu',3,1,0),(397,'15551','Kota Bharu',3,1,0),(398,'15556','Kota Bharu',3,1,0),(399,'15558','Kota Bharu',3,1,0),(400,'15560','Kota Bharu',3,1,0),(401,'15564','Kota Bharu',3,1,0),(402,'15570','Kota Bharu',3,1,0),(403,'15572','Kota Bharu',3,1,0),(404,'15576','Kota Bharu',3,1,0),(405,'15578','Kota Bharu',3,1,0),(406,'15582','Kota Bharu',3,1,0),(407,'15586','Kota Bharu',3,1,0),(408,'15590','Kota Bharu',3,1,0),(409,'15592','Kota Bharu',3,1,0),(410,'15594','Kota Bharu',3,1,0),(411,'15596','Kota Bharu',3,1,0),(412,'15600','Kota Bharu',3,1,0),(413,'15604','Kota Bharu',3,1,0),(414,'15608','Kota Bharu',3,1,0),(415,'15609','Kota Bharu',3,1,0),(416,'15612','Kota Bharu',3,1,0),(417,'15614','Kota Bharu',3,1,0),(418,'15616','Kota Bharu',3,1,0),(419,'15622','Kota Bharu',3,1,0),(420,'15623','Kota Bharu',3,1,0),(421,'15626','Kota Bharu',3,1,0),(422,'15628','Kota Bharu',3,1,0),(423,'15630','Kota Bharu',3,1,0),(424,'15632','Kota Bharu',3,1,0),(425,'15634','Kota Bharu',3,1,0),(426,'15644','Kota Bharu',3,1,0),(427,'15646','Kota Bharu',3,1,0),(428,'15648','Kota Bharu',3,1,0),(429,'15658','Kota Bharu',3,1,0),(430,'15660','Kota Bharu',3,1,0),(431,'15661','Kota Bharu',3,1,0),(432,'15664','Kota Bharu',3,1,0),(433,'15670','Kota Bharu',3,1,0),(434,'15672','Kota Bharu',3,1,0),(435,'15673','Kota Bharu',3,1,0),(436,'15674','Kota Bharu',3,1,0),(437,'15676','Kota Bharu',3,1,0),(438,'15680','Kota Bharu',3,1,0),(439,'15690','Kota Bharu',3,1,0),(440,'15710','Kota Bharu',3,1,0),(441,'15720','Kota Bharu',3,1,0),(442,'15730','Kota Bharu',3,1,0),(443,'15740','Kota Bharu',3,1,0),(444,'15988','Kota Bharu',3,1,0),(445,'15990','Kota Bharu',3,1,0),(446,'16010','Kota Bharu',3,1,0),(447,'16020','Bachok',3,1,0),(448,'16030','Bachok',3,1,0),(449,'16040','Wakaf Bharu',3,1,0),(450,'16050','Bachok',3,1,0),(451,'16060','Bachok',3,1,0),(452,'16070','Bachok',3,1,0),(453,'16080','Tumpat',3,1,0),(454,'16090','Bachok',3,1,0),(455,'16100','Kota Bharu',3,1,0),(456,'16109','Kota Bharu',3,1,0),(457,'16150','Kota Bharu',3,1,0),(458,'16200','Tumpat',3,1,0),(459,'16210','Tumpat',3,1,0),(460,'16250','Wakaf Bharu',3,1,0),(461,'16300','Bachok',3,1,0),(462,'16310','Bachok',3,1,0),(463,'16320','Bachok',3,1,0),(464,'16400','Melor',3,1,0),(465,'16450','Ketereh',3,1,0),(466,'16500','Kem Desa Pahlawan',3,1,0),(467,'16600','Pulai Chondong',3,1,0),(468,'16700','Cherang Ruku',3,1,0),(469,'16800','Pasir Puteh',3,1,0),(470,'16810','Selising',3,1,0),(471,'17000','Pasir Mas',3,1,0),(472,'17007','Pasir Mas',3,1,0),(473,'17009','Pasir Mas',3,1,0),(474,'17010','Pasir Mas',3,1,0),(475,'17020','Pasir Mas',3,1,0),(476,'17030','Pasir Mas',3,1,0),(477,'17040','Pasir Mas',3,1,0),(478,'17050','Pasir Mas',3,1,0),(479,'17060','Pasir Mas',3,1,0),(480,'17070','Pasir Mas',3,1,0),(481,'17200','Rantau Panjang',3,1,0),(482,'17500','Tanah Merah',3,1,0),(483,'17507','Tanah Merah',3,1,0),(484,'17509','Tanah Merah',3,1,0),(485,'17510','Tanah Merah',3,1,0),(486,'17600','Jeli',3,1,0),(487,'17610','Kuala Balah',3,1,0),(488,'17700','Ayer Lanas',3,1,0),(489,'18000','Kuala Krai',3,1,0),(490,'18050','Kuala Krai',3,1,0),(491,'18200','Dabong',3,1,0),(492,'18300','Gua Musang',3,1,0),(493,'18400','Temangan',3,1,0),(494,'18500','Machang',3,1,0),(495,'20000','Kuala Terengganu',16,1,0),(496,'20050','Kuala Terengganu',16,1,0),(497,'20100','Kuala Terengganu',16,1,0),(498,'20200','Kuala Terengganu',16,1,0),(499,'20300','Kuala Terengganu',16,1,0),(500,'20400','Kuala Terengganu',16,1,0),(501,'84000','MUAR',1,1,0),(502,'20502','Kuala Terengganu',16,1,0),(503,'20503','Kuala Terengganu',16,1,0),(504,'20504','Kuala Terengganu',16,1,0),(505,'20505','Kuala Terengganu',16,1,0),(506,'20506','Kuala Terengganu',16,1,0),(507,'20508','Kuala Terengganu',16,1,0),(508,'20512','Kuala Terengganu',16,1,0),(509,'20514','Kuala Terengganu',16,1,0),(510,'20516','Kuala Terengganu',16,1,0),(511,'20517','Kuala Terengganu',16,1,0),(512,'20518','Kuala Terengganu',16,1,0),(513,'20519','Kuala Terengganu',16,1,0),(514,'20520','Kuala Terengganu',16,1,0),(515,'20532','Kuala Terengganu',16,1,0),(516,'20534','Kuala Terengganu',16,1,0),(517,'20536','Kuala Terengganu',16,1,0),(518,'20538','Kuala Terengganu',16,1,0),(519,'20540','Kuala Terengganu',16,1,0),(520,'20542','Kuala Terengganu',16,1,0),(521,'20546','Kuala Terengganu',16,1,0),(522,'20548','Kuala Terengganu',16,1,0),(523,'20550','Kuala Terengganu',16,1,0),(524,'20551','Kuala Terengganu',16,1,0),(525,'20552','Kuala Terengganu',16,1,0),(526,'20554','Kuala Terengganu',16,1,0),(527,'20556','Kuala Terengganu',16,1,0),(528,'20560','Kuala Terengganu',16,1,0),(529,'20564','Kuala Terengganu',16,1,0),(530,'20566','Kuala Terengganu',16,1,0),(531,'20568','Kuala Terengganu',16,1,0),(532,'20570','Kuala Terengganu',16,1,0),(533,'20572','Kuala Terengganu',16,1,0),(534,'20576','Kuala Terengganu',16,1,0),(535,'20578','Kuala Terengganu',16,1,0),(536,'20582','Kuala Terengganu',16,1,0),(537,'20586','Kuala Terengganu',16,1,0),(538,'20590','Kuala Terengganu',16,1,0),(539,'20592','Kuala Terengganu',16,1,0),(540,'20596','Kuala Terengganu',16,1,0),(541,'20600','Kuala Terengganu',16,1,0),(542,'20604','Kuala Terengganu',16,1,0),(543,'20606','Kuala Terengganu',16,1,0),(544,'20608','Kuala Terengganu',16,1,0),(545,'20609','Kuala Terengganu',16,1,0),(546,'20610','Kuala Terengganu',16,1,0),(547,'20612','Kuala Terengganu',16,1,0),(548,'20614','Kuala Terengganu',16,1,0),(549,'20618','Kuala Terengganu',16,1,0),(550,'20620','Kuala Terengganu',16,1,0),(551,'20622','Kuala Terengganu',16,1,0),(552,'20626','Kuala Terengganu',16,1,0),(553,'20628','Kuala Terengganu',16,1,0),(554,'20630','Kuala Terengganu',16,1,0),(555,'20632','Kuala Terengganu',16,1,0),(556,'20646','Kuala Terengganu',16,1,0),(557,'20648','Kuala Terengganu',16,1,0),(558,'20656','Kuala Terengganu',16,1,0),(559,'20658','Kuala Terengganu',16,1,0),(560,'20660','Kuala Terengganu',16,1,0),(561,'20661','Kuala Terengganu',16,1,0),(562,'20662','Kuala Terengganu',16,1,0),(563,'20664','Kuala Terengganu',16,1,0),(564,'20668','Kuala Terengganu',16,1,0),(565,'20670','Kuala Terengganu',16,1,0),(566,'20672','Kuala Terengganu',16,1,0),(567,'20673','Kuala Terengganu',16,1,0),(568,'20674','Kuala Terengganu',16,1,0),(569,'20676','Kuala Terengganu',16,1,0),(570,'20680','Kuala Terengganu',16,1,0),(571,'20690','Kuala Terengganu',16,1,0),(572,'20698','Kuala Terengganu',16,1,0),(573,'20700','Kuala Terengganu',16,1,0),(574,'20710','Kuala Terengganu',16,1,0),(575,'20720','Kuala Terengganu',16,1,0),(576,'20900','Kuala Terengganu',16,1,0),(577,'20902','Kuala Terengganu',16,1,0),(578,'20904','Kuala Terengganu',16,1,0),(579,'20906','Kuala Terengganu',16,1,0),(580,'20908','Kuala Terengganu',16,1,0),(581,'20910','Kuala Terengganu',16,1,0),(582,'20912','Kuala Terengganu',16,1,0),(583,'20914','Kuala Terengganu',16,1,0),(584,'20916','Kuala Terengganu',16,1,0),(585,'20918','Kuala Terengganu',16,1,0),(586,'20920','Kuala Terengganu',16,1,0),(587,'20922','Kuala Terengganu',16,1,0),(588,'20924','Kuala Terengganu',16,1,0),(589,'20926','Kuala Terengganu',16,1,0),(590,'20928','Kuala Terengganu',16,1,0),(591,'20930','Kuala Terengganu',16,1,0),(592,'20990','Kuala Terengganu',16,1,0),(593,'21000','Kuala Terengganu',16,1,0),(594,'21009','Kuala Terengganu',16,1,0),(595,'21010','Kuala Terengganu',16,1,0),(596,'21020','Kuala Terengganu',16,1,0),(597,'21030','Kuala Terengganu',16,1,0),(598,'21040','Kuala Terengganu',16,1,0),(599,'21060','Kuala Terengganu',16,1,0),(600,'21070','Kuala Terengganu',16,1,0),(601,'21080','Kuala Terengganu',16,1,0),(602,'21090','Kuala Terengganu',16,1,0),(603,'21100','Kuala Terengganu',16,1,0),(604,'21109','Kuala Terengganu',16,1,0),(605,'21200','Kuala Terengganu',16,1,0),(606,'21209','Kuala Terengganu',16,1,0),(607,'21210','Kuala Terengganu',16,1,0),(608,'21220','Kuala Terengganu',16,1,0),(609,'21300','Kuala Terengganu',16,1,0),(610,'21309','Kuala Terengganu',16,1,0),(611,'21400','Bukit Payong',16,1,0),(612,'21450','Chalok',16,1,0),(613,'21500','Sungai Tong',16,1,0),(614,'21600','Marang',16,1,0),(615,'21610','Marang',16,1,0),(616,'21700','Kuala Berang',16,1,0),(617,'21800','Ajil',16,1,0),(618,'21810','Ajil',16,1,0),(619,'21820','Ajil',16,1,0),(620,'22000','Jerteh',16,1,0),(621,'22010','Jerteh',16,1,0),(622,'22020','Jerteh',16,1,0),(623,'22100','Permaisuri',16,1,0),(624,'22107','Permaisuri',16,1,0),(625,'22109','Permaisuri',16,1,0),(626,'22110','Permaisuri',16,1,0),(627,'22120','Permaisuri',16,1,0),(628,'22200','Kampung Raja',16,1,0),(629,'22300','Kuala Besut',16,1,0),(630,'22307','Kuala Besut',16,1,0),(631,'22309','Kuala Besut',16,1,0),(632,'23000','Dungun',16,1,0),(633,'23007','Dungun',16,1,0),(634,'23009','Dungun',16,1,0),(635,'23050','Dungun',16,1,0),(636,'23100','Paka',16,1,0),(637,'23200','Bukit Besi',16,1,0),(638,'23300','Ketengah Jaya',16,1,0),(639,'23400','Al Muktatfi Billah Shah',16,1,0),(640,'24000','Cukai',16,1,0),(641,'24007','Cukai',16,1,0),(642,'24009','Cukai',16,1,0),(643,'24050','Ayer Puteh',16,1,0),(644,'24060','Ceneh',16,1,0),(645,'24100','Kijal',16,1,0),(646,'24107','Kijal',16,1,0),(647,'24109','Kijal',16,1,0),(648,'24200','Kemasek',16,1,0),(649,'24207','Kemasek',16,1,0),(650,'24209','Kemasek',16,1,0),(651,'24300','Kerteh',16,1,0),(652,'25000','Kuantan',8,1,0),(653,'25050','Kuantan',8,1,0),(654,'25100','Kuantan',8,1,0),(655,'25150','Kuantan',8,1,0),(656,'25200','Kuantan',8,1,0),(657,'25250','Kuantan',8,1,0),(658,'25300','Kuantan',8,1,0),(659,'25350','Kuantan',8,1,0),(660,'25500','Kuantan',8,1,0),(661,'25502','Kuantan',8,1,0),(662,'25503','Kuantan',8,1,0),(663,'25504','Kuantan',8,1,0),(664,'25505','Kuantan',8,1,0),(665,'25506','Kuantan',8,1,0),(666,'25508','Kuantan',8,1,0),(667,'25509','Kuantan',8,1,0),(668,'25512','Kuantan',8,1,0),(669,'25514','Kuantan',8,1,0),(670,'25516','Kuantan',8,1,0),(671,'25517','Kuantan',8,1,0),(672,'25518','Kuantan',8,1,0),(673,'25520','Kuantan',8,1,0),(674,'25524','Kuantan',8,1,0),(675,'25529','Kuantan',8,1,0),(676,'25532','Kuantan',8,1,0),(677,'25534','Kuantan',8,1,0),(678,'25536','Kuantan',8,1,0),(679,'25538','Kuantan',8,1,0),(680,'25540','Kuantan',8,1,0),(681,'25546','Kuantan',8,1,0),(682,'25548','Kuantan',8,1,0),(683,'25550','Kuantan',8,1,0),(684,'25551','Kuantan',8,1,0),(685,'25552','Kuantan',8,1,0),(686,'25556','Kuantan',8,1,0),(687,'25558','Kuantan',8,1,0),(688,'25560','Kuantan',8,1,0),(689,'25564','Kuantan',8,1,0),(690,'25570','Kuantan',8,1,0),(691,'25576','Kuantan',8,1,0),(692,'25578','Kuantan',8,1,0),(693,'25582','Kuantan',8,1,0),(694,'25584','Kuantan',8,1,0),(695,'25586','Kuantan',8,1,0),(696,'25590','Kuantan',8,1,0),(697,'25592','Kuantan',8,1,0),(698,'25594','Kuantan',8,1,0),(699,'25596','Kuantan',8,1,0),(700,'25598','Kuantan',8,1,0),(701,'25600','Kuantan',8,1,0),(702,'25604','Kuantan',8,1,0),(703,'25606','Kuantan',8,1,0),(704,'25608','Kuantan',8,1,0),(705,'25609','Kuantan',8,1,0),(706,'25610','Kuantan',8,1,0),(707,'25612','Kuantan',8,1,0),(708,'25614','Kuantan',8,1,0),(709,'25620','Kuantan',8,1,0),(710,'25622','Kuantan',8,1,0),(711,'25626','Kuantan',8,1,0),(712,'25628','Kuantan',8,1,0),(713,'25630','Kuantan',8,1,0),(714,'25632','Kuantan',8,1,0),(715,'25644','Kuantan',8,1,0),(716,'25646','Kuantan',8,1,0),(717,'25648','Kuantan',8,1,0),(718,'25656','Kuantan',8,1,0),(719,'25660','Kuantan',8,1,0),(720,'25661','Kuantan',8,1,0),(721,'25662','Kuantan',8,1,0),(722,'25670','Kuantan',8,1,0),(723,'25672','Kuantan',8,1,0),(724,'25673','Kuantan',8,1,0),(725,'25674','Kuantan',8,1,0),(726,'25676','Kuantan',8,1,0),(727,'25690','Kuantan',8,1,0),(728,'25700','Kuantan',8,1,0),(729,'25710','Kuantan',8,1,0),(730,'25720','Kuantan',8,1,0),(731,'25730','Kuantan',8,1,0),(732,'25740','Kuantan',8,1,0),(733,'25750','Kuantan',8,1,0),(734,'25990','Kuantan',8,1,0),(735,'26010','Kuantan',8,1,0),(736,'26040','Kuantan',8,1,0),(737,'26050','Bukit Goh',8,1,0),(738,'26060','Kuantan',8,1,0),(739,'26070','Kuantan',8,1,0),(740,'26080','Kuantan',8,1,0),(741,'26090','Bukit Goh',8,1,0),(742,'26100','Kuantan',8,1,0),(743,'26140','Kuantan',8,1,0),(744,'26150','Balok',8,1,0),(745,'26180','Kuantan',8,1,0),(746,'26190','Balok',8,1,0),(747,'26200','Sungai Lembing',8,1,0),(748,'26250','Kuantan',8,1,0),(749,'26300','Gambang',8,1,0),(750,'26310','Gambang',8,1,0),(751,'26320','Gambang',8,1,0),(752,'26330','Gambang',8,1,0),(753,'26340','Gambang',8,1,0),(754,'26350','Gambang',8,1,0),(755,'26360','Gambang',8,1,0),(756,'26370','Gambang',8,1,0),(757,'26400','Bandar Pusat Jengka',8,1,0),(758,'26410','Bandar Pusat Jengka',8,1,0),(759,'26420','Bandar Pusat Jengka',8,1,0),(760,'26430','Bandar Pusat Jengka',8,1,0),(761,'26440','Bandar Pusat Jengka',8,1,0),(762,'26450','Bandar Pusat Jengka',8,1,0),(763,'26460','Bandar Pusat Jengka',8,1,0),(764,'26485','Bandar Pusat Jengka',8,1,0),(765,'26490','Bandar Pusat Jengka',8,1,0),(766,'26500','Maran',8,1,0),(767,'26600','Pekan',8,1,0),(768,'26607','Pekan',8,1,0),(769,'26609','Pekan',8,1,0),(770,'26610','Pekan',8,1,0),(771,'26620','Pekan',8,1,0),(772,'26630','Pekan',8,1,0),(773,'26640','Pekan',8,1,0),(774,'26650','Pekan',8,1,0),(775,'26660','Pekan',8,1,0),(776,'26680','Pekan',8,1,0),(777,'26690','Chini',8,1,0),(778,'26700','Muadzam Shah',8,1,0),(779,'26800','Kuala Rompin',8,1,0),(780,'26810','Kuala Rompin',8,1,0),(781,'26820','Kuala Rompin',8,1,0),(782,'26900','Bandar Tun Abdul Razak',8,1,0),(783,'27000','Jerantut',8,1,0),(784,'27010','Jerantut',8,1,0),(785,'27020','Jerantut',8,1,0),(786,'27030','Damak',8,1,0),(787,'27040','Jerantut',8,1,0),(788,'27050','Jerantut',8,1,0),(789,'27060','Jerantut',8,1,0),(790,'27070','Jerantut',8,1,0),(791,'27090','Jerantut',8,1,0),(792,'27100','Padang Tengku',8,1,0),(793,'27150','Jerantut',8,1,0),(794,'27200','Kuala Lipis',8,1,0),(795,'27207','Kuala Lipis',8,1,0),(796,'27209','Kuala Lipis',8,1,0),(797,'27210','Kuala Lipis',8,1,0),(798,'27300','Benta',8,1,0),(799,'27310','Benta',8,1,0),(800,'27400','Dong',8,1,0),(801,'27600','Raub',8,1,0),(802,'27607','Raub',8,1,0),(803,'27609','Raub',8,1,0),(804,'27610','Raub',8,1,0),(805,'27620','Raub',8,1,0),(806,'27630','Raub',8,1,0),(807,'27650','Sungai Koyan',8,1,0),(808,'27660','Sega',8,1,0),(809,'27670','Raub',8,1,0),(810,'28000','Temerloh',8,1,0),(811,'28007','Temerloh',8,1,0),(812,'28009','Temerloh',8,1,0),(813,'28010','Temerloh',8,1,0),(814,'28020','Temerloh',8,1,0),(815,'28030','Temerloh',8,1,0),(816,'28040','Temerloh',8,1,0),(817,'28050','Kuala Krau',8,1,0),(818,'28100','Chenor',8,1,0),(819,'28200','Triang',8,1,0),(820,'28300','Triang',8,1,0),(821,'28310','Triang',8,1,0),(822,'28320','Triang',8,1,0),(823,'28330','Triang',8,1,0),(824,'28340','Kemayan',8,1,0),(825,'28380','Kemayan',8,1,0),(826,'28400','Mentakab',8,1,0),(827,'28407','Mentakab',8,1,0),(828,'28409','Mentakab',8,1,0),(829,'28500','Lanchang',8,1,0),(830,'28600','Karak',8,1,0),(831,'28610','Karak',8,1,0),(832,'28620','Karak',8,1,0),(833,'28700','Bentong',8,1,0),(834,'28707','Bentong',8,1,0),(835,'28709','Bentong',8,1,0),(836,'28730','Bentong',8,1,0),(837,'28740','Bentong',8,1,0),(838,'28750','Bentong',8,1,0),(839,'28800','Lurah Bilut',8,1,0),(840,'30000','Ipoh',12,1,0),(841,'30010','Ipoh',12,1,0),(842,'30020','Ipoh',12,1,0),(843,'30100','Ipoh',12,1,0),(844,'30200','Ipoh',12,1,0),(845,'30250','Ipoh',12,1,0),(846,'30300','Ipoh',12,1,0),(847,'30350','Ipoh',12,1,0),(848,'30450','Ipoh',12,1,0),(849,'30500','Ipoh',12,1,0),(850,'30502','Ipoh',12,1,0),(851,'30503','Ipoh',12,1,0),(852,'30504','Ipoh',12,1,0),(853,'30505','Ipoh',12,1,0),(854,'30506','Ipoh',12,1,0),(855,'30508','Ipoh',12,1,0),(856,'30510','Ipoh',12,1,0),(857,'30512','Ipoh',12,1,0),(858,'30516','Ipoh',12,1,0),(859,'30517','Ipoh',12,1,0),(860,'30518','Ipoh',12,1,0),(861,'30519','Ipoh',12,1,0),(862,'30520','Ipoh',12,1,0),(863,'30524','Ipoh',12,1,0),(864,'30532','Ipoh',12,1,0),(865,'30534','Ipoh',12,1,0),(866,'30536','Ipoh',12,1,0),(867,'30540','Ipoh',12,1,0),(868,'30542','Ipoh',12,1,0),(869,'30546','Ipoh',12,1,0),(870,'30548','Ipoh',12,1,0),(871,'30550','Ipoh',12,1,0),(872,'30551','Ipoh',12,1,0),(873,'30552','Ipoh',12,1,0),(874,'30554','Ipoh',12,1,0),(875,'30556','Ipoh',12,1,0),(876,'30560','Ipoh',12,1,0),(877,'30564','Ipoh',12,1,0),(878,'30570','Ipoh',12,1,0),(879,'30576','Ipoh',12,1,0),(880,'30580','Ipoh',12,1,0),(881,'30582','Ipoh',12,1,0),(882,'30586','Ipoh',12,1,0),(883,'30590','Ipoh',12,1,0),(884,'30592','Ipoh',12,1,0),(885,'30594','Ipoh',12,1,0),(886,'30596','Ipoh',12,1,0),(887,'30600','Ipoh',12,1,0),(888,'30604','Ipoh',12,1,0),(889,'30606','Ipoh',12,1,0),(890,'30609','Ipoh',12,1,0),(891,'30610','Ipoh',12,1,0),(892,'30612','Ipoh',12,1,0),(893,'30614','Ipoh',12,1,0),(894,'30620','Ipoh',12,1,0),(895,'30621','Ipoh',12,1,0),(896,'30622','Ipoh',12,1,0),(897,'30626','Ipoh',12,1,0),(898,'30628','Ipoh',12,1,0),(899,'30630','Ipoh',12,1,0),(900,'30632','Ipoh',12,1,0),(901,'30634','Ipoh',12,1,0),(902,'30644','Ipoh',12,1,0),(903,'30646','Ipoh',12,1,0),(904,'30648','Ipoh',12,1,0),(905,'30656','Ipoh',12,1,0),(906,'30658','Ipoh',12,1,0),(907,'30660','Ipoh',12,1,0),(908,'30661','Ipoh',12,1,0),(909,'30662','Ipoh',12,1,0),(910,'30664','Ipoh',12,1,0),(911,'30668','Ipoh',12,1,0),(912,'30670','Ipoh',12,1,0),(913,'30673','Ipoh',12,1,0),(914,'30674','Ipoh',12,1,0),(915,'30676','Ipoh',12,1,0),(916,'30682','Ipoh',12,1,0),(917,'30690','Ipoh',12,1,0),(918,'30700','Ipoh',12,1,0),(919,'30710','Ipoh',12,1,0),(920,'30720','Ipoh',12,1,0),(921,'30730','Ipoh',12,1,0),(922,'30740','Ipoh',12,1,0),(923,'30750','Ipoh',12,1,0),(924,'30760','Ipoh',12,1,0),(925,'30770','Ipoh',12,1,0),(926,'30780','Ipoh',12,1,0),(927,'30790','Ipoh',12,1,0),(928,'30800','Ipoh',12,1,0),(929,'30810','Ipoh',12,1,0),(930,'30820','Ipoh',12,1,0),(931,'30830','Ipoh',12,1,0),(932,'30840','Ipoh',12,1,0),(933,'30900','Ipoh',12,1,0),(934,'30902','Ipoh',12,1,0),(935,'30904','Ipoh',12,1,0),(936,'30906','Ipoh',12,1,0),(937,'30908','Ipoh',12,1,0),(938,'30910','Ipoh',12,1,0),(939,'30912','Ipoh',12,1,0),(940,'30988','Ipoh',12,1,0),(941,'30990','Ipoh',12,1,0),(942,'31000','Batu Gajah',12,1,0),(943,'31007','Batu Gajah',12,1,0),(944,'31009','Batu Gajah',12,1,0),(945,'31050','Sungai Siput',12,1,0),(946,'31100','Sungai Siput',12,1,0),(947,'31150','Ulu Kinta',12,1,0),(948,'31200','Chemor',12,1,0),(949,'31250','Tanjong Rambutan',12,1,0),(950,'31300','Kampung Kepayang',12,1,0),(951,'31350','Ipoh',12,1,0),(952,'31400','Ipoh',12,1,0),(953,'31407','Ipoh',12,1,0),(954,'31409','Ipoh',12,1,0),(955,'31450','Ipoh',12,1,0),(956,'31500','Ipoh',12,1,0),(957,'31550','Pusing',12,1,0),(958,'31560','Pusing',12,1,0),(959,'31600','Gopeng',12,1,0),(960,'31610','Gopeng',12,1,0),(961,'31650','Ipoh',12,1,0),(962,'31700','Malim Nawar',12,1,0),(963,'31750','Tronoh',12,1,0),(964,'31800','Tanjong Tualang',12,1,0),(965,'31850','Jeram',12,1,0),(966,'31900','Kampar',12,1,0),(967,'31907','Kampar',12,1,0),(968,'31909','Kampar',12,1,0),(969,'31910','Kampar',12,1,0),(970,'31920','Kampar',12,1,0),(971,'31950','Kampar',12,1,0),(972,'32000','Sitiawan',12,1,0),(973,'32040','Seri Manjong',12,1,0),(974,'32100','TLDM Lumut',12,1,0),(975,'32200','Lumut',12,1,0),(976,'32300','Pangkor',12,1,0),(977,'32400','Ayer Tawar',12,1,0),(978,'32500','Changkat Keruing',12,1,0),(979,'32600','Bota',12,1,0),(980,'32610','Bandar Seri Iskandar',12,1,0),(981,'32700','Bruas',12,1,0),(982,'32800','Parit',12,1,0),(983,'32900','Lambor Kanan',12,1,0),(984,'33000','Kuala Kangsar',12,1,0),(985,'33007','Kuala Kangsar',12,1,0),(986,'33009','Kuala Kangsar',12,1,0),(987,'33010','Kuala Kangsar',12,1,0),(988,'33020','Kuala Kangsar',12,1,0),(989,'33030','Kuala Kangsar',12,1,0),(990,'33040','Kuala Kangsar',12,1,0),(991,'33100','Pengkalan Hulu',12,1,0),(992,'33200','Intan',12,1,0),(993,'33300','Gerik',12,1,0),(994,'33310','Gerik',12,1,0),(995,'33320','Gerik',12,1,0),(996,'33400','Lenggong',12,1,0),(997,'33410','Lenggong',12,1,0),(998,'33420','Lenggong',12,1,0),(999,'33500','Sauk',12,1,0),(1000,'33600','Enggor',12,1,0),(1001,'33700','Padang Rengas',12,1,0),(1002,'33800','Manong',12,1,0),(1003,'34000','Taiping',12,1,0),(1004,'34007','Taiping',12,1,0),(1005,'34008','Taiping',12,1,0),(1006,'34009','Taiping',12,1,0),(1007,'34010','Taiping',12,1,0),(1008,'34020','Taiping',12,1,0),(1009,'34030','Taiping',12,1,0),(1010,'34100','Selama',12,1,0),(1011,'34120','Selama',12,1,0),(1012,'34130','Selama',12,1,0),(1013,'34140','Rantau Panjang',12,1,0),(1014,'34200','Parit Buntar',12,1,0),(1015,'34250','Tanjong Piandang',12,1,0),(1016,'34300','Bagan Serai',12,1,0),(1017,'34310','Bagan Serai',12,1,0),(1018,'34350','Kuala Kurau',12,1,0),(1019,'34400','Simpang Ampat Semanggol',12,1,0),(1020,'34500','Batu Kurau',12,1,0),(1021,'34510','Batu Kurau',12,1,0),(1022,'34520','Batu Kurau',12,1,0),(1023,'34600','Kamunting',12,1,0),(1024,'34650','Kuala Sepetang',12,1,0),(1025,'34700','Simpang',12,1,0),(1026,'34750','Matang',12,1,0),(1027,'34800','Trong',12,1,0),(1028,'34850','Changkat Jering',12,1,0),(1029,'34900','Pantai Remis',12,1,0),(1030,'34950','Bandar Baharu',2,1,0),(1031,'35000','Tapah',12,1,0),(1032,'35007','Tapah',12,1,0),(1033,'35009','Tapah',12,1,0),(1034,'35300','Chenderiang',12,1,0),(1035,'35350','Temoh',12,1,0),(1036,'35400','Tapah Road',12,1,0),(1037,'35500','Bidor',12,1,0),(1038,'35600','Sungkai',12,1,0),(1039,'35700','Trolak',12,1,0),(1040,'35800','Slim River',12,1,0),(1041,'35820','Slim River',12,1,0),(1042,'35900','Tanjong Malim',12,1,0),(1043,'35907','Tanjong Malim',12,1,0),(1044,'35909','Tanjong Malim',12,1,0),(1045,'35910','Tanjong Malim',12,1,0),(1046,'35950','Behrang Stesen',12,1,0),(1047,'36000','Teluk Intan',12,1,0),(1048,'36007','Teluk Intan',12,1,0),(1049,'36008','Teluk Intan',12,1,0),(1050,'36009','Teluk Intan',12,1,0),(1051,'36010','Teluk Intan',12,1,0),(1052,'36020','Teluk Intan',12,1,0),(1053,'36030','Teluk Intan',12,1,0),(1054,'36100','Bagan Datoh',12,1,0),(1055,'36110','Teluk Intan',12,1,0),(1056,'36200','Selekoh',12,1,0),(1057,'36207','Selekoh',12,1,0),(1058,'36209','Selekoh',12,1,0),(1059,'36300','Sungai Sumun',12,1,0),(1060,'36307','Sungai Sumun',12,1,0),(1061,'36309','Sungai Sumun',12,1,0),(1062,'36400','Hutan Melintang',12,1,0),(1063,'36500','Ulu Bernam',12,1,0),(1064,'36600','Chenderong Balai',12,1,0),(1065,'36700','Langkap',12,1,0),(1066,'36750','Chikus',12,1,0),(1067,'36800','Kampung Gajah',12,1,0),(1068,'36810','Kampung Gajah',12,1,0),(1069,'39000','Tanah Rata',8,1,0),(1070,'39007','Tanah Rata',8,1,0),(1071,'39009','Tanah Rata',8,1,0),(1072,'39010','Tanah Rata',8,1,0),(1073,'39100','Brinchang',8,1,0),(1074,'39200','Ringlet',8,1,0),(1075,'40000','Shah Alam',14,1,0),(1076,'40100','Shah Alam',14,1,0),(1077,'40150','Shah Alam',14,1,0),(1078,'40160','Shah Alam',14,1,0),(1079,'40170','Shah Alam',14,1,0),(1080,'40200','Shah Alam',14,1,0),(1081,'40300','Shah Alam',14,1,0),(1082,'40400','Shah Alam',14,1,0),(1083,'40450','Shah Alam',14,1,0),(1084,'40460','Shah Alam',14,1,0),(1085,'40470','Shah Alam',14,1,0),(1086,'40500','Shah Alam',14,1,0),(1087,'40502','Shah Alam',14,1,0),(1088,'40503','Shah Alam',14,1,0),(1089,'40505','Shah Alam',14,1,0),(1090,'40512','Shah Alam',14,1,0),(1091,'40517','Shah Alam',14,1,0),(1092,'40520','Shah Alam',14,1,0),(1093,'40529','Shah Alam',14,1,0),(1094,'40542','Shah Alam',14,1,0),(1095,'40548','Shah Alam',14,1,0),(1096,'40550','Shah Alam',14,1,0),(1097,'40551','Shah Alam',14,1,0),(1098,'40560','Shah Alam',14,1,0),(1099,'40564','Shah Alam',14,1,0),(1100,'40570','Shah Alam',14,1,0),(1101,'40572','Shah Alam',14,1,0),(1102,'40576','Shah Alam',14,1,0),(1103,'40578','Shah Alam',14,1,0),(1104,'40582','Shah Alam',14,1,0),(1105,'40590','Shah Alam',14,1,0),(1106,'40592','Shah Alam',14,1,0),(1107,'40594','Shah Alam',14,1,0),(1108,'40596','Shah Alam',14,1,0),(1109,'40598','Shah Alam',14,1,0),(1110,'40604','Shah Alam',14,1,0),(1111,'40607','Shah Alam',14,1,0),(1112,'40608','Shah Alam',14,1,0),(1113,'40610','Shah Alam',14,1,0),(1114,'40612','Shah Alam',14,1,0),(1115,'40620','Shah Alam',14,1,0),(1116,'40622','Shah Alam',14,1,0),(1117,'40626','Shah Alam',14,1,0),(1118,'40632','Shah Alam',14,1,0),(1119,'40646','Shah Alam',14,1,0),(1120,'40648','Shah Alam',14,1,0),(1121,'40660','Shah Alam',14,1,0),(1122,'40664','Shah Alam',14,1,0),(1123,'40670','Shah Alam',14,1,0),(1124,'40672','Shah Alam',14,1,0),(1125,'40673','Shah Alam',14,1,0),(1126,'40674','Shah Alam',14,1,0),(1127,'40675','Shah Alam',14,1,0),(1128,'40676','Shah Alam',14,1,0),(1129,'40680','Shah Alam',14,1,0),(1130,'40690','Shah Alam',14,1,0),(1131,'40700','Shah Alam',14,1,0),(1132,'40702','Shah Alam',14,1,0),(1133,'40704','Shah Alam',14,1,0),(1134,'40706','Shah Alam',14,1,0),(1135,'40708','Shah Alam',14,1,0),(1136,'40710','Shah Alam',14,1,0),(1137,'40712','Shah Alam',14,1,0),(1138,'40714','Shah Alam',14,1,0),(1139,'40716','Shah Alam',14,1,0),(1140,'40718','Shah Alam',14,1,0),(1141,'40720','Shah Alam',14,1,0),(1142,'40722','Shah Alam',14,1,0),(1143,'40724','Shah Alam',14,1,0),(1144,'40726','Shah Alam',14,1,0),(1145,'40728','Shah Alam',14,1,0),(1146,'40730','Shah Alam',14,1,0),(1147,'40732','Shah Alam',14,1,0),(1148,'40800','Shah Alam',14,1,0),(1149,'40802','Shah Alam',14,1,0),(1150,'40804','Shah Alam',14,1,0),(1151,'40806','Shah Alam',14,1,0),(1152,'40808','Shah Alam',14,1,0),(1153,'40810','Shah Alam',14,1,0),(1154,'40990','Shah Alam ',14,1,0),(1155,'41000','Klang',14,1,0),(1156,'41050','Klang',14,1,0),(1157,'41100','Klang',14,1,0),(1158,'41150','Klang',14,1,0),(1159,'41200','Klang',14,1,0),(1160,'41250','Klang',14,1,0),(1161,'41300','Klang',14,1,0),(1162,'41400','Klang',14,1,0),(1163,'41506','Klang',14,1,0),(1164,'41560','Klang',14,1,0),(1165,'41586','Klang',14,1,0),(1166,'41672','Klang',14,1,0),(1167,'41700','Klang',14,1,0),(1168,'41710','Klang',14,1,0),(1169,'41720','Klang',14,1,0),(1170,'41900','Klang',14,1,0),(1171,'41902','Klang',14,1,0),(1172,'41904','Klang',14,1,0),(1173,'41906','Klang',14,1,0),(1174,'41908','Klang',14,1,0),(1175,'41910','Klang',14,1,0),(1176,'41912','Klang',14,1,0),(1177,'41914','Klang',14,1,0),(1178,'41916','Klang',14,1,0),(1179,'41918','Klang',14,1,0),(1180,'41990','Klang',14,1,0),(1181,'42000','Pelabuhan Klang',14,1,0),(1182,'42009','Pelabuhan Klang',14,1,0),(1183,'42100','Klang',14,1,0),(1184,'42200','Kapar',14,1,0),(1185,'42300','Bandar Puncak Alam',14,1,0),(1186,'42425','Telok Panglima Garang',14,1,0),(1187,'42500','Telok Panglima Garang',14,1,0),(1188,'42507','Telok Panglima Garang',14,1,0),(1189,'42509','Telok Panglima Garang',14,1,0),(1190,'42600','Jenjarom',14,1,0),(1191,'42610','Jenjarom',14,1,0),(1192,'42700','Banting',14,1,0),(1193,'42800','Tanjong Sepat',14,1,0),(1194,'42920','Pulau Indah',14,1,0),(1195,'42940','Pulau Ketam',14,1,0),(1196,'42960','Pulau Carey',14,1,0),(1197,'43000','Kajang',14,1,0),(1198,'43007','Kajang',14,1,0),(1199,'43009','Kajang',14,1,0),(1200,'43100','Hulu Langat',14,1,0),(1201,'43200','Cheras',14,1,0),(1202,'43207','Cheras',14,1,0),(1203,'43300','Seri Kembangan',14,1,0),(1204,'43400','Serdang',14,1,0),(1205,'43500','Semenyih',14,1,0),(1206,'43558','Kajang',14,1,0),(1207,'43600','Bandar Baru Bangi',14,1,0),(1208,'43650','Bandar Baru Bangi',14,1,0),(1209,'43700','Beranang',14,1,0),(1210,'43800','Dengkil',14,1,0),(1211,'43807','Dengkil',14,1,0),(1212,'43900','Sepang',14,1,0),(1213,'43950','Sungai Pelek',14,1,0),(1214,'44000','Kuala Kubu Baru',14,1,0),(1215,'44010','Kuala Kubu Baru',14,1,0),(1216,'44020','Kuala Kubu Baru',14,1,0),(1217,'44100','Kerling',14,1,0),(1218,'44110','Kuala Kubu Baru',14,1,0),(1219,'44200','Rasa',14,1,0),(1220,'44300','Batang Kali',14,1,0),(1221,'45000','Kuala Selangor',14,1,0),(1222,'45100','Sungai Ayer Tawar',14,1,0),(1223,'45200','Sabak Bernam',14,1,0),(1224,'45207','Sabak Bernam',14,1,0),(1225,'45209','Sabak Bernam',14,1,0),(1226,'45300','Sungai Besar',14,1,0),(1227,'45400','Sekinchan',14,1,0),(1228,'45500','Tanjong Karang',14,1,0),(1229,'45600','Batang Berjuntai',14,1,0),(1230,'45607','Batang Berjuntai',14,1,0),(1231,'45609','Batang Berjuntai',14,1,0),(1232,'45620','Batang Berjuntai',14,1,0),(1233,'45700','Bukit Rotan',14,1,0),(1234,'45800','Jeram',14,1,0),(1235,'46000','Petaling Jaya',14,1,0),(1236,'46050','Petaling Jaya',14,1,0),(1237,'46100','Petaling Jaya',14,1,0),(1238,'46150','Petaling Jaya',14,1,0),(1239,'46200','Petaling Jaya',14,1,0),(1240,'46300','Petaling Jaya',14,1,0),(1241,'46350','Petaling Jaya',14,1,0),(1242,'46400','Petaling Jaya',14,1,0),(1243,'46506','Petaling Jaya',14,1,0),(1244,'46547','Petaling Jaya',14,1,0),(1245,'46549','Petaling Jaya',14,1,0),(1246,'46551','Petaling Jaya',14,1,0),(1247,'46564','Petaling Jaya',14,1,0),(1248,'46582','Petaling Jaya',14,1,0),(1249,'46598','Petaling Jaya',14,1,0),(1250,'46662','Petaling Jaya',14,1,0),(1251,'46667','Petaling Jaya',14,1,0),(1252,'46668','Petaling Jaya',14,1,0),(1253,'46672','Petaling Jaya',14,1,0),(1254,'46675','Petaling Jaya',14,1,0),(1255,'46700','Petaling Jaya',14,1,0),(1256,'46710','Petaling Jaya',14,1,0),(1257,'46720','Petaling Jaya',14,1,0),(1258,'46730','Petaling Jaya',14,1,0),(1259,'46740','Petaling Jaya',14,1,0),(1260,'46750','Petaling Jaya',14,1,0),(1261,'46760','Petaling Jaya',14,1,0),(1262,'46770','Petaling Jaya',14,1,0),(1263,'46780','Petaling Jaya',14,1,0),(1264,'46781','Petaling Jaya',14,1,0),(1265,'46782','Petaling Jaya',14,1,0),(1266,'46783','Petaling Jaya',14,1,0),(1267,'46784','Petaling Jaya',14,1,0),(1268,'46785','Petaling Jaya',14,1,0),(1269,'46786','Petaling Jaya',14,1,0),(1270,'46787','Petaling Jaya',14,1,0),(1271,'46788','Petaling Jaya',14,1,0),(1272,'46789','Petaling Jaya',14,1,0),(1273,'46790','Petaling Jaya',14,1,0),(1274,'46791','Petaling Jaya',14,1,0),(1275,'46792','Petaling Jaya',14,1,0),(1276,'46793','Petaling Jaya',14,1,0),(1277,'46794','Petaling Jaya',14,1,0),(1278,'46795','Petaling Jaya',14,1,0),(1279,'46796','Petaling Jaya',14,1,0),(1280,'46797','Petaling Jaya',14,1,0),(1281,'46798','Petaling Jaya',14,1,0),(1282,'46799','Petaling Jaya',14,1,0),(1283,'46800','Petaling Jaya',14,1,0),(1284,'46801','Petaling Jaya',14,1,0),(1285,'46802','Petaling Jaya',14,1,0),(1286,'46803','Petaling Jaya',14,1,0),(1287,'46804','Petaling Jaya',14,1,0),(1288,'46805','Petaling Jaya',14,1,0),(1289,'46806','Petaling Jaya',14,1,0),(1290,'46860','Petaling Jaya',14,1,0),(1291,'46870','Petaling Jaya',14,1,0),(1292,'46960','Petaling Jaya',14,1,0),(1293,'46962','Petaling Jaya',14,1,0),(1294,'46964','Petaling Jaya',14,1,0),(1295,'46966','Petaling Jaya',14,1,0),(1296,'46968','Petaling Jaya',14,1,0),(1297,'46970','Petaling Jaya',14,1,0),(1298,'46972','Petaling Jaya',14,1,0),(1299,'46974','Petaling Jaya',14,1,0),(1300,'46976','Petaling Jaya',14,1,0),(1301,'46978','Petaling Jaya',14,1,0),(1302,'47000','Sungai Buloh',14,1,0),(1303,'47100','Puchong',14,1,0),(1304,'47110','Puchong',14,1,0),(1305,'47120','Puchong',14,1,0),(1306,'47130','Puchong',14,1,0),(1307,'47140','Puchong',14,1,0),(1308,'47150','Puchong',14,1,0),(1309,'47160','Puchong',14,1,0),(1310,'47170','Puchong',14,1,0),(1311,'47180','Puchong',14,1,0),(1312,'47190','Puchong',14,1,0),(1313,'47200','Subang Jaya',14,1,0),(1314,'47300','Petaling Jaya',14,1,0),(1315,'47301','Petaling Jaya',14,1,0),(1316,'47307','Petaling Jaya',14,1,0),(1317,'47308','Petaling Jaya',14,1,0),(1318,'47400','Petaling Jaya',14,1,0),(1319,'47410','Petaling Jaya',14,1,0),(1320,'47500','Subang Jaya',14,1,0),(1321,'47507','Subang Jaya',14,1,0),(1322,'47600','Subang Jaya',14,1,0),(1323,'47610','Subang Jaya',14,1,0),(1324,'47620','Subang Jaya',14,1,0),(1325,'47630','Subang Jaya',14,1,0),(1326,'47640','Subang Jaya',14,1,0),(1327,'47650','Subang Jaya',14,1,0),(1328,'47800','Petaling Jaya',14,1,0),(1329,'47810','Petaling Jaya',14,1,0),(1330,'47820','Petaling Jaya',14,1,0),(1331,'47830','Petaling Jaya',14,1,0),(1332,'48000','Rawang',14,1,0),(1333,'48010','Rawang',14,1,0),(1334,'48020','Rawang',14,1,0),(1335,'48050','Rawang',14,1,0),(1336,'48100','Batu Arang',14,1,0),(1337,'48200','Serendah',14,1,0),(1338,'48300','Rawang',14,1,0),(1339,'49000','Bukit Fraser',8,1,0),(1340,'50000','Kuala Lumpur',4,1,0),(1341,'50050','Kuala Lumpur',4,1,0),(1342,'50088','Kuala Lumpur',4,1,0),(1343,'50100','Kuala Lumpur',4,1,0),(1344,'50150','Kuala Lumpur',4,1,0),(1345,'50200','Kuala Lumpur',4,1,0),(1346,'50250','Kuala Lumpur',4,1,0),(1347,'50300','Kuala Lumpur',4,1,0),(1348,'50350','Kuala Lumpur',4,1,0),(1349,'50400','Kuala Lumpur',4,1,0),(1350,'50450','Kuala Lumpur',4,1,0),(1351,'50460','Kuala Lumpur',4,1,0),(1352,'50470','Kuala Lumpur',4,1,0),(1353,'50480','Kuala Lumpur',4,1,0),(1354,'50490','Kuala Lumpur',4,1,0),(1355,'50500','Kuala Lumpur',4,1,0),(1356,'50502','Kuala Lumpur',4,1,0),(1357,'50504','Kuala Lumpur',4,1,0),(1358,'50505','Kuala Lumpur',4,1,0),(1359,'50506','Kuala Lumpur',4,1,0),(1360,'50507','Kuala Lumpur',4,1,0),(1361,'50508','Kuala Lumpur',4,1,0),(1362,'50512','Kuala Lumpur',4,1,0),(1363,'50514','Kuala Lumpur',4,1,0),(1364,'50515','Kuala Lumpur',4,1,0),(1365,'50519','Kuala Lumpur',4,1,0),(1366,'50528','Kuala Lumpur',4,1,0),(1367,'50529','Kuala Lumpur',4,1,0),(1368,'50530','Kuala Lumpur',4,1,0),(1369,'50532','Kuala Lumpur',4,1,0),(1370,'50534','Kuala Lumpur',4,1,0),(1371,'50536','Kuala Lumpur',4,1,0),(1372,'50540','Kuala Lumpur',4,1,0),(1373,'50544','Kuala Lumpur',4,1,0),(1374,'50546','Kuala Lumpur',4,1,0),(1375,'50548','Kuala Lumpur',4,1,0),(1376,'50550','Kuala Lumpur',4,1,0),(1377,'50551','Kuala Lumpur',4,1,0),(1378,'50552','Kuala Lumpur',4,1,0),(1379,'50554','Kuala Lumpur',4,1,0),(1380,'50556','Kuala Lumpur',4,1,0),(1381,'50560','Kuala Lumpur',4,1,0),(1382,'50562','Kuala Lumpur',4,1,0),(1383,'50564','Kuala Lumpur',4,1,0),(1384,'50566','Kuala Lumpur',4,1,0),(1385,'50568','Kuala Lumpur',4,1,0),(1386,'50572','Kuala Lumpur',4,1,0),(1387,'50576','Kuala Lumpur',4,1,0),(1388,'50578','Kuala Lumpur',4,1,0),(1389,'50580','Kuala Lumpur',4,1,0),(1390,'50582','Kuala Lumpur',4,1,0),(1391,'50586','Kuala Lumpur',4,1,0),(1392,'50588','Kuala Lumpur',4,1,0),(1393,'50590','Kuala Lumpur',4,1,0),(1394,'50592','Kuala Lumpur',4,1,0),(1395,'50594','Kuala Lumpur',4,1,0),(1396,'50596','Kuala Lumpur',4,1,0),(1397,'50598','Kuala Lumpur',4,1,0),(1398,'50599','Kuala Lumpur',4,1,0),(1399,'50600','Kuala Lumpur',4,1,0),(1400,'50603','Kuala Lumpur',4,1,0),(1401,'50604','Kuala Lumpur',4,1,0),(1402,'50605','Kuala Lumpur',4,1,0),(1403,'50608','Kuala Lumpur',4,1,0),(1404,'50609','Kuala Lumpur',4,1,0),(1405,'50610','Kuala Lumpur',4,1,0),(1406,'50612','Kuala Lumpur',4,1,0),(1407,'50614','Kuala Lumpur',4,1,0),(1408,'50620','Kuala Lumpur',4,1,0),(1409,'50621','Kuala Lumpur',4,1,0),(1410,'50622','Kuala Lumpur',4,1,0),(1411,'50623','Kuala Lumpur',4,1,0),(1412,'50626','Kuala Lumpur',4,1,0),(1413,'50632','Kuala Lumpur',4,1,0),(1414,'50634','Kuala Lumpur',4,1,0),(1415,'50636','Kuala Lumpur',4,1,0),(1416,'50638','Kuala Lumpur',4,1,0),(1417,'50640','Kuala Lumpur',4,1,0),(1418,'50642','Kuala Lumpur',4,1,0),(1419,'50644','Kuala Lumpur',4,1,0),(1420,'50646','Kuala Lumpur',4,1,0),(1421,'50648','Kuala Lumpur',4,1,0),(1422,'50650','Kuala Lumpur',4,1,0),(1423,'50652','Kuala Lumpur',4,1,0),(1424,'50653','Kuala Lumpur',4,1,0),(1425,'50656','Kuala Lumpur',4,1,0),(1426,'50658','Kuala Lumpur',4,1,0),(1427,'50660','Kuala Lumpur',4,1,0),(1428,'50661','Kuala Lumpur',4,1,0),(1429,'50662','Kuala Lumpur',4,1,0),(1430,'50664','Kuala Lumpur',4,1,0),(1431,'50666','Kuala Lumpur',4,1,0),(1432,'50668','Kuala Lumpur',4,1,0),(1433,'50670','Kuala Lumpur',4,1,0),(1434,'50672','Kuala Lumpur',4,1,0),(1435,'50673','Kuala Lumpur',4,1,0),(1436,'50676','Kuala Lumpur',4,1,0),(1437,'50677','Kuala Lumpur',4,1,0),(1438,'50678','Kuala Lumpur',4,1,0),(1439,'50680','Kuala Lumpur',4,1,0),(1440,'50682','Kuala Lumpur',4,1,0),(1441,'50684','Kuala Lumpur',4,1,0),(1442,'50688','Kuala Lumpur',4,1,0),(1443,'50694','Kuala Lumpur',4,1,0),(1444,'50700','Kuala Lumpur',4,1,0),(1445,'50702','Kuala Lumpur',4,1,0),(1446,'50704','Kuala Lumpur',4,1,0),(1447,'50706','Kuala Lumpur',4,1,0),(1448,'50708','Kuala Lumpur',4,1,0),(1449,'50710','Kuala Lumpur',4,1,0),(1450,'50712','Kuala Lumpur',4,1,0),(1451,'50714','Kuala Lumpur',4,1,0),(1452,'50716','Kuala Lumpur',4,1,0),(1453,'50718','Kuala Lumpur',4,1,0),(1454,'50720','Kuala Lumpur',4,1,0),(1455,'50722','Kuala Lumpur',4,1,0),(1456,'50724','Kuala Lumpur',4,1,0),(1457,'50726','Kuala Lumpur',4,1,0),(1458,'50728','Kuala Lumpur',4,1,0),(1459,'50730','Kuala Lumpur',4,1,0),(1460,'50732','Kuala Lumpur',4,1,0),(1461,'50734','Kuala Lumpur',4,1,0),(1462,'50736','Kuala Lumpur',4,1,0),(1463,'50738','Kuala Lumpur',4,1,0),(1464,'50740','Kuala Lumpur',4,1,0),(1465,'50742','Kuala Lumpur',4,1,0),(1466,'50744','Kuala Lumpur',4,1,0),(1467,'50746','Kuala Lumpur',4,1,0),(1468,'50748','Kuala Lumpur',4,1,0),(1469,'50750','Kuala Lumpur',4,1,0),(1470,'50752','Kuala Lumpur',4,1,0),(1471,'50754','Kuala Lumpur',4,1,0),(1472,'50758','Kuala Lumpur',4,1,0),(1473,'50760','Kuala Lumpur',4,1,0),(1474,'50762','Kuala Lumpur',4,1,0),(1475,'50764','Kuala Lumpur',4,1,0),(1476,'50766','Kuala Lumpur',4,1,0),(1477,'50768','Kuala Lumpur',4,1,0),(1478,'50770','Kuala Lumpur',4,1,0),(1479,'50772','Kuala Lumpur',4,1,0),(1480,'50774','Kuala Lumpur',4,1,0),(1481,'50776','Kuala Lumpur',4,1,0),(1482,'50778','Kuala Lumpur',4,1,0),(1483,'50780','Kuala Lumpur',4,1,0),(1484,'50782','Kuala Lumpur',4,1,0),(1485,'50784','Kuala Lumpur',4,1,0),(1486,'50786','Kuala Lumpur',4,1,0),(1487,'50788','Kuala Lumpur',4,1,0),(1488,'50790','Kuala Lumpur',4,1,0),(1489,'50792','Kuala Lumpur',4,1,0),(1490,'50794','Kuala Lumpur',4,1,0),(1491,'50796','Kuala Lumpur',4,1,0),(1492,'50798','Kuala Lumpur',4,1,0),(1493,'50800','Kuala Lumpur',4,1,0),(1494,'50802','Kuala Lumpur',4,1,0),(1495,'50804','Kuala Lumpur',4,1,0),(1496,'50806','Kuala Lumpur',4,1,0),(1497,'50808','Kuala Lumpur',4,1,0),(1498,'50810','Kuala Lumpur',4,1,0),(1499,'50812','Kuala Lumpur',4,1,0),(1500,'50814','Kuala Lumpur',4,1,0),(1501,'50816','Kuala Lumpur',4,1,0),(1502,'50818','Kuala Lumpur',4,1,0),(1503,'50901','Kuala Lumpur',4,1,0),(1504,'50902','Kuala Lumpur',4,1,0),(1505,'50903','Kuala Lumpur',4,1,0),(1506,'50904','Kuala Lumpur',4,1,0),(1507,'50906','Kuala Lumpur',4,1,0),(1508,'50907','Kuala Lumpur',4,1,0),(1509,'50908','Kuala Lumpur',4,1,0),(1510,'50909','Kuala Lumpur',4,1,0),(1511,'50910','Kuala Lumpur',4,1,0),(1512,'50911','Kuala Lumpur',4,1,0),(1513,'50912','Kuala Lumpur',4,1,0),(1514,'50913','Kuala Lumpur',4,1,0),(1515,'50914','Kuala Lumpur',4,1,0),(1516,'50915','Kuala Lumpur',4,1,0),(1517,'50916','Kuala Lumpur',4,1,0),(1518,'50917','Kuala Lumpur',4,1,0),(1519,'50918','Kuala Lumpur',4,1,0),(1520,'50919','Kuala Lumpur',4,1,0),(1521,'50920','Kuala Lumpur',4,1,0),(1522,'50921','Kuala Lumpur',4,1,0),(1523,'50922','Kuala Lumpur',4,1,0),(1524,'50923','Kuala Lumpur',4,1,0),(1525,'50924','Kuala Lumpur',4,1,0),(1526,'50925','Kuala Lumpur',4,1,0),(1527,'50926','Kuala Lumpur',4,1,0),(1528,'50927','Kuala Lumpur',4,1,0),(1529,'50928','Kuala Lumpur',4,1,0),(1530,'50929','Kuala Lumpur',4,1,0),(1531,'50930','Kuala Lumpur',4,1,0),(1532,'50931','Kuala Lumpur',4,1,0),(1533,'50932','Kuala Lumpur',4,1,0),(1534,'50933','Kuala Lumpur',4,1,0),(1535,'50934','Kuala Lumpur',4,1,0),(1536,'50935','Kuala Lumpur',4,1,0),(1537,'50936','Kuala Lumpur',4,1,0),(1538,'50937','Kuala Lumpur',4,1,0),(1539,'50938','Kuala Lumpur',4,1,0),(1540,'50939','Kuala Lumpur',4,1,0),(1541,'50940','Kuala Lumpur',4,1,0),(1542,'50941','Kuala Lumpur',4,1,0),(1543,'50942','Kuala Lumpur',4,1,0),(1544,'50943','Kuala Lumpur',4,1,0),(1545,'50944','Kuala Lumpur',4,1,0),(1546,'50945','Kuala Lumpur',4,1,0),(1547,'50946','Kuala Lumpur',4,1,0),(1548,'50947','Kuala Lumpur',4,1,0),(1549,'50948','Kuala Lumpur',4,1,0),(1550,'50949','Kuala Lumpur',4,1,0),(1551,'50950','Kuala Lumpur',4,1,0),(1552,'50988','Kuala Lumpur',4,1,0),(1553,'50989','Kuala Lumpur',4,1,0),(1554,'50990','Kuala Lumpur',4,1,0),(1555,'51000','Kuala Lumpur',4,1,0),(1556,'51100','Kuala Lumpur',4,1,0),(1557,'51200','Kuala Lumpur',4,1,0),(1558,'51700','Kuala Lumpur',4,1,0),(1559,'51990','Kuala Lumpur',4,1,0),(1560,'52000','Kuala Lumpur',4,1,0),(1561,'52100','Kuala Lumpur',4,1,0),(1562,'52200','Kuala Lumpur',4,1,0),(1563,'53000','Kuala Lumpur',4,1,0),(1564,'53100','Kuala Lumpur',4,1,0),(1565,'53200','Kuala Lumpur',4,1,0),(1566,'53300','Kuala Lumpur',4,1,0),(1567,'53700','Kuala Lumpur',4,1,0),(1568,'53800','Kuala Lumpur',4,1,0),(1569,'53990','Kuala Lumpur',4,1,0),(1570,'54000','Kuala Lumpur',4,1,0),(1571,'54100','Kuala Lumpur',4,1,0),(1572,'54200','Kuala Lumpur',4,1,0),(1573,'55000','Kuala Lumpur',4,1,0),(1574,'55100','Kuala Lumpur',4,1,0),(1575,'55200','Kuala Lumpur',4,1,0),(1576,'55300','Kuala Lumpur',4,1,0),(1577,'55700','Kuala Lumpur',4,1,0),(1578,'55710','Kuala Lumpur',4,1,0),(1579,'55720','Kuala Lumpur',4,1,0),(1580,'55900','Kuala Lumpur',4,1,0),(1581,'55902','Kuala Lumpur',4,1,0),(1582,'55904','Kuala Lumpur',4,1,0),(1583,'55906','Kuala Lumpur',4,1,0),(1584,'55908','Kuala Lumpur',4,1,0),(1585,'55910','Kuala Lumpur',4,1,0),(1586,'55912','Kuala Lumpur',4,1,0),(1587,'55914','Kuala Lumpur',4,1,0),(1588,'55916','Kuala Lumpur',4,1,0),(1589,'55918','Kuala Lumpur',4,1,0),(1590,'55920','Kuala Lumpur',4,1,0),(1591,'55922','Kuala Lumpur',4,1,0),(1592,'55924','Kuala Lumpur',4,1,0),(1593,'55926','Kuala Lumpur',4,1,0),(1594,'55928','Kuala Lumpur',4,1,0),(1595,'55930','Kuala Lumpur',4,1,0),(1596,'55932','Kuala Lumpur',4,1,0),(1597,'55934','Kuala Lumpur',4,1,0),(1598,'55990','Kuala Lumpur',4,1,0),(1599,'56000','Kuala Lumpur',4,1,0),(1600,'56100','Kuala Lumpur',4,1,0),(1601,'57000','Kuala Lumpur',4,1,0),(1602,'57100','Kuala Lumpur',4,1,0),(1603,'57700','Kuala Lumpur',4,1,0),(1604,'57990','Kuala Lumpur',4,1,0),(1605,'58000','Kuala Lumpur',4,1,0),(1606,'58100','Kuala Lumpur',4,1,0),(1607,'58200','Kuala Lumpur',4,1,0),(1608,'58700','Kuala Lumpur',4,1,0),(1609,'58990','Kuala Lumpur',4,1,0),(1610,'59000','Kuala Lumpur',4,1,0),(1611,'59100','Kuala Lumpur',4,1,0),(1612,'59200','Kuala Lumpur',4,1,0),(1613,'59700','Kuala Lumpur',4,1,0),(1614,'59800','Kuala Lumpur',4,1,0),(1615,'59990','Kuala Lumpur',4,1,0),(1616,'60000','Kuala Lumpur',4,1,0),(1617,'62000','Putrajaya',9,1,0),(1618,'62007','Putrajaya',9,1,0),(1619,'62050','Putrajaya',9,1,0),(1620,'62100','Putrajaya',9,1,0),(1621,'62150','Putrajaya',9,1,0),(1622,'62200','Putrajaya',9,1,0),(1623,'62250','Putrajaya',9,1,0),(1624,'62300','Putrajaya',9,1,0),(1625,'62502','Putrajaya',9,1,0),(1626,'62504','Putrajaya',9,1,0),(1627,'62505','Putrajaya',9,1,0),(1628,'62506','Putrajaya',9,1,0),(1629,'62510','Putrajaya',9,1,0),(1630,'62512','Putrajaya',9,1,0),(1631,'62514','Putrajaya',9,1,0),(1632,'62516','Putrajaya',9,1,0),(1633,'62517','Putrajaya',9,1,0),(1634,'62518','Putrajaya',9,1,0),(1635,'62519','Putrajaya',9,1,0),(1636,'62520','Putrajaya',9,1,0),(1637,'62522','Putrajaya',9,1,0),(1638,'62524','Putrajaya',9,1,0),(1639,'62526','Putrajaya',9,1,0),(1640,'62527','Putrajaya',9,1,0),(1641,'62530','Putrajaya',9,1,0),(1642,'62532','Putrajaya',9,1,0),(1643,'62536','Putrajaya',9,1,0),(1644,'62540','Putrajaya',9,1,0),(1645,'62542','Putrajaya',9,1,0),(1646,'62546','Putrajaya',9,1,0),(1647,'62550','Putrajaya',9,1,0),(1648,'62551','Putrajaya',9,1,0),(1649,'62570','Putrajaya',9,1,0),(1650,'62574','Putrajaya',9,1,0),(1651,'62576','Putrajaya',9,1,0),(1652,'62582','Putrajaya',9,1,0),(1653,'62584','Putrajaya',9,1,0),(1654,'62590','Putrajaya',9,1,0),(1655,'62592','Putrajaya',9,1,0),(1656,'62596','Putrajaya',9,1,0),(1657,'62602','Putrajaya',9,1,0),(1658,'62604','Putrajaya',9,1,0),(1659,'62605','Putrajaya',9,1,0),(1660,'62606','Putrajaya',9,1,0),(1661,'62616','Putrajaya',9,1,0),(1662,'62618','Putrajaya',9,1,0),(1663,'62620','Putrajaya',9,1,0),(1664,'62623','Putrajaya',9,1,0),(1665,'62624','Putrajaya',9,1,0),(1666,'62628','Putrajaya',9,1,0),(1667,'62630','Putrajaya',9,1,0),(1668,'62632','Putrajaya',9,1,0),(1669,'62648','Putrajaya',9,1,0),(1670,'62652','Putrajaya',9,1,0),(1671,'62654','Putrajaya',9,1,0),(1672,'62662','Putrajaya',9,1,0),(1673,'62668','Putrajaya',9,1,0),(1674,'62670','Putrajaya',9,1,0),(1675,'62674','Putrajaya',9,1,0),(1676,'62675','Putrajaya',9,1,0),(1677,'62676','Putrajaya',9,1,0),(1678,'62677','Putrajaya',9,1,0),(1679,'62686','Putrajaya',9,1,0),(1680,'62692','Putrajaya',9,1,0),(1681,'62988','Putrajaya',9,1,0),(1682,'63000','Cyberjaya',14,1,0),(1683,'63100','Cyberjaya',14,1,0),(1684,'63200','Cyberjaya',14,1,0),(1685,'63300','Cyberjaya',14,1,0),(1686,'64000','KLIA',14,1,0),(1687,'68000','Ampang',14,1,0),(1688,'68100','Batu Caves',14,1,0),(1689,'69000','Genting Highlands',8,1,0),(1690,'70000','Seremban',7,1,0),(1691,'70100','Seremban',7,1,0),(1692,'70200','Seremban',7,1,0),(1693,'70300','Seremban',7,1,0),(1694,'70400','Seremban',7,1,0),(1695,'70450','Seremban',7,1,0),(1696,'70500','Seremban',7,1,0),(1697,'70502','Seremban',7,1,0),(1698,'70503','Seremban',7,1,0),(1699,'70504','Seremban',7,1,0),(1700,'70505','Seremban',7,1,0),(1701,'70506','Seremban',7,1,0),(1702,'70508','Seremban',7,1,0),(1703,'70512','Seremban',7,1,0),(1704,'70516','Seremban',7,1,0),(1705,'70517','Seremban',7,1,0),(1706,'70518','Seremban',7,1,0),(1707,'70532','Seremban',7,1,0),(1708,'70534','Seremban',7,1,0),(1709,'70536','Seremban',7,1,0),(1710,'70540','Seremban',7,1,0),(1711,'70546','Seremban',7,1,0),(1712,'70548','Seremban',7,1,0),(1713,'70550','Seremban',7,1,0),(1714,'70551','Seremban',7,1,0),(1715,'70558','Seremban',7,1,0),(1716,'70560','Seremban',7,1,0),(1717,'70564','Seremban',7,1,0),(1718,'70570','Seremban',7,1,0),(1719,'70572','Seremban',7,1,0),(1720,'70576','Seremban',7,1,0),(1721,'70578','Seremban',7,1,0),(1722,'70582','Seremban',7,1,0),(1723,'70586','Seremban',7,1,0),(1724,'70590','Seremban',7,1,0),(1725,'70592','Seremban',7,1,0),(1726,'70594','Seremban',7,1,0),(1727,'70596','Seremban',7,1,0),(1728,'70600','Seremban',7,1,0),(1729,'70604','Seremban',7,1,0),(1730,'70606','Seremban',7,1,0),(1731,'70608','Seremban',7,1,0),(1732,'70609','Seremban',7,1,0),(1733,'70610','Seremban',7,1,0),(1734,'70620','Seremban',7,1,0),(1735,'70626','Seremban',7,1,0),(1736,'70628','Seremban',7,1,0),(1737,'70632','Seremban',7,1,0),(1738,'70634','Seremban',7,1,0),(1739,'70644','Seremban',7,1,0),(1740,'70646','Seremban',7,1,0),(1741,'70648','Seremban',7,1,0),(1742,'70658','Seremban',7,1,0),(1743,'70664','Seremban',7,1,0),(1744,'70670','Seremban',7,1,0),(1745,'70672','Seremban',7,1,0),(1746,'70673','Seremban',7,1,0),(1747,'70674','Seremban',7,1,0),(1748,'70676','Seremban',7,1,0),(1749,'70690','Seremban',7,1,0),(1750,'70700','Seremban',7,1,0),(1751,'70710','Seremban',7,1,0),(1752,'70720','Seremban',7,1,0),(1753,'70730','Seremban',7,1,0),(1754,'70740','Seremban',7,1,0),(1755,'70750','Seremban',7,1,0),(1756,'70990','Seremban',7,1,0),(1757,'71000','Port Dickson',7,1,0),(1758,'71007','Port Dickson',7,1,0),(1759,'71009','Port Dickson',7,1,0),(1760,'71010','Port Dickson',7,1,0),(1761,'71050','Si Rusa',7,1,0),(1762,'71059','Si Rusa',7,1,0),(1763,'71100','Rantau',7,1,0),(1764,'71109','Rantau',7,1,0),(1765,'71150','Linggi',7,1,0),(1766,'71159','Linggi',7,1,0),(1767,'71200','Rantau',7,1,0),(1768,'71209','Rantau',7,1,0),(1769,'71250','Si Rusa',7,1,0),(1770,'71259','Si Rusa',7,1,0),(1771,'71300','Rembau',7,1,0),(1772,'71309','Rembau',7,1,0),(1773,'71350','Kota',7,1,0),(1774,'71359','Kota',7,1,0),(1775,'71400','Rembau',7,1,0),(1776,'71409','Rembau',7,1,0),(1777,'71450','Seremban',7,1,0),(1778,'71459','Seremban',7,1,0),(1779,'71500','Tanjong Ipoh',7,1,0),(1780,'71509','Tanjong Ipoh',7,1,0),(1781,'71550','Tanjong Ipoh',7,1,0),(1782,'71559','Tanjong Ipoh',7,1,0),(1783,'71600','Kuala Klawang',7,1,0),(1784,'71609','Kuala Klawang',7,1,0),(1785,'71650','Kuala Klawang',7,1,0),(1786,'71659','Kuala Klawang',7,1,0),(1787,'71700','Mantin',7,1,0),(1788,'71707','Mantin',7,1,0),(1789,'71709','Mantin',7,1,0),(1790,'71750','Mantin',7,1,0),(1791,'71759','Mantin',7,1,0),(1792,'71760','Bandar Enstek',7,1,0),(1793,'71770','Seremban',7,1,0),(1794,'71800','Nilai',7,1,0),(1795,'71807','Nilai',7,1,0),(1796,'71809','Nilai',7,1,0),(1797,'71900','Labu',7,1,0),(1798,'71907','Labu',7,1,0),(1799,'71909','Labu',7,1,0),(1800,'71950','Seremban',7,1,0),(1801,'71960','Port Dickson',7,1,0),(1802,'72000','Kuala Pilah',7,1,0),(1803,'72007','Kuala Pilah',7,1,0),(1804,'72009','Kuala Pilah',7,1,0),(1805,'72100','Bahau',7,1,0),(1806,'72107','Bahau',7,1,0),(1807,'72109','Bahau',7,1,0),(1808,'72120','Bandar Seri Jempol',7,1,0),(1809,'72127','Bandar Seri Jempol',7,1,0),(1810,'72129','Bandar Seri Jempol',7,1,0),(1811,'72200','Batu Kikir',7,1,0),(1812,'72207','Batu Kikir',7,1,0),(1813,'72209','Batu Kikir',7,1,0),(1814,'72300','Simpang Pertang',7,1,0),(1815,'72307','Simpang Pertang',7,1,0),(1816,'72309','Simpang Pertang',7,1,0),(1817,'72400','Simpang Durian',7,1,0),(1818,'72409','Simpang Durian',7,1,0),(1819,'72500','Kuala Pilah',7,1,0),(1820,'72507','Kuala Pilah',7,1,0),(1821,'72509','Kuala Pilah',7,1,0),(1822,'73000','Tampin',7,1,0),(1823,'73007','Tampin',7,1,0),(1824,'73009','Tampin',7,1,0),(1825,'73100','Johol',7,1,0),(1826,'73109','Johol',7,1,0),(1827,'73200','Gemencheh',7,1,0),(1828,'73207','Gemencheh',7,1,0),(1829,'73209','Gemencheh',7,1,0),(1830,'73300','Gemencheh',7,1,0),(1831,'73309','Gemencheh',7,1,0),(1832,'73400','Gemas',7,1,0),(1833,'73409','Gemas',7,1,0),(1834,'73420','Gemas',7,1,0),(1835,'73430','Pusat Bandar Palong',7,1,0),(1836,'73440','Pusat Bandar Palong',7,1,0),(1837,'73450','Pusat Bandar Palong',7,1,0),(1838,'73460','Pusat Bandar Palong',7,1,0),(1839,'73470','Pusat Bandar Palong',7,1,0),(1840,'73480','Gemas',7,1,0),(1841,'73500','Rompin',7,1,0),(1842,'73507','Rompin',7,1,0),(1843,'73509','Rompin',7,1,0),(1844,'75000','Melaka',6,1,0),(1845,'75050','Melaka',6,1,0),(1846,'75100','Melaka',6,1,0),(1847,'75150','Melaka',6,1,0),(1848,'75200','Melaka',6,1,0),(1849,'75250','Melaka',6,1,0),(1850,'75260','Melaka',6,1,0),(1851,'75300','Melaka',6,1,0),(1852,'75350','Melaka',6,1,0),(1853,'75400','Melaka',6,1,0),(1854,'75450','Ayer Keroh',6,1,0),(1855,'75460','Melaka',6,1,0),(1856,'75500','Melaka',6,1,0),(1857,'75502','Melaka',6,1,0),(1858,'75503','Melaka',6,1,0),(1859,'75504','Melaka',6,1,0),(1860,'75505','Melaka',6,1,0),(1861,'75506','Melaka',6,1,0),(1862,'75508','Melaka',6,1,0),(1863,'75510','Melaka',6,1,0),(1864,'75512','Melaka',6,1,0),(1865,'75514','Melaka',6,1,0),(1866,'75516','Melaka',6,1,0),(1867,'75517','Melaka',6,1,0),(1868,'75518','Melaka',6,1,0),(1869,'75519','Melaka',6,1,0),(1870,'75532','Melaka',6,1,0),(1871,'75536','Melaka',6,1,0),(1872,'75538','Melaka',6,1,0),(1873,'75540','Melaka',6,1,0),(1874,'75542','Melaka',6,1,0),(1875,'75546','Melaka',6,1,0),(1876,'75550','Melaka',6,1,0),(1877,'75551','Melaka',6,1,0),(1878,'75552','Melaka',6,1,0),(1879,'75560','Melaka',6,1,0),(1880,'75564','Melaka',6,1,0),(1881,'75566','Melaka',6,1,0),(1882,'75570','Melaka',6,1,0),(1883,'75572','Melaka',6,1,0),(1884,'75576','Melaka',6,1,0),(1885,'75578','Melaka',6,1,0),(1886,'75582','Melaka',6,1,0),(1887,'75584','Melaka',6,1,0),(1888,'75586','Melaka',6,1,0),(1889,'75590','Melaka',6,1,0),(1890,'75592','Melaka',6,1,0),(1891,'75594','Melaka',6,1,0),(1892,'75596','Melaka',6,1,0),(1893,'75600','Melaka',6,1,0),(1894,'75604','Melaka',6,1,0),(1895,'75606','Melaka',6,1,0),(1896,'75608','Melaka',6,1,0),(1897,'75609','Melaka',6,1,0),(1898,'75610','Melaka',6,1,0),(1899,'75612','Melaka',6,1,0),(1900,'75618','Melaka',6,1,0),(1901,'75620','Melaka',6,1,0),(1902,'75622','Melaka',6,1,0),(1903,'75626','Melaka',6,1,0),(1904,'75628','Melaka',6,1,0),(1905,'75630','Melaka',6,1,0),(1906,'75632','Melaka',6,1,0),(1907,'75646','Melaka',6,1,0),(1908,'75648','Melaka',6,1,0),(1909,'75662','Melaka',6,1,0),(1910,'75670','Melaka',6,1,0),(1911,'75672','Melaka',6,1,0),(1912,'75673','Melaka',6,1,0),(1913,'75674','Melaka',6,1,0),(1914,'75676','Melaka',6,1,0),(1915,'75690','Melaka',6,1,0),(1916,'75700','Melaka',6,1,0),(1917,'75710','Melaka',6,1,0),(1918,'75720','Melaka',6,1,0),(1919,'75730','Melaka',6,1,0),(1920,'75740','Melaka',6,1,0),(1921,'75750','Melaka',6,1,0),(1922,'75760','Melaka',6,1,0),(1923,'75900','Melaka',6,1,0),(1924,'75902','Melaka',6,1,0),(1925,'75904','Melaka',6,1,0),(1926,'75906','Melaka',6,1,0),(1927,'75908','Melaka',6,1,0),(1928,'75910','Melaka',6,1,0),(1929,'75912','Melaka',6,1,0),(1930,'75914','Melaka',6,1,0),(1931,'75916','Melaka',6,1,0),(1932,'75918','Melaka',6,1,0),(1933,'75990','Melaka',6,1,0),(1934,'76100','Durian Tunggal',6,1,0),(1935,'76109','Durian Tunggal',6,1,0),(1936,'76200','Kem Trendak',6,1,0),(1937,'76300','Sungai Udang',6,1,0),(1938,'76400','Tanjong Kling',6,1,0),(1939,'76409','Tanjong Kling',6,1,0),(1940,'76450','Melaka',6,1,0),(1941,'77000','Jasin',6,1,0),(1942,'77007','Jasin',6,1,0),(1943,'77008','Jasin',6,1,0),(1944,'77009','Jasin',6,1,0),(1945,'77100','Asahan',6,1,0),(1946,'77109','Asahan',6,1,0),(1947,'77200','Bemban',6,1,0),(1948,'77300','Merlimau',6,1,0),(1949,'77309','Merlimau',6,1,0),(1950,'77400','Sungai Rambai',6,1,0),(1951,'77409','Sungai Rambai',6,1,0),(1952,'77500','Selandar',6,1,0),(1953,'78000','Alor Gajah',6,1,0),(1954,'78009','Alor Gajah',6,1,0),(1955,'78100','Lubok China',6,1,0),(1956,'78200','Kuala Sungai Baru',6,1,0),(1957,'78300','Masjid Tanah',6,1,0),(1958,'78307','Masjid Tanah',6,1,0),(1959,'78309','Masjid Tanah',6,1,0),(1960,'79000','Nusajaya',1,1,0),(1961,'79100','Nusajaya',1,1,0),(1962,'79150','Nusajaya',1,1,0),(1963,'79200','Nusajaya',1,1,0),(1964,'79250','Nusajaya',1,1,0),(1965,'79502','Nusajaya',1,1,0),(1966,'79503','Nusajaya',1,1,0),(1967,'79504','Nusajaya',1,1,0),(1968,'79505','Nusajaya',1,1,0),(1969,'79511','Nusajaya',1,1,0),(1970,'79513','Nusajaya',1,1,0),(1971,'79514','Nusajaya',1,1,0),(1972,'79517','Nusajaya',1,1,0),(1973,'79518','Nusajaya',1,1,0),(1974,'79520','Nusajaya',1,1,0),(1975,'79521','Nusajaya',1,1,0),(1976,'79523','Nusajaya',1,1,0),(1977,'79532','Nusajaya',1,1,0),(1978,'79538','Nusajaya',1,1,0),(1979,'79540','Nusajaya',1,1,0),(1980,'79546','Nusajaya',1,1,0),(1981,'79548','Nusajaya',1,1,0),(1982,'79550','Nusajaya',1,1,0),(1983,'79552','Nusajaya',1,1,0),(1984,'79555','Nusajaya',1,1,0),(1985,'79570','Nusajaya',1,1,0),(1986,'79575','Nusajaya',1,1,0),(1987,'79576','Nusajaya',1,1,0),(1988,'79592','Nusajaya',1,1,0),(1989,'79601','Nusajaya',1,1,0),(1990,'79603','Nusajaya',1,1,0),(1991,'79605','Nusajaya',1,1,0),(1992,'79606','Nusajaya',1,1,0),(1993,'79612','Nusajaya',1,1,0),(1994,'79626','Nusajaya',1,1,0),(1995,'79630','Nusajaya',1,1,0),(1996,'79632','Nusajaya',1,1,0),(1997,'79646','Nusajaya',1,1,0),(1998,'79658','Nusajaya',1,1,0),(1999,'79660','Nusajaya',1,1,0),(2000,'79680','Nusajaya',1,1,0),(2001,'79681','Nusajaya',1,1,0),(2002,'79683','Nusajaya',1,1,0),(2003,'80000','Johor Bahru',1,1,0),(2004,'80050','Johor Bahru',1,1,0),(2005,'80100','Johor Bahru',1,1,0),(2006,'80150','Johor Bahru',1,1,0),(2007,'80200','Johor Bahru',1,1,0),(2008,'80250','Johor Bahru',1,1,0),(2009,'80300','Johor Bahru',1,1,0),(2010,'80350','Johor Bahru',1,1,0),(2011,'80400','Johor Bahru',1,1,0),(2012,'80500','Johor Bahru',1,1,0),(2013,'80506','Johor Bahru',1,1,0),(2014,'80508','Johor Bahru',1,1,0),(2015,'80516','Johor Bahru',1,1,0),(2016,'80519','Johor Bahru',1,1,0),(2017,'80534','Johor Bahru',1,1,0),(2018,'80536','Johor Bahru',1,1,0),(2019,'80542','Johor Bahru',1,1,0),(2020,'80546','Johor Bahru',1,1,0),(2021,'80558','Johor Bahru',1,1,0),(2022,'80560','Johor Bahru',1,1,0),(2023,'80564','Johor Bahru',1,1,0),(2024,'80568','Johor Bahru',1,1,0),(2025,'80578','Johor Bahru',1,1,0),(2026,'80584','Johor Bahru',1,1,0),(2027,'80586','Johor Bahru',1,1,0),(2028,'80590','Johor Bahru',1,1,0),(2029,'80592','Johor Bahru',1,1,0),(2030,'80594','Johor Bahru',1,1,0),(2031,'80596','Johor Bahru',1,1,0),(2032,'80600','Johor Bahru',1,1,0),(2033,'80604','Johor Bahru',1,1,0),(2034,'80608','Johor Bahru',1,1,0),(2035,'80620','Johor Bahru',1,1,0),(2036,'80622','Johor Bahru',1,1,0),(2037,'80628','Johor Bahru',1,1,0),(2038,'80644','Johor Bahru',1,1,0),(2039,'80648','Johor Bahru',1,1,0),(2040,'80662','Johor Bahru',1,1,0),(2041,'80664','Johor Bahru',1,1,0),(2042,'80668','Johor Bahru',1,1,0),(2043,'80670','Johor Bahru',1,1,0),(2044,'80672','Johor Bahru',1,1,0),(2045,'80673','Johor Bahru',1,1,0),(2046,'80676','Johor Bahru',1,1,0),(2047,'80700','Johor Bahru',1,1,0),(2048,'80710','Johor Bahru',1,1,0),(2049,'80720','Johor Bahru',1,1,0),(2050,'80730','Johor Bahru',1,1,0),(2051,'80900','Johor Bahru',1,1,0),(2052,'80902','Johor Bahru',1,1,0),(2053,'80904','Johor Bahru',1,1,0),(2054,'80906','Johor Bahru',1,1,0),(2055,'80908','Johor Bahru',1,1,0),(2056,'80988','Johor Bahru',1,1,0),(2057,'80990','Johor Bahru',1,1,0),(2058,'81000','Kulai',1,1,0),(2059,'81100','Johor Bahru',1,1,0),(2060,'81200','Johor Bahru',1,1,0),(2061,'81300','Johor Bahru',1,1,0),(2062,'81310','Johor Bahru',1,1,0),(2063,'81400','Senai',1,1,0),(2064,'81440','Bandar Tenggara',1,1,0),(2065,'81450','Gugusan Taib Andak',1,1,0),(2066,'81500','Pekan Nenas',1,1,0),(2067,'81550','Gelang Patah',1,1,0),(2068,'81600','Pengerang',1,1,0),(2069,'81700','Pasir Gudang',1,1,0),(2070,'81750','Masai',1,1,0),(2071,'81800','Ulu Tiram',1,1,0),(2072,'81850','Layang-Layang',1,1,0),(2073,'81900','Kota Tinggi',1,1,0),(2074,'81920','Ayer Tawar 2',1,1,0),(2075,'81930','Bandar Penawar',1,1,0),(2076,'82000','Pontian',1,1,0),(2077,'82100','Ayer Baloi',1,1,0),(2078,'82200','Benut',1,1,0),(2079,'82300','Kukup',1,1,0),(2080,'83000','Batu Pahat',1,1,0),(2081,'83100','Rengit',1,1,0),(2082,'83200','Senggarang',1,1,0),(2083,'83300','Seri Gading',1,1,0),(2084,'83400','Seri Medan',1,1,0),(2085,'83500','Parit Sulong',1,1,0),(2086,'83600','Semerah',1,1,0),(2087,'83700','Yong Peng',1,1,0),(2088,'84000','Muar',1,1,0),(2089,'84150','Parit Jawa',1,1,0),(2090,'84200','Muar',1,1,0),(2091,'84300','Bukit Pasir',1,1,0),(2092,'84400','Sungai Mati',1,1,0),(2093,'84500','Panchor',1,1,0),(2094,'84600','Pagoh',1,1,0),(2095,'84700','Gerisek',1,1,0),(2096,'84800','Bukit Gambir',1,1,0),(2097,'84900','Tangkak',1,1,0),(2098,'85000','Segamat',1,1,0),(2099,'85100','Batu Anam',1,1,0),(2100,'85200','Jementah',1,1,0),(2101,'85300','Labis',1,1,0),(2102,'85400','Chaah',1,1,0),(2103,'86000','Kluang',1,1,0),(2104,'86100','Ayer Hitam',1,1,0),(2105,'86200','Simpang Rengam',1,1,0),(2106,'86300','Rengam',1,1,0),(2107,'86400','Parit Raja',1,1,0),(2108,'86500','Bekok',1,1,0),(2109,'86600','Paloh',1,1,0),(2110,'86700','Kahang',1,1,0),(2111,'86800','Mersing',1,1,0),(2112,'86810','Mersing',1,1,0),(2113,'86900','Endau',1,1,0),(2114,'87000','Labuan',5,1,0),(2115,'87010','Labuan',5,1,0),(2116,'87011','Labuan',5,1,0),(2117,'87012','Labuan',5,1,0),(2118,'87013','Labuan',5,1,0),(2119,'87014','Labuan',5,1,0),(2120,'87015','Labuan',5,1,0),(2121,'87016','Labuan',5,1,0),(2122,'87017','Labuan',5,1,0),(2123,'87018','Labuan',5,1,0),(2124,'87019','Labuan',5,1,0),(2125,'87020','Labuan',5,1,0),(2126,'87021','Labuan',5,1,0),(2127,'87022','Labuan',5,1,0),(2128,'87023','Labuan',5,1,0),(2129,'87024','Labuan',5,1,0),(2130,'87025','Labuan',5,1,0),(2131,'87026','Labuan',5,1,0),(2132,'87027','Labuan',5,1,0),(2133,'87028','Labuan',5,1,0),(2134,'87029','Labuan',5,1,0),(2135,'87030','Labuan',5,1,0),(2136,'87031','Labuan',5,1,0),(2137,'87032','Labuan',5,1,0),(2138,'87033','Labuan',5,1,0),(2139,'88000','Kota Kinabalu',13,1,0),(2140,'88100','Kota Kinabalu',13,1,0),(2141,'88200','Kota Kinabalu',13,1,0),(2142,'88300','Kota Kinabalu',13,1,0),(2143,'88400','Kota Kinabalu',13,1,0),(2144,'88450','Kota Kinabalu',13,1,0),(2145,'88460','Kota Kinabalu',13,1,0),(2146,'88500','Kota Kinabalu',13,1,0),(2147,'88502','Kota Kinabalu',13,1,0),(2148,'88504','Kota Kinabalu',13,1,0),(2149,'88505','Kota Kinabalu',13,1,0),(2150,'88506','Kota Kinabalu',13,1,0),(2151,'88508','Kota Kinabalu',13,1,0),(2152,'88510','Kota Kinabalu',13,1,0),(2153,'88512','Kota Kinabalu',13,1,0),(2154,'88514','Kota Kinabalu',13,1,0),(2155,'88516','Kota Kinabalu',13,1,0),(2156,'88518','Kota Kinabalu',13,1,0),(2157,'88520','Kota Kinabalu',13,1,0),(2158,'88526','Kota Kinabalu',13,1,0),(2159,'88527','Kota Kinabalu',13,1,0),(2160,'88532','Kota Kinabalu',13,1,0),(2161,'88534','Kota Kinabalu',13,1,0),(2162,'88538','Kota Kinabalu',13,1,0),(2163,'88540','Kota Kinabalu',13,1,0),(2164,'88546','Kota Kinabalu',13,1,0),(2165,'88550','Kota Kinabalu',13,1,0),(2166,'88551','Kota Kinabalu',13,1,0),(2167,'88552','Kota Kinabalu',13,1,0),(2168,'88554','Kota Kinabalu',13,1,0),(2169,'88556','Kota Kinabalu',13,1,0),(2170,'88558','Kota Kinabalu',13,1,0),(2171,'88560','Kota Kinabalu',13,1,0),(2172,'88562','Kota Kinabalu',13,1,0),(2173,'88564','Kota Kinabalu',13,1,0),(2174,'88566','Kota Kinabalu',13,1,0),(2175,'88568','Kota Kinabalu',13,1,0),(2176,'88570','Kota Kinabalu',13,1,0),(2177,'88572','Kota Kinabalu',13,1,0),(2178,'88576','Kota Kinabalu',13,1,0),(2179,'88580','Kota Kinabalu',13,1,0),(2180,'88582','Kota Kinabalu',13,1,0),(2181,'88586','Kota Kinabalu',13,1,0),(2182,'88590','Kota Kinabalu',13,1,0),(2183,'88592','Kota Kinabalu',13,1,0),(2184,'88594','Kota Kinabalu',13,1,0),(2185,'88596','Kota Kinabalu',13,1,0),(2186,'88598','Kota Kinabalu',13,1,0),(2187,'88600','Kota Kinabalu',13,1,0),(2188,'88602','Kota Kinabalu',13,1,0),(2189,'88604','Kota Kinabalu',13,1,0),(2190,'88606','Kota Kinabalu',13,1,0),(2191,'88608','Kota Kinabalu',13,1,0),(2192,'88609','Kota Kinabalu',13,1,0),(2193,'88610','Kota Kinabalu',13,1,0),(2194,'88612','Kota Kinabalu',13,1,0),(2195,'88614','Kota Kinabalu',13,1,0),(2196,'88617','Kota Kinabalu',13,1,0),(2197,'88618','Kota Kinabalu',13,1,0),(2198,'88620','Kota Kinabalu',13,1,0),(2199,'88621','Kota Kinabalu',13,1,0),(2200,'88622','Kota Kinabalu',13,1,0),(2201,'88624','Kota Kinabalu',13,1,0),(2202,'88626','Kota Kinabalu',13,1,0),(2203,'88628','Kota Kinabalu',13,1,0),(2204,'88630','Kota Kinabalu',13,1,0),(2205,'88632','Kota Kinabalu',13,1,0),(2206,'88634','Kota Kinabalu',13,1,0),(2207,'88644','Kota Kinabalu',13,1,0),(2208,'88646','Kota Kinabalu',13,1,0),(2209,'88648','Kota Kinabalu',13,1,0),(2210,'88656','Kota Kinabalu',13,1,0),(2211,'88658','Kota Kinabalu',13,1,0),(2212,'88660','Kota Kinabalu',13,1,0),(2213,'88661','Kota Kinabalu',13,1,0),(2214,'88662','Kota Kinabalu',13,1,0),(2215,'88670','Kota Kinabalu',13,1,0),(2216,'88672','Kota Kinabalu',13,1,0),(2217,'88673','Kota Kinabalu',13,1,0),(2218,'88675','Kota Kinabalu',13,1,0),(2219,'88676','Kota Kinabalu',13,1,0),(2220,'88680','Kota Kinabalu',13,1,0),(2221,'88690','Kota Kinabalu',13,1,0),(2222,'88700','Beverly',13,1,0),(2223,'88721','Putatan',13,1,0),(2224,'88722','Putatan',13,1,0),(2225,'88723','Putatan',13,1,0),(2226,'88724','Putatan',13,1,0),(2227,'88725','Putatan',13,1,0),(2228,'88757','Kota Kinabalu',13,1,0),(2229,'88758','Kota Kinabalu',13,1,0),(2230,'88759','Kota Kinabalu',13,1,0),(2231,'88760','Kota Kinabalu',13,1,0),(2232,'88761','Kota Kinabalu',13,1,0),(2233,'88762','Kota Kinabalu',13,1,0),(2234,'88763','Kota Kinabalu',13,1,0),(2235,'88764','Kota Kinabalu',13,1,0),(2236,'88765','Kota Kinabalu',13,1,0),(2237,'88766','Kota Kinabalu',13,1,0),(2238,'88767','Kota Kinabalu',13,1,0),(2239,'88768','Kota Kinabalu',13,1,0),(2240,'88769','Kota Kinabalu',13,1,0),(2241,'88770','Kota Kinabalu',13,1,0),(2242,'88771','Kota Kinabalu',13,1,0),(2243,'88772','Kota Kinabalu',13,1,0),(2244,'88773','Kota Kinabalu',13,1,0),(2245,'88774','Kota Kinabalu',13,1,0),(2246,'88775','Kota Kinabalu',13,1,0),(2247,'88776','Kota Kinabalu',13,1,0),(2248,'88777','Kota Kinabalu',13,1,0),(2249,'88778','Kota Kinabalu',13,1,0),(2250,'88779','Kota Kinabalu',13,1,0),(2251,'88780','Kota Kinabalu',13,1,0),(2252,'88781','Kota Kinabalu',13,1,0),(2253,'88782','Kota Kinabalu',13,1,0),(2254,'88783','Kota Kinabalu',13,1,0),(2255,'88784','Kota Kinabalu',13,1,0),(2256,'88785','Kota Kinabalu',13,1,0),(2257,'88786','Kota Kinabalu',13,1,0),(2258,'88787','Kota Kinabalu',13,1,0),(2259,'88788','Kota Kinabalu',13,1,0),(2260,'88789','Kota Kinabalu',13,1,0),(2261,'88790','Kota Kinabalu',13,1,0),(2262,'88800','Kota Kinabalu',13,1,0),(2263,'88801','Kota Kinabalu',13,1,0),(2264,'88802','Kota Kinabalu',13,1,0),(2265,'88803','Kota Kinabalu',13,1,0),(2266,'88804','Kota Kinabalu',13,1,0),(2267,'88805','Kota Kinabalu',13,1,0),(2268,'88806','Kota Kinabalu',13,1,0),(2269,'88807','Kota Kinabalu',13,1,0),(2270,'88808','Kota Kinabalu',13,1,0),(2271,'88809','Kota Kinabalu',13,1,0),(2272,'88810','Kota Kinabalu',13,1,0),(2273,'88811','Kota Kinabalu',13,1,0),(2274,'88812','Kota Kinabalu',13,1,0),(2275,'88813','Kota Kinabalu',13,1,0),(2276,'88814','Kota Kinabalu',13,1,0),(2277,'88815','Kota Kinabalu',13,1,0),(2278,'88816','Kota Kinabalu',13,1,0),(2279,'88817','Kota Kinabalu',13,1,0),(2280,'88818','Kota Kinabalu',13,1,0),(2281,'88819','Kota Kinabalu',13,1,0),(2282,'88820','Kota Kinabalu',13,1,0),(2283,'88821','Kota Kinabalu',13,1,0),(2284,'88822','Kota Kinabalu',13,1,0),(2285,'88823','Kota Kinabalu',13,1,0),(2286,'88824','Kota Kinabalu',13,1,0),(2287,'88825','Kota Kinabalu',13,1,0),(2288,'88826','Kota Kinabalu',13,1,0),(2289,'88827','Kota Kinabalu',13,1,0),(2290,'88828','Kota Kinabalu',13,1,0),(2291,'88829','Kota Kinabalu',13,1,0),(2292,'88830','Kota Kinabalu',13,1,0),(2293,'88831','Kota Kinabalu',13,1,0),(2294,'88832','Kota Kinabalu',13,1,0),(2295,'88833','Kota Kinabalu',13,1,0),(2296,'88834','Kota Kinabalu',13,1,0),(2297,'88835','Kota Kinabalu',13,1,0),(2298,'88836','Kota Kinabalu',13,1,0),(2299,'88837','Kota Kinabalu',13,1,0),(2300,'88838','Kota Kinabalu',13,1,0),(2301,'88839','Kota Kinabalu',13,1,0),(2302,'88840','Kota Kinabalu',13,1,0),(2303,'88841','Kota Kinabalu',13,1,0),(2304,'88842','Kota Kinabalu',13,1,0),(2305,'88843','Kota Kinabalu',13,1,0),(2306,'88844','Kota Kinabalu',13,1,0),(2307,'88845','Kota Kinabalu',13,1,0),(2308,'88846','Kota Kinabalu',13,1,0),(2309,'88847','Kota Kinabalu',13,1,0),(2310,'88848','Kota Kinabalu',13,1,0),(2311,'88849','Kota Kinabalu',13,1,0),(2312,'88850','Kota Kinabalu',13,1,0),(2313,'88851','Kota Kinabalu',13,1,0),(2314,'88852','Kota Kinabalu',13,1,0),(2315,'88853','Kota Kinabalu',13,1,0),(2316,'88854','Kota Kinabalu',13,1,0),(2317,'88855','Kota Kinabalu',13,1,0),(2318,'88856','Likas',13,1,0),(2319,'88857','Inanam',13,1,0),(2320,'88858','Tanjung Aru',13,1,0),(2321,'88860','Kota Kinabalu',13,1,0),(2322,'88861','Kota Kinabalu',13,1,0),(2323,'88862','Kota Kinabalu',13,1,0),(2324,'88863','Kota Kinabalu',13,1,0),(2325,'88865','Kota Kinabalu',13,1,0),(2326,'88866','Kota Kinabalu',13,1,0),(2327,'88867','Kota Kinabalu',13,1,0),(2328,'88868','Kota Kinabalu',13,1,0),(2329,'88869','Kota Kinabalu',13,1,0),(2330,'88870','Kota Kinabalu',13,1,0),(2331,'88871','Kota Kinabalu',13,1,0),(2332,'88872','Kota Kinabalu',13,1,0),(2333,'88873','Kota Kinabalu',13,1,0),(2334,'88874','Kota Kinabalu',13,1,0),(2335,'88875','Kota Kinabalu',13,1,0),(2336,'88900','Kota Kinabalu',13,1,0),(2337,'88901','Kota Kinabalu',13,1,0),(2338,'88902','Kota Kinabalu',13,1,0),(2339,'88903','Kota Kinabalu',13,1,0),(2340,'88904','Kota Kinabalu',13,1,0),(2341,'88905','Kota Kinabalu',13,1,0),(2342,'88906','Kota Kinabalu',13,1,0),(2343,'88988','Kota Kinabalu',13,1,0),(2344,'88990','Kota Kinabalu',13,1,0),(2345,'88991','Kota Kinabalu',13,1,0),(2346,'88992','Kota Kinabalu',13,1,0),(2347,'88993','Kota Kinabalu',13,1,0),(2348,'88994','Kota Kinabalu',13,1,0),(2349,'88995','Kota Kinabalu',13,1,0),(2350,'88996','Kota Kinabalu',13,1,0),(2351,'88997','Kota Kinabalu',13,1,0),(2352,'88998','Kota Kinabalu',13,1,0),(2353,'88999','Kota Kinabalu',13,1,0),(2354,'89000','Keningau',13,1,0),(2355,'89007','Keningau',13,1,0),(2356,'89008','Keningau',13,1,0),(2357,'89009','Keningau',13,1,0),(2358,'89050','Kudat',13,1,0),(2359,'89057','Kudat',13,1,0),(2360,'89058','Kudat',13,1,0),(2361,'89059','Kudat',13,1,0),(2362,'89100','Kota Marudu',13,1,0),(2363,'89107','Kota Marudu',13,1,0),(2364,'89108','Kota Marudu',13,1,0),(2365,'89109','Kota Marudu',13,1,0),(2366,'89150','Kota Belud',13,1,0),(2367,'89157','Kota Belud',13,1,0),(2368,'89158','Kota Belud',13,1,0),(2369,'89159','Kota Belud',13,1,0),(2370,'89200','Tuaran',13,1,0),(2371,'89207','Tuaran',13,1,0),(2372,'89208','Tuaran',13,1,0),(2373,'89209','Tuaran',13,1,0),(2374,'89250','Tamparuli',13,1,0),(2375,'89257','Tamparuli',13,1,0),(2376,'89258','Tamparuli',13,1,0),(2377,'89259','Tamparuli',13,1,0),(2378,'89260','Beverly',13,1,0),(2379,'89300','Ranau',13,1,0),(2380,'89307','Ranau',13,1,0),(2381,'89308','Ranau',13,1,0),(2382,'89309','Ranau',13,1,0),(2383,'89500','Penampang',13,1,0),(2384,'89507','Penampang',13,1,0),(2385,'89508','Penampang',13,1,0),(2386,'89509','Penampang',13,1,0),(2387,'89600','Papar',13,1,0),(2388,'89607','Papar',13,1,0),(2389,'89608','Papar',13,1,0),(2390,'89609','Papar',13,1,0),(2391,'89650','Tambunan',13,1,0),(2392,'89657','Tambunan',13,1,0),(2393,'89658','Tambunan',13,1,0),(2394,'89659','Tambunan',13,1,0),(2395,'89700','Bongawan',13,1,0),(2396,'89707','Bongawan',13,1,0),(2397,'89708','Bongawan',13,1,0),(2398,'89709','Bongawan',13,1,0),(2399,'89720','Membakut',13,1,0),(2400,'89727','Membakut',13,1,0),(2401,'89728','Membakut',13,1,0),(2402,'89729','Membakut',13,1,0),(2403,'89740','Kuala Penyu',13,1,0),(2404,'89747','Kuala Penyu',13,1,0),(2405,'89748','Kuala Penyu',13,1,0),(2406,'89749','Kuala Penyu',13,1,0),(2407,'89760','Menumbok',13,1,0),(2408,'89767','Menumbok',13,1,0),(2409,'89768','Menumbok',13,1,0),(2410,'89769','Menumbok',13,1,0),(2411,'89800','Beaufort',13,1,0),(2412,'89807','Beaufort',13,1,0),(2413,'89808','Beaufort',13,1,0),(2414,'89809','Beaufort',13,1,0),(2415,'89850','Sipitang',13,1,0),(2416,'89857','Sipitang',13,1,0),(2417,'89858','Sipitang',13,1,0),(2418,'89859','Sipitang',13,1,0),(2419,'89900','Tenom',13,1,0),(2420,'89907','Tenom',13,1,0),(2421,'89908','Tenom',13,1,0),(2422,'89909','Tenom',13,1,0),(2423,'89950','Nabawan',13,1,0),(2424,'89957','Nabawan',13,1,0),(2425,'89958','Nabawan',13,1,0),(2426,'89959','Nabawan',13,1,0),(2427,'90000','Sandakan',13,1,0),(2428,'90009','Sandakan',13,1,0),(2429,'90100','Beluran',13,1,0),(2430,'90107','Beluran',13,1,0),(2431,'90109','Beluran',13,1,0),(2432,'90200','Kota Kinabatangan',13,1,0),(2433,'90300','Sandakan',13,1,0),(2434,'90307','Sandakan',13,1,0),(2435,'90400','Pamol',13,1,0),(2436,'90700','Sandakan',13,1,0),(2437,'90701','Sandakan',13,1,0),(2438,'90702','Sandakan',13,1,0),(2439,'90703','Sandakan',13,1,0),(2440,'90704','Sandakan',13,1,0),(2441,'90705','Sandakan',13,1,0),(2442,'90706','Sandakan',13,1,0),(2443,'90707','Sandakan',13,1,0),(2444,'90708','Sandakan',13,1,0),(2445,'90709','Sandakan',13,1,0),(2446,'90711','Sandakan',13,1,0),(2447,'90712','Sandakan',13,1,0),(2448,'90713','Sandakan',13,1,0),(2449,'90714','Sandakan',13,1,0),(2450,'90715','Sandakan',13,1,0),(2451,'90716','Sandakan',13,1,0),(2452,'90717','Sandakan',13,1,0),(2453,'90718','Sandakan',13,1,0),(2454,'90719','Sandakan',13,1,0),(2455,'90720','Sandakan',13,1,0),(2456,'90721','Sandakan',13,1,0),(2457,'90722','Sandakan',13,1,0),(2458,'90723','Sandakan',13,1,0),(2459,'90724','Sandakan',13,1,0),(2460,'90725','Sandakan',13,1,0),(2461,'90726','Sandakan',13,1,0),(2462,'90727','Sandakan',13,1,0),(2463,'90728','Sandakan',13,1,0),(2464,'90729','Sandakan',13,1,0),(2465,'90730','Sandakan',13,1,0),(2466,'90731','Sandakan',13,1,0),(2467,'90732','Sandakan',13,1,0),(2468,'90733','Sandakan',13,1,0),(2469,'90734','Sandakan',13,1,0),(2470,'90735','Sandakan',13,1,0),(2471,'90736','Sandakan',13,1,0),(2472,'90737','Sandakan',13,1,0),(2473,'90738','Sandakan',13,1,0),(2474,'90739','Sandakan',13,1,0),(2475,'90740','Sandakan',13,1,0),(2476,'90741','Sandakan',13,1,0),(2477,'91000','Tawau',13,1,0),(2478,'91007','Tawau',13,1,0),(2479,'91008','Tawau',13,1,0),(2480,'91009','Tawau',13,1,0),(2481,'91010','Tawau',13,1,0),(2482,'91011','Tawau',13,1,0),(2483,'91012','Tawau',13,1,0),(2484,'91013','Tawau',13,1,0),(2485,'91014','Tawau',13,1,0),(2486,'91015','Tawau',13,1,0),(2487,'91016','Tawau',13,1,0),(2488,'91017','Tawau',13,1,0),(2489,'91018','Tawau',13,1,0),(2490,'91019','Tawau',13,1,0),(2491,'91020','Tawau',13,1,0),(2492,'91021','Tawau',13,1,0),(2493,'91022','Tawau',13,1,0),(2494,'91023','Tawau',13,1,0),(2495,'91024','Tawau',13,1,0),(2496,'91025','Tawau',13,1,0),(2497,'91026','Tawau',13,1,0),(2498,'91027','Tawau',13,1,0),(2499,'91028','Tawau',13,1,0),(2500,'91029','Tawau',13,1,0),(2501,'91030','Tawau',13,1,0),(2502,'91031','Tawau',13,1,0),(2503,'91032','Tawau',13,1,0),(2504,'91033','Tawau',13,1,0),(2505,'91034','Tawau',13,1,0),(2506,'91035','Tawau',13,1,0),(2507,'91100','Lahad Datu',13,1,0),(2508,'91109','Lahad Datu',13,1,0),(2509,'91110','Lahad Datu',13,1,0),(2510,'91111','Lahad Datu',13,1,0),(2511,'91112','Lahad Datu',13,1,0),(2512,'91113','Lahad Datu',13,1,0),(2513,'91114','Lahad Datu',13,1,0),(2514,'91115','Lahad Datu',13,1,0),(2515,'91116','Lahad Datu',13,1,0),(2516,'91117','Lahad Datu',13,1,0),(2517,'91118','Lahad Datu',13,1,0),(2518,'91119','Lahad Datu',13,1,0),(2519,'91120','Lahad Datu',13,1,0),(2520,'91121','Lahad Datu',13,1,0),(2521,'91122','Lahad Datu',13,1,0),(2522,'91123','Lahad Datu',13,1,0),(2523,'91124','Lahad Datu',13,1,0),(2524,'91125','Lahad Datu',13,1,0),(2525,'91126','Lahad Datu',13,1,0),(2526,'91127','Lahad Datu',13,1,0),(2527,'91128','Lahad Datu',13,1,0),(2528,'91150','Lahad Datu',13,1,0),(2529,'91200','Kunak',13,1,0),(2530,'91207','Kunak',13,1,0),(2531,'91209','Kunak',13,1,0),(2532,'91300','Semporna',13,1,0),(2533,'91307','Semporna',13,1,0),(2534,'91308','Semporna',13,1,0),(2535,'91309','Semporna',13,1,0),(2536,'93000','Kuching',15,1,0),(2537,'93010','Kuching',15,1,0),(2538,'93050','Kuching',15,1,0),(2539,'93100','Kuching',15,1,0),(2540,'93150','Kuching',15,1,0),(2541,'93200','Kuching',15,1,0),(2542,'93250','Kuching',15,1,0),(2543,'93300','Kuching',15,1,0),(2544,'93350','Kuching',15,1,0),(2545,'93400','Kuching',15,1,0),(2546,'93450','Kuching',15,1,0),(2547,'93500','Kuching',15,1,0),(2548,'93502','Kuching',15,1,0),(2549,'93503','Kuching',15,1,0),(2550,'93504','Kuching',15,1,0),(2551,'93505','Kuching',15,1,0),(2552,'93506','Kuching',15,1,0),(2553,'93507','Kuching',15,1,0),(2554,'93508','Kuching',15,1,0),(2555,'93514','Kuching',15,1,0),(2556,'93516','Kuching',15,1,0),(2557,'93517','Kuching',15,1,0),(2558,'93518','Kuching',15,1,0),(2559,'93519','Kuching',15,1,0),(2560,'93520','Kuching',15,1,0),(2561,'93527','Kuching',15,1,0),(2562,'93529','Kuching',15,1,0),(2563,'93532','Kuching',15,1,0),(2564,'93540','Kuching',15,1,0),(2565,'93550','Kuching',15,1,0),(2566,'93551','Kuching',15,1,0),(2567,'93552','Kuching',15,1,0),(2568,'93554','Kuching',15,1,0),(2569,'93556','Kuching',15,1,0),(2570,'93558','Kuching',15,1,0),(2571,'93560','Kuching',15,1,0),(2572,'93564','Kuching',15,1,0),(2573,'93566','Kuching',15,1,0),(2574,'93570','Kuching',15,1,0),(2575,'93572','Kuching',15,1,0),(2576,'93576','Kuching',15,1,0),(2577,'93578','Kuching',15,1,0),(2578,'93582','Kuching',15,1,0),(2579,'93586','Kuching',15,1,0),(2580,'93590','Kuching',15,1,0),(2581,'93592','Kuching',15,1,0),(2582,'93594','Kuching',15,1,0),(2583,'93596','Kuching',15,1,0),(2584,'93600','Kuching',15,1,0),(2585,'93604','Kuching',15,1,0),(2586,'93606','Kuching',15,1,0),(2587,'93608','Kuching',15,1,0),(2588,'93609','Kuching',15,1,0),(2589,'93610','Kuching',15,1,0),(2590,'93612','Kuching',15,1,0),(2591,'93614','Kuching',15,1,0),(2592,'93618','Kuching',15,1,0),(2593,'93619','Kuching',15,1,0),(2594,'93620','Kuching',15,1,0),(2595,'93626','Kuching',15,1,0),(2596,'93628','Kuching',15,1,0),(2597,'93632','Kuching',15,1,0),(2598,'93634','Kuching',15,1,0),(2599,'93648','Kuching',15,1,0),(2600,'93658','Kuching',15,1,0),(2601,'93660','Kuching',15,1,0),(2602,'93661','Kuching',15,1,0),(2603,'93662','Kuching',15,1,0),(2604,'93670','Kuching',15,1,0),(2605,'93672','Kuching',15,1,0),(2606,'93677','Kuching',15,1,0),(2607,'93690','Kuching',15,1,0),(2608,'93694','Kuching',15,1,0),(2609,'93700','Kuching',15,1,0),(2610,'93702','Kuching',15,1,0),(2611,'93704','Kuching',15,1,0),(2612,'93706','Kuching',15,1,0),(2613,'93708','Kuching',15,1,0),(2614,'93710','Kuching',15,1,0),(2615,'93712','Kuching',15,1,0),(2616,'93714','Kuching',15,1,0),(2617,'93716','Kuching',15,1,0),(2618,'93718','Kuching',15,1,0),(2619,'93720','Kuching',15,1,0),(2620,'93722','Kuching',15,1,0),(2621,'93724','Kuching',15,1,0),(2622,'93726','Kuching',15,1,0),(2623,'93728','Kuching',15,1,0),(2624,'93730','Kuching',15,1,0),(2625,'93732','Kuching',15,1,0),(2626,'93734','Kuching',15,1,0),(2627,'93736','Kuching',15,1,0),(2628,'93738','Kuching',15,1,0),(2629,'93740','Kuching',15,1,0),(2630,'93742','Kuching',15,1,0),(2631,'93744','Kuching',15,1,0),(2632,'93746','Kuching',15,1,0),(2633,'93748','Kuching',15,1,0),(2634,'93750','Kuching',15,1,0),(2635,'93752','Kuching',15,1,0),(2636,'93754','Kuching',15,1,0),(2637,'93756','Kuching',15,1,0),(2638,'93758','Kuching',15,1,0),(2639,'93760','Kuching',15,1,0),(2640,'93762','Kuching',15,1,0),(2641,'93764','Kuching',15,1,0),(2642,'93900','Kuching',15,1,0),(2643,'93902','Kuching',15,1,0),(2644,'93904','Kuching',15,1,0),(2645,'93906','Kuching',15,1,0),(2646,'93908','Kuching',15,1,0),(2647,'93910','Kuching',15,1,0),(2648,'93912','Kuching',15,1,0),(2649,'93914','Kuching',15,1,0),(2650,'93916','Kuching',15,1,0),(2651,'93990','Kuching',15,1,0),(2652,'94000','Bau',15,1,0),(2653,'94007','Bau',15,1,0),(2654,'94009','Bau',15,1,0),(2655,'94200','Siburan',15,1,0),(2656,'94300','Kota Samarahan',15,1,0),(2657,'94500','Lundu',15,1,0),(2658,'94507','Lundu',15,1,0),(2659,'94509','Lundu',15,1,0),(2660,'94600','Asajaya',15,1,0),(2661,'94650','Kabong',15,1,0),(2662,'94700','Serian',15,1,0),(2663,'94707','Serian',15,1,0),(2664,'94709','Serian',15,1,0),(2665,'94750','Serian',15,1,0),(2666,'94760','Serian',15,1,0),(2667,'94800','Simunjan',15,1,0),(2668,'94807','Simunjan',15,1,0),(2669,'94809','Simunjan',15,1,0),(2670,'94850','Sebuyau',15,1,0),(2671,'94900','Lingga',15,1,0),(2672,'94950','Pusa',15,1,0),(2673,'95000','Sri Aman',15,1,0),(2674,'95007','Sri Aman',15,1,0),(2675,'95008','Sri Aman',15,1,0),(2676,'95009','Sri Aman',15,1,0),(2677,'95300','Roban',15,1,0),(2678,'95400','Saratok',15,1,0),(2679,'95407','Saratok',15,1,0),(2680,'95409','Saratok',15,1,0),(2681,'95500','Debak',15,1,0),(2682,'95600','Spaoh',15,1,0),(2683,'95700','Betong',15,1,0),(2684,'95707','Betong',15,1,0),(2685,'95709','Betong',15,1,0),(2686,'95800','Engkilili',15,1,0),(2687,'95900','Lubok Antu',15,1,0),(2688,'96000','Sibu',15,1,0),(2689,'96007','Sibu',15,1,0),(2690,'96008','Sibu',15,1,0),(2691,'96009','Sibu',15,1,0),(2692,'96100','Sarikei',15,1,0),(2693,'96107','Sarikei',15,1,0),(2694,'96108','Sarikei',15,1,0),(2695,'96109','Sarikei',15,1,0),(2696,'96150','Belawai',15,1,0),(2697,'96200','Daro',15,1,0),(2698,'96250','Matu',15,1,0),(2699,'96300','Dalat',15,1,0),(2700,'96307','Dalat',15,1,0),(2701,'96309','Dalat',15,1,0),(2702,'96350','Balingian',15,1,0),(2703,'96400','Mukah',15,1,0),(2704,'96410','Mukah',15,1,0),(2705,'96500','Bintangor',15,1,0),(2706,'96507','Bintangor',15,1,0),(2707,'96508','Bintangor',15,1,0),(2708,'96509','Bintangor',15,1,0),(2709,'96600','Julau',15,1,0),(2710,'96700','Kanowit',15,1,0),(2711,'96707','Kanowit',15,1,0),(2712,'96709','Kanowit',15,1,0),(2713,'96800','Kapit',15,1,0),(2714,'96807','Kapit',15,1,0),(2715,'96809','Kapit',15,1,0),(2716,'96850','Song',15,1,0),(2717,'96900','Belaga',15,1,0),(2718,'96950','Belaga',15,1,0),(2719,'97000','Bintulu',15,1,0),(2720,'97007','Bintulu',15,1,0),(2721,'97008','Bintulu',15,1,0),(2722,'97009','Bintulu',15,1,0),(2723,'97010','Bintulu',15,1,0),(2724,'97011','Bintulu',15,1,0),(2725,'97012','Bintulu',15,1,0),(2726,'97013','Bintulu',15,1,0),(2727,'97014','Bintulu',15,1,0),(2728,'97015','Bintulu',15,1,0),(2729,'97100','Sebauh',15,1,0),(2730,'97200','Tatau',15,1,0),(2731,'97300','Bintulu',15,1,0),(2732,'98000','Miri',15,1,0),(2733,'98007','Miri',15,1,0),(2734,'98008','Miri',15,1,0),(2735,'98009','Miri',15,1,0),(2736,'98050','Baram',15,1,0),(2737,'98057','Baram',15,1,0),(2738,'98058','Baram',15,1,0),(2739,'98059','Baram',15,1,0),(2740,'98100','Lutong',15,1,0),(2741,'98107','Lutong',15,1,0),(2742,'98109','Lutong',15,1,0),(2743,'98150','Bekenu',15,1,0),(2744,'98157','Bekenu',15,1,0),(2745,'98159','Bekenu',15,1,0),(2746,'98200','Niah',15,1,0),(2747,'98300','Long Lama',15,1,0),(2748,'98700','Limbang',15,1,0),(2749,'98707','Limbang',15,1,0),(2750,'98708','Limbang',15,1,0),(2751,'98709','Limbang',15,1,0),(2752,'98750','Nanga Medamit',15,1,0),(2753,'98800','Sundar',15,1,0),(2754,'98850','Lawas',15,1,0),(2755,'98857','Lawas',15,1,0),(2756,'98859','Lawas',15,1,0);

--
-- Table structure for table `i_soalanrahsia`
--

CREATE TABLE `i_soalanrahsia` (
  `id_soalanrahsia` int(10) NOT NULL AUTO_INCREMENT,
  `desk_soalanrahsia` varchar(255) NOT NULL,
  `susunan` int(2) NOT NULL,
  `aktif` int(2) NOT NULL DEFAULT '1',
  PRIMARY KEY (`id_soalanrahsia`)
) ENGINE=MyISAM AUTO_INCREMENT=3 DEFAULT CHARSET=utf8;

--
-- Dumping data for table `i_soalanrahsia`
--

INSERT INTO `i_soalanrahsia` VALUES (1,'NAMA GURU KEGEMARAN ANDA?',1,1),(2,'NAMA IBU ANDA?',2,1);

--
-- Table structure for table `i_state`
--

CREATE TABLE `i_state` (
  `id_state` int(2) NOT NULL AUTO_INCREMENT,
  `desc_state` varchar(35) COLLATE utf8_bin NOT NULL,
  `active` tinyint(1) NOT NULL DEFAULT '1',
  `ordering` int(2) NOT NULL,
  PRIMARY KEY (`id_state`)
) ENGINE=InnoDB AUTO_INCREMENT=18 DEFAULT CHARSET=utf8 COLLATE=utf8_bin;

--
-- Dumping data for table `i_state`
--

INSERT INTO `i_state` VALUES (1,'JOHOR',1,0),(2,'KEDAH',1,0),(3,'KELANTAN',1,0),(4,'FT KUALA LUMPUR',1,0),(5,'FT LABUAN',1,0),(6,'MELAKA',1,0),(7,'NEGERI SEMBILAN',1,0),(8,'PAHANG',1,0),(9,'FT PUTRA JAYA',1,0),(10,'PERLIS',1,0),(11,'PENANG',1,0),(12,'PERAK',1,0),(13,'SABAH',1,0),(14,'SELANGOR',1,0),(15,'SARAWAK',1,0),(16,'TERENGGANU',1,0),(17,'NOT IN MALAYSIA',1,0);

--
-- Table structure for table `m_client`
--

CREATE TABLE `m_client` (
  `id_client` int(10) NOT NULL AUTO_INCREMENT,
  `client_name` varchar(40) COLLATE utf8_unicode_ci NOT NULL,
  `reg_no` varchar(40) COLLATE utf8_unicode_ci NOT NULL,
  `client_add1` varchar(100) COLLATE utf8_unicode_ci NOT NULL,
  `client_add2` varchar(100) COLLATE utf8_unicode_ci NOT NULL,
  `client_add3` varchar(100) COLLATE utf8_unicode_ci NOT NULL,
  `client_postcode` int(5) NOT NULL,
  `client_city` varchar(30) COLLATE utf8_unicode_ci NOT NULL,
  `client_state` int(2) NOT NULL,
  `biznes_nature` int(3) NOT NULL,
  `active` tinyint(1) NOT NULL,
  `created_dt` datetime NOT NULL,
  `created_by` int(7) NOT NULL,
  `updated_dt` datetime NOT NULL,
  `updated_by` int(7) NOT NULL,
  PRIMARY KEY (`id_client`)
) ENGINE=InnoDB AUTO_INCREMENT=8 DEFAULT CHARSET=utf8 COLLATE=utf8_unicode_ci COMMENT='keep track client company info';

--
-- Dumping data for table `m_client`
--

INSERT INTO `m_client` VALUES (1,'ILUSI PRIMA SDN BHD','892655H','18-15-G GURNEY TOWER','PERSIARAN GURNEY','',225,'GEORGETOWN',11,1,1,'2020-04-02 19:50:41',1,'2020-05-05 12:10:53',0),(2,'JETSO MARKETING SDN BHD','1008475D','18-15-G GURNEY TOWER','PERSIARAN GURNEY','',225,'PULAU PINANG',11,1,1,'2020-05-05 16:11:23',0,'0000-00-00 00:00:00',0),(3,'ESAVER OPTICAL SDN BHD','876999-P','KOMPLEKS ADORNA GOLD','107-2-04, JALAN BRICK KILN','',226,'PULAU PINANG',11,4,1,'2020-05-07 16:48:35',0,'0000-00-00 00:00:00',0),(4,'MY WEB SYSTEM SOLUTION','PG0383196-P','12. SUNTECH @ PENANG CYBERCITY (2698)','LINTANG MAYANG PASIR 3','',322,'BAYAN LEPAS',11,1,1,'2020-05-07 19:14:29',0,'2020-05-08 22:39:08',0),(5,'KOKAHO PIPING ENGINEERING SDN BHD','894504-H','283-H, MK12','JALAN BATU MAUNG','',323,'BATU MAUNG',11,6,1,'2020-05-08 10:18:32',0,'0000-00-00 00:00:00',0),(6,'ASCEND OFFICE SOLUTIONS','PG0070708W','6-6-22, 6TH FLOOR, KOMPLEKS FARLIM','LEBUH RAYA THEAN TEIK','BANDAR BARU AYER ITAM',314,'AYER ITAM',11,4,1,'2020-05-09 13:51:52',0,'0000-00-00 00:00:00',0),(7,'MOMOKAKA VENTURE SDN BHD','201201007834(981354-X)','NO 48, LEBUH ARMENIAN','','',224,'PULAU PINANG',11,4,1,'2020-06-16 17:32:07',0,'0000-00-00 00:00:00',0);

--
-- Table structure for table `m_plan`
--

CREATE TABLE `m_plan` (
  `id_plan` tinyint(2) NOT NULL AUTO_INCREMENT,
  `desc_plan` varchar(30) COLLATE utf8_unicode_ci NOT NULL,
  `plan_month` double(3,1) NOT NULL,
  `plan_amount` double(6,2) NOT NULL,
  `active` tinyint(1) NOT NULL,
  PRIMARY KEY (`id_plan`)
) ENGINE=InnoDB AUTO_INCREMENT=5 DEFAULT CHARSET=utf8 COLLATE=utf8_unicode_ci COMMENT='keep track subscription plan';

--
-- Dumping data for table `m_plan`
--

INSERT INTO `m_plan` VALUES (1,'3 MONTHS PACKAGE',3.0,120.00,1),(2,'12 MONTHS PACKAGE',12.0,480.00,1),(3,'6 MONTHS PACKAGE',6.0,240.00,1),(4,'2 WEEKS FREE TRIAL',0.5,0.00,1);

--
-- Table structure for table `m_tracking`
--

CREATE TABLE `m_tracking` (
  `id_tracking` int(10) NOT NULL AUTO_INCREMENT,
  `id_category` int(2) NOT NULL,
  `loc_name` varchar(100) DEFAULT NULL,
  `latitude` float(11,7) NOT NULL DEFAULT '0.0000000',
  `longitude` float(11,7) NOT NULL DEFAULT '0.0000000',
  `loc_add1` varchar(60) NOT NULL,
  `loc_add2` varchar(60) NOT NULL,
  `loc_add3` varchar(60) NOT NULL,
  `loc_postcode` int(5) NOT NULL,
  `loc_city` varchar(30) NOT NULL,
  `loc_state` int(2) NOT NULL DEFAULT '0',
  `id_client` int(10) NOT NULL DEFAULT '0',
  `expiry_date` date DEFAULT '0000-00-00',
  `active` tinyint(1) NOT NULL DEFAULT '0',
  `id_cipta` int(10) NOT NULL,
  `tkh_cipta` datetime NOT NULL,
  `id_kemaskini` int(10) NOT NULL DEFAULT '0',
  `tkh_kemaskini` datetime DEFAULT NULL,
  PRIMARY KEY (`id_tracking`)
) ENGINE=InnoDB AUTO_INCREMENT=14 DEFAULT CHARSET=utf8;

--
-- Dumping data for table `m_tracking`
--

INSERT INTO `m_tracking` VALUES (1,0,'IP Office',0.0000000,0.0000000,'18-15-G GURNEY TOWER','PERSIARAN GURNEY','',225,'PULAU PINANG',11,1,'2021-06-30',1,1,'2020-05-05 14:56:56',0,'0000-00-00 00:00:00'),(2,0,'Jetso HQ',0.0000000,0.0000000,'18-15-G GURNEY TOWER','PERSIARAN GURNEY','',225,'PULAU PINANG',11,2,'2020-07-31',1,1,'2020-05-05 14:56:56',0,'0000-00-00 00:00:00'),(3,0,'SELANGOR BRANCH',0.0000000,0.0000000,'NO 2, UNIT 2B (2ND FLOOR)','','',1303,'PUCHONG',14,1,'2020-08-06',1,1,'2020-05-06 15:36:02',1,'2020-05-06 16:12:43'),(5,0,'ESAVER KOMPLEKS ADORNA GOLD',0.0000000,0.0000000,'KOMPLEKS ADORNA GOLD','107-2-04, JALAN BRICK KILN','',226,'PULAU PINANG',11,3,'2020-08-15',1,1,'2020-05-06 15:36:02',1,'2020-05-07 17:11:36'),(6,0,'ESAVER KOMPLEKS BUKIT JAMBUL',0.0000000,0.0000000,'1ST FLOOR (DEKAT KAMDAR)','','',322,'BAYAN LEPAS',11,3,'2020-08-15',1,1,'2020-05-06 15:36:02',1,'2020-05-07 17:11:13'),(7,0,'LIAN CHOON AGENCY OFFICE',0.0000000,0.0000000,'170, BELAKANG KILANG AIS','','',1062,'HUTAN MELINTANG',12,1,'2021-06-30',1,0,'0000-00-00 00:00:00',1,'2020-05-07 19:16:21'),(9,0,'KOKAHO PIPING ENGINEERING OFFICE',0.0000000,0.0000000,'283-H, MK12','','',323,'BATU MAUNG',11,5,'2021-05-08',1,396,'2020-05-08 10:23:51',1,'2020-05-08 10:24:16'),(10,0,'MY WEB SS SUNTECH OFFICE',0.0000000,0.0000000,'12. SUNTECH @ PENANG CYBERCITY (2698)','','',322,'BAYAN LEPAS',11,4,'2020-05-30',1,407,'2020-05-08 22:46:21',1,'2020-05-08 22:47:12'),(11,0,'ASCEND FARLIM OFFICE',0.0000000,0.0000000,'6-6-22, 6TH FLOOR, KOMPLEKS FARLIM','BANDAR BARU AYER ITAM','',314,'AYER ITAM',11,6,'2020-05-31',1,410,'2020-05-09 13:55:37',1,'2020-05-09 13:55:56'),(12,0,'MOMOKAKA',0.0000000,0.0000000,'NO 48, LEBUH ARMENIAN','','',224,'PULAU PINANG',11,7,'2020-09-20',1,1,'2020-06-16 17:36:43',1,'2020-06-16 17:36:59'),(13,0,'TERATAK DAMAI TRAINING HOMESTAY',0.0000000,0.0000000,'TL/KGSD A25','PAYA REDAN','',2094,'PAGOH',1,1,'2020-11-25',1,1,'2020-08-25 09:32:17',1,'2020-08-25 09:33:01');

--
-- Table structure for table `s_auditlog`
--

CREATE TABLE `s_auditlog` (
  `id_auditlog` int(10) NOT NULL AUTO_INCREMENT,
  `id_soalan` int(10) NOT NULL,
  `id_audit` int(10) NOT NULL,
  `id_keyin` int(10) NOT NULL,
  `id_peranan` int(2) NOT NULL,
  `tkh_keyin` datetime NOT NULL,
  `ip_address` varchar(255) NOT NULL,
  PRIMARY KEY (`id_auditlog`)
) ENGINE=MyISAM DEFAULT CHARSET=utf8;

--
-- Dumping data for table `s_auditlog`
--


--
-- Table structure for table `s_loginlog`
--

CREATE TABLE `s_loginlog` (
  `id_loginlog` int(20) NOT NULL AUTO_INCREMENT,
  `id_pengguna` int(10) NOT NULL,
  `id_peranan` int(2) NOT NULL,
  `status_login` varchar(255) NOT NULL,
  `jenis_log` varchar(255) NOT NULL,
  `channel_log` int(2) NOT NULL,
  `bil_percubaan` int(2) NOT NULL,
  `tkh_log` datetime NOT NULL,
  `ip_address` varchar(255) NOT NULL,
  PRIMARY KEY (`id_loginlog`)
) ENGINE=MyISAM DEFAULT CHARSET=utf8;

--
-- Dumping data for table `s_loginlog`
--


--
-- Table structure for table `t_kategori`
--

CREATE TABLE `t_kategori` (
  `id_kategori` int(10) NOT NULL AUTO_INCREMENT,
  `id_parent` int(10) NOT NULL,
  `desk_kategori` varchar(255) NOT NULL,
  `lebar_menu` int(10) NOT NULL,
  `icon` varchar(255) NOT NULL,
  `susunan` int(2) NOT NULL,
  `aktif` int(2) NOT NULL DEFAULT '1',
  PRIMARY KEY (`id_kategori`)
) ENGINE=MyISAM AUTO_INCREMENT=7 DEFAULT CHARSET=utf8;

--
-- Dumping data for table `t_kategori`
--

INSERT INTO `t_kategori` VALUES (1,0,'System',0,'flaticon-settings',1,1),(2,1,'Indicator',0,'',1,1),(3,1,'Master',0,'',2,1),(4,0,'Location',0,'flaticon-list-3',2,1),(5,0,'Report',0,'flaticon-list-2',3,1),(6,1,'New Request',0,'',3,1);

--
-- Table structure for table `t_pautan`
--

CREATE TABLE `t_pautan` (
  `id_pautan` int(10) NOT NULL AUTO_INCREMENT,
  `id_peranan` int(2) NOT NULL,
  `id_tetingkap` int(2) NOT NULL,
  `aktif` int(2) NOT NULL DEFAULT '1',
  PRIMARY KEY (`id_pautan`)
) ENGINE=MyISAM AUTO_INCREMENT=81 DEFAULT CHARSET=utf8;

--
-- Dumping data for table `t_pautan`
--

INSERT INTO `t_pautan` VALUES (76,1,4,1),(75,1,5,1),(74,1,11,1),(73,1,10,1),(72,1,6,1),(71,1,3,1),(70,1,2,1),(69,1,9,1),(79,2,4,1),(78,2,5,1),(68,1,8,1),(67,1,7,1),(66,1,1,1),(77,1,12,1),(80,2,12,1);

--
-- Table structure for table `t_peranan`
--

CREATE TABLE `t_peranan` (
  `id_peranan` int(10) NOT NULL AUTO_INCREMENT,
  `desk_peranan` varchar(255) NOT NULL,
  `nama_peranan` varchar(255) NOT NULL,
  `susunan` int(2) NOT NULL,
  `aktif` int(2) NOT NULL,
  PRIMARY KEY (`id_peranan`)
) ENGINE=MyISAM AUTO_INCREMENT=4 DEFAULT CHARSET=utf8;

--
-- Dumping data for table `t_peranan`
--

INSERT INTO `t_peranan` VALUES (1,'SUPERADMIN','SUPERADMIN',1,1),(2,'ADMIN','ADMIN',2,1),(3,'USER','USER',3,1);

--
-- Table structure for table `t_subscription`
--

CREATE TABLE `t_subscription` (
  `id_subs` bigint(10) NOT NULL AUTO_INCREMENT,
  `id_tracking` int(6) NOT NULL COMMENT 'linked to m_tracking (locaion)',
  `id_plan` tinyint(2) NOT NULL COMMENT 'linked to m_plan',
  `plan_amt` double(6,2) NOT NULL,
  `pay_gate_ref` varchar(20) COLLATE utf8_unicode_ci NOT NULL COMMENT 'payment gateway reference',
  `plan_start` date NOT NULL,
  `plan_end` date NOT NULL,
  `id_sales` int(6) NOT NULL DEFAULT '0' COMMENT 'sales agent, linked to m_user',
  `if_paid` tinyint(1) NOT NULL DEFAULT '0' COMMENT 'paid to sales agent?',
  `created_by` int(6) NOT NULL,
  `created_dt` datetime NOT NULL,
  PRIMARY KEY (`id_subs`),
  KEY `id_user` (`id_tracking`),
  KEY `id_plan` (`id_plan`)
) ENGINE=InnoDB AUTO_INCREMENT=10 DEFAULT CHARSET=utf8 COLLATE=utf8_unicode_ci COMMENT='keep track user subscription details';

--
-- Dumping data for table `t_subscription`
--

INSERT INTO `t_subscription` VALUES (1,2,1,90.00,'','2020-05-01','2020-07-31',0,0,1,'2020-05-05 16:13:31'),(2,3,1,90.00,'','2020-05-06','2020-08-06',0,0,1,'2020-05-06 16:13:03'),(3,5,1,90.00,'','2020-05-07','2020-08-15',0,0,1,'2020-05-07 17:12:27'),(4,6,1,90.00,'','2020-05-07','2020-08-15',0,0,1,'2020-05-07 17:12:38'),(5,9,2,360.00,'','2020-05-08','2021-05-08',0,0,1,'2020-05-08 10:24:42'),(6,10,4,0.00,'','2020-05-08','2020-05-30',0,0,1,'2020-05-08 22:47:45'),(7,11,4,0.00,'','2020-05-09','2020-05-31',0,0,1,'2020-05-09 13:56:24'),(8,12,1,120.00,'','2020-06-16','2020-09-20',0,0,1,'2020-06-16 17:39:21'),(9,13,1,120.00,'','2020-08-25','2020-11-25',0,0,1,'2020-08-25 09:33:31');

--
-- Table structure for table `t_tetingkap`
--

CREATE TABLE `t_tetingkap` (
  `id_tetingkap` int(10) NOT NULL AUTO_INCREMENT,
  `id_kategori` int(2) NOT NULL,
  `desk_tetingkap` varchar(255) NOT NULL,
  `nama_skrip` varchar(255) NOT NULL,
  `menu` int(2) NOT NULL,
  `icon_side` varchar(255) NOT NULL,
  `susunan` int(2) NOT NULL,
  `aktif` int(2) NOT NULL DEFAULT '1',
  PRIMARY KEY (`id_tetingkap`)
) ENGINE=MyISAM AUTO_INCREMENT=13 DEFAULT CHARSET=utf8;

--
-- Dumping data for table `t_tetingkap`
--

INSERT INTO `t_tetingkap` VALUES (4,5,'Check-In Log','rep_track.php',1,'flaticon-edit',1,1),(5,4,'Registered Premise','my_list.php',1,'flaticon-list-1',2,1),(2,3,'Privileges','in_peranan.php',1,'flaticon-exclamation-2',1,1),(3,3,'Users','in_pengguna.php',1,'flaticon-exclamation-2',2,1),(1,2,'Track Category','in_kategori.php',1,'flaticon-exclamation-2',1,1),(6,3,'Client','in_client.php',1,'flaticon-exclamation-2',3,1),(7,2,'Business Nature','in_sektor.php',1,'flaticon-exclamation-2',2,1),(8,2,'Postcode','in_postcode.php',1,'flaticon-exclamation-2',3,1),(9,2,'Subscription Plan','in_subpac.php',1,'flaticon-exclamation-2',4,1),(10,3,'Subscription','trans_subs.php',1,'flaticon-exclamation-2',4,1),(11,6,'Premise','new_premise.php',1,'flaticon-exclamation-2',3,1),(12,5,'Customer','rep_cust.php',1,'flaticon-users',2,1);

--
-- Table structure for table `t_tracking_rec`
--

CREATE TABLE `t_tracking_rec` (
  `id_tracking_rec` bigint(15) NOT NULL AUTO_INCREMENT,
  `id_pengguna` int(10) NOT NULL DEFAULT '0',
  `id_tracking` int(10) NOT NULL DEFAULT '0' COMMENT 'm_tracking',
  `body_temp` float(3,1) NOT NULL DEFAULT '0.0',
  `checkin_type` int(2) NOT NULL DEFAULT '1' COMMENT 'linked to i_checkin_type',
  `tkh_cipta` datetime DEFAULT NULL,
  PRIMARY KEY (`id_tracking_rec`),
  KEY `id_pengguna` (`id_pengguna`),
  KEY `id_tracking` (`id_tracking`)
) ENGINE=InnoDB AUTO_INCREMENT=572 DEFAULT CHARSET=utf8 COLLATE=utf8_unicode_ci COMMENT='keep track tracking places by users';

--
-- Dumping data for table `t_tracking_rec`
--

INSERT INTO `t_tracking_rec` VALUES (1,385,1,0.0,1,'2020-04-05 15:49:26'),(2,385,1,0.0,1,'2020-05-05 15:57:51'),(3,385,1,35.9,1,'2020-05-05 16:03:49'),(4,391,1,36.1,1,'2020-05-06 00:35:56'),(5,391,1,36.2,1,'2020-05-06 00:36:59'),(6,392,1,34.0,1,'2020-05-06 21:08:51'),(7,383,1,0.0,1,'2020-05-06 21:29:57'),(8,393,1,36.5,1,'2020-05-07 00:13:10'),(9,393,1,36.5,1,'2020-04-07 00:14:21'),(10,385,1,0.0,1,'2020-05-07 12:19:51'),(11,385,2,0.0,1,'2020-05-07 13:09:14'),(12,394,2,35.0,1,'2020-05-07 14:11:55'),(13,385,2,0.0,1,'2020-05-07 15:36:04'),(14,390,2,35.0,1,'2020-05-07 15:45:13'),(15,385,6,0.0,1,'2020-05-07 17:32:41'),(16,385,5,0.0,1,'2020-05-07 17:33:53'),(17,385,1,0.0,1,'2020-05-07 18:48:29'),(18,385,1,0.0,1,'2020-05-07 18:49:16'),(19,385,7,0.0,1,'2020-05-07 19:21:37'),(20,385,5,0.0,1,'2020-05-07 22:27:34'),(21,383,1,0.0,1,'2020-05-07 22:30:19'),(22,385,6,0.0,1,'2020-05-07 22:35:17'),(23,396,2,37.0,1,'2020-05-08 10:06:24'),(24,397,5,36.4,1,'2020-05-08 13:10:00'),(25,397,5,35.9,1,'2020-05-08 14:03:47'),(26,385,1,0.0,1,'2020-05-08 15:10:36'),(27,398,5,36.1,1,'2020-05-08 16:48:35'),(28,399,5,0.0,1,'2020-05-08 18:23:30'),(29,400,5,0.0,1,'2020-05-08 18:24:45'),(30,401,5,0.0,1,'2020-05-08 18:25:32'),(31,402,5,0.0,1,'2020-05-08 18:26:09'),(32,403,5,0.0,1,'2020-05-08 18:26:51'),(33,403,5,0.0,1,'2020-05-08 18:28:04'),(34,404,5,0.0,1,'2020-05-08 18:28:55'),(35,405,5,0.0,1,'2020-05-08 18:29:45'),(36,406,5,0.0,1,'2020-05-08 18:30:19'),(37,408,5,33.5,1,'2020-05-09 13:38:51'),(38,409,5,34.3,1,'2020-05-09 13:40:00'),(39,408,5,33.0,1,'2020-05-09 13:47:57'),(40,385,11,35.6,1,'2020-05-09 14:00:47'),(41,411,5,34.5,1,'2020-05-09 15:16:57'),(42,412,5,32.0,1,'2020-05-10 14:22:13'),(43,413,5,34.4,1,'2020-05-10 14:23:30'),(44,414,5,33.0,1,'2020-05-10 14:26:00'),(45,415,5,34.6,1,'2020-05-10 14:55:48'),(46,416,5,35.2,1,'2020-05-10 14:58:20'),(47,417,5,35.5,1,'2020-05-10 15:34:27'),(48,418,5,34.0,1,'2020-05-10 16:00:30'),(49,419,5,35.2,1,'2020-05-10 16:31:52'),(50,419,5,35.5,1,'2020-05-10 16:34:26'),(51,420,5,36.8,1,'2020-05-11 10:44:25'),(52,395,5,35.9,1,'2020-05-11 10:45:28'),(53,420,5,36.8,1,'2020-05-11 11:31:16'),(54,421,5,0.0,1,'2020-05-11 11:43:58'),(55,410,11,35.6,1,'2020-05-11 11:57:23'),(56,422,9,36.3,1,'2020-05-11 12:29:08'),(57,423,5,36.5,1,'2020-05-11 13:23:04'),(58,424,5,36.3,1,'2020-05-11 13:24:01'),(59,385,1,0.0,1,'2020-05-11 14:39:06'),(60,385,1,0.0,1,'2020-05-11 14:39:59'),(61,385,1,0.0,1,'2020-05-11 14:41:55'),(62,425,5,0.0,1,'2020-05-11 15:20:23'),(63,385,3,0.0,1,'2020-05-11 17:06:02'),(64,385,1,0.0,3,'2020-05-11 17:08:16'),(65,387,1,36.5,1,'2020-05-11 17:31:17'),(66,420,5,35.9,1,'2020-05-12 09:12:23'),(67,426,5,0.0,1,'2020-05-12 09:16:36'),(68,427,5,0.0,1,'2020-05-12 09:16:36'),(69,428,5,36.0,1,'2020-05-12 09:25:49'),(70,410,11,35.6,1,'2020-05-12 10:18:06'),(71,429,5,36.4,1,'2020-05-12 12:56:20'),(72,430,5,33.5,1,'2020-05-12 13:40:26'),(73,431,6,34.0,1,'2020-05-12 14:14:47'),(74,432,6,33.5,1,'2020-05-12 15:11:23'),(75,433,6,36.3,1,'2020-05-12 16:37:05'),(76,434,6,34.0,1,'2020-05-12 18:17:27'),(77,435,5,34.5,1,'2020-05-12 18:20:47'),(78,426,5,0.0,1,'2020-05-13 09:55:56'),(79,436,5,35.8,1,'2020-05-13 09:57:28'),(80,437,5,36.6,1,'2020-05-13 10:04:37'),(81,438,11,36.5,1,'2020-05-13 10:28:36'),(82,439,11,0.0,1,'2020-05-13 10:29:00'),(83,410,11,35.6,1,'2020-05-13 10:34:49'),(84,420,5,36.2,1,'2020-05-13 12:24:23'),(85,440,5,34.5,1,'2020-05-13 13:14:54'),(86,441,11,0.0,1,'2020-05-13 14:21:08'),(87,442,5,36.1,1,'2020-05-13 15:24:10'),(88,443,6,34.0,1,'2020-05-13 15:39:30'),(89,444,6,34.0,1,'2020-05-13 15:56:58'),(90,445,5,34.2,1,'2020-05-13 17:02:27'),(91,420,5,35.8,1,'2020-05-14 09:21:17'),(92,446,5,36.6,1,'2020-05-14 09:22:31'),(93,447,5,35.8,1,'2020-05-14 09:32:10'),(94,448,5,36.3,1,'2020-05-14 09:34:29'),(95,449,5,35.8,1,'2020-05-14 11:10:24'),(96,410,11,36.5,1,'2020-05-14 12:29:38'),(97,450,11,36.2,1,'2020-05-14 12:51:00'),(98,451,11,36.1,1,'2020-05-14 12:52:39'),(99,452,6,35.4,1,'2020-05-14 13:57:41'),(100,437,5,36.2,1,'2020-05-14 14:39:11'),(101,453,6,34.4,1,'2020-05-14 15:24:10'),(102,454,6,34.6,1,'2020-05-14 15:24:35'),(103,455,5,0.0,1,'2020-05-14 19:06:05'),(104,395,5,36.3,1,'2020-05-15 09:25:37'),(105,446,5,36.7,1,'2020-05-15 09:30:42'),(106,449,5,35.8,1,'2020-05-15 09:41:13'),(107,437,5,36.2,1,'2020-05-15 10:04:34'),(108,410,11,36.4,1,'2020-05-15 10:12:08'),(109,439,11,36.6,1,'2020-05-15 10:13:56'),(110,438,11,36.2,1,'2020-05-15 10:19:14'),(111,456,5,34.3,1,'2020-05-15 13:26:23'),(112,457,5,36.1,1,'2020-05-15 13:38:48'),(113,458,5,32.0,1,'2020-05-15 15:14:09'),(114,459,6,33.8,1,'2020-05-15 16:03:37'),(115,460,5,36.2,1,'2020-05-15 16:43:27'),(116,461,5,36.2,1,'2020-05-15 16:43:33'),(117,385,1,0.0,3,'2020-05-15 18:12:12'),(118,385,1,0.0,1,'2020-05-15 18:13:27'),(119,385,2,0.0,5,'2020-05-15 18:17:15'),(120,385,1,33.5,1,'2020-05-15 18:19:15'),(121,385,2,33.5,5,'2020-05-15 18:20:49'),(122,436,5,36.0,3,'2020-05-16 09:00:39'),(123,420,5,36.1,1,'2020-05-16 09:32:30'),(124,447,5,36.5,1,'2020-05-16 09:33:09'),(125,395,5,36.2,1,'2020-05-16 09:36:54'),(126,457,5,34.3,1,'2020-05-16 11:27:53'),(127,462,5,33.0,0,'2020-05-16 11:29:23'),(128,463,5,34.7,0,'2020-05-16 12:17:24'),(129,410,11,36.5,3,'2020-05-16 12:22:29'),(130,464,5,35.2,0,'2020-05-16 13:56:05'),(131,465,6,32.3,1,'2020-05-16 15:06:06'),(132,466,6,0.0,1,'2020-05-16 15:17:27'),(133,467,6,34.0,1,'2020-05-16 15:17:52'),(134,468,5,34.0,0,'2020-05-16 15:31:15'),(135,469,6,34.2,1,'2020-05-16 15:35:11'),(136,470,6,34.6,1,'2020-05-16 15:46:16'),(137,471,6,0.0,2,'2020-05-16 16:04:56'),(138,472,6,0.0,1,'2020-05-16 16:05:55'),(139,473,6,34.1,1,'2020-05-17 12:00:30'),(140,474,6,34.1,1,'2020-05-17 12:06:27'),(141,475,6,35.2,1,'2020-05-17 12:09:05'),(142,476,6,35.0,1,'2020-05-17 13:29:05'),(143,477,6,33.1,0,'2020-05-17 14:43:18'),(144,478,5,34.6,0,'2020-05-17 14:47:19'),(145,479,5,35.1,0,'2020-05-17 16:39:15'),(146,480,6,33.5,0,'2020-05-17 17:10:33'),(147,481,5,34.7,0,'2020-05-17 17:49:25'),(148,420,5,0.0,1,'2020-05-18 09:25:43'),(149,426,5,35.5,3,'2020-05-18 09:27:38'),(150,436,5,35.6,3,'2020-05-18 09:39:21'),(151,437,5,36.4,1,'2020-05-18 09:51:26'),(152,410,11,36.1,3,'2020-05-18 10:15:46'),(153,438,11,36.1,1,'2020-05-18 10:16:32'),(154,439,11,0.0,1,'2020-05-18 10:17:03'),(155,482,5,36.2,1,'2020-05-18 11:19:47'),(156,483,5,36.2,1,'2020-05-18 11:40:15'),(157,484,5,34.6,1,'2020-05-18 12:43:04'),(158,485,5,0.0,1,'2020-05-18 15:48:39'),(159,486,5,34.7,0,'2020-05-18 17:55:39'),(160,487,5,34.7,0,'2020-05-18 17:55:39'),(161,387,1,0.0,1,'2020-05-19 00:17:46'),(162,488,5,35.8,3,'2020-05-19 09:27:13'),(163,446,5,36.0,3,'2020-05-19 09:27:19'),(164,449,5,35.7,1,'2020-05-19 09:29:41'),(165,395,5,36.6,1,'2020-05-19 09:32:29'),(166,439,11,0.0,1,'2020-05-19 10:12:36'),(167,410,11,36.5,3,'2020-05-19 10:13:03'),(168,489,11,36.5,2,'2020-05-19 10:14:16'),(169,451,11,35.6,3,'2020-05-19 11:09:57'),(170,490,5,36.2,0,'2020-05-19 11:33:07'),(171,491,5,34.3,1,'2020-05-19 14:05:20'),(172,492,5,34.5,0,'2020-05-19 14:06:03'),(173,420,5,36.2,1,'2020-05-20 08:57:22'),(174,426,5,35.6,3,'2020-05-20 09:12:59'),(175,436,5,36.2,3,'2020-05-20 09:36:31'),(176,437,5,36.4,1,'2020-05-20 09:54:16'),(177,489,11,36.7,2,'2020-05-20 10:20:31'),(178,439,11,36.0,1,'2020-05-20 10:20:57'),(179,438,11,36.2,3,'2020-05-20 10:21:34'),(180,410,11,36.5,3,'2020-05-20 10:43:32'),(181,493,11,0.0,0,'2020-05-20 14:29:46'),(182,494,5,32.6,1,'2020-05-20 17:44:25'),(183,495,5,32.6,1,'2020-05-20 17:44:25'),(184,496,5,32.6,1,'2020-05-20 17:49:28'),(185,497,6,34.8,0,'2020-05-20 18:03:34'),(186,498,6,34.0,0,'2020-05-20 18:07:16'),(187,410,11,36.5,3,'2020-05-21 09:37:36'),(188,439,11,36.6,1,'2020-05-21 09:41:23'),(189,426,5,35.6,3,'2020-05-21 09:45:20'),(190,447,5,35.9,3,'2020-05-21 09:46:31'),(191,447,5,35.9,3,'2020-05-21 09:46:32'),(192,451,11,36.4,3,'2020-05-21 10:34:52'),(193,457,6,35.0,0,'2020-05-21 11:48:04'),(194,499,6,34.0,1,'2020-05-21 12:48:58'),(195,500,6,34.0,1,'2020-05-21 12:52:04'),(196,501,6,34.0,1,'2020-05-21 12:55:42'),(197,502,5,34.4,1,'2020-05-21 13:52:08'),(198,503,5,33.5,1,'2020-05-21 15:01:25'),(199,504,6,34.0,1,'2020-05-21 16:28:51'),(200,505,6,34.5,1,'2020-05-21 16:29:25'),(201,506,5,34.0,1,'2020-05-21 17:21:37'),(202,507,6,36.6,1,'2020-05-21 18:54:45'),(203,426,5,35.8,3,'2020-05-22 09:16:06'),(204,449,5,35.9,1,'2020-05-22 09:17:59'),(205,420,5,36.2,1,'2020-05-22 09:18:33'),(206,436,5,36.4,3,'2020-05-22 09:32:31'),(207,446,5,37.0,3,'2020-05-22 09:51:51'),(208,439,11,36.6,1,'2020-05-22 10:00:40'),(209,508,11,36.5,3,'2020-05-22 10:01:39'),(210,438,11,36.2,3,'2020-05-22 10:52:31'),(211,509,6,33.4,0,'2020-05-22 12:50:47'),(212,510,6,35.0,1,'2020-05-22 12:52:28'),(213,511,6,34.0,1,'2020-05-22 13:18:19'),(214,512,6,34.2,1,'2020-05-22 13:19:06'),(215,513,5,35.1,1,'2020-05-22 13:34:25'),(216,514,6,33.5,1,'2020-05-22 13:59:00'),(217,437,5,36.8,1,'2020-05-23 09:27:37'),(218,515,5,0.0,0,'2020-05-23 09:36:52'),(219,436,5,36.7,3,'2020-05-23 10:00:26'),(220,516,5,0.0,0,'2020-05-23 10:55:05'),(221,517,6,36.4,1,'2020-05-23 11:14:36'),(222,518,6,34.8,0,'2020-05-23 12:32:11'),(223,410,11,36.3,3,'2020-05-23 12:47:31'),(224,519,6,34.1,0,'2020-05-23 13:08:04'),(225,520,5,33.8,0,'2020-05-23 13:30:37'),(226,521,5,35.2,1,'2020-05-23 17:11:31'),(227,420,5,36.2,1,'2020-05-26 11:51:20'),(228,522,6,36.2,1,'2020-05-26 15:33:51'),(229,523,6,0.0,1,'2020-05-26 15:33:53'),(230,524,6,0.0,1,'2020-05-26 15:48:41'),(231,525,6,0.0,0,'2020-05-26 16:00:35'),(232,426,5,35.5,3,'2020-05-27 09:20:14'),(233,447,5,36.5,3,'2020-05-27 09:21:48'),(234,428,5,36.5,3,'2020-05-27 09:22:37'),(235,449,5,35.9,1,'2020-05-27 09:25:32'),(236,420,5,36.2,1,'2020-05-27 09:56:26'),(237,395,5,36.8,1,'2020-05-27 09:58:37'),(238,438,11,36.5,3,'2020-05-27 10:18:40'),(239,439,11,36.6,1,'2020-05-27 10:19:04'),(240,410,11,36.5,3,'2020-05-27 10:21:03'),(241,526,6,0.0,1,'2020-05-27 14:00:29'),(242,527,5,36.8,0,'2020-05-27 14:20:18'),(243,493,11,0.0,0,'2020-05-27 14:23:21'),(244,528,6,34.4,1,'2020-05-27 15:31:01'),(245,529,6,33.0,1,'2020-05-27 15:32:37'),(246,530,6,36.3,1,'2020-05-27 15:36:16'),(247,531,6,34.1,1,'2020-05-27 18:06:09'),(248,532,6,36.2,1,'2020-05-27 18:19:05'),(249,533,6,36.0,1,'2020-05-27 18:19:40'),(250,426,5,35.8,3,'2020-05-28 09:32:45'),(251,420,5,36.5,1,'2020-05-28 09:34:11'),(252,449,5,35.6,1,'2020-05-28 09:40:18'),(253,436,5,36.3,3,'2020-05-28 09:42:21'),(254,410,11,36.5,3,'2020-05-28 09:46:43'),(255,439,11,36.5,1,'2020-05-28 09:47:43'),(256,437,5,36.7,1,'2020-05-28 10:10:09'),(257,428,5,35.7,3,'2020-05-28 10:11:11'),(258,438,11,36.5,3,'2020-05-28 10:14:47'),(259,534,6,32.2,1,'2020-05-28 12:12:23'),(260,535,6,33.3,1,'2020-05-28 12:12:57'),(261,446,5,34.2,3,'2020-05-28 12:25:59'),(262,536,5,35.6,1,'2020-05-28 14:54:21'),(263,537,6,36.5,2,'2020-05-28 15:54:04'),(264,538,5,0.0,0,'2020-05-28 17:02:02'),(265,539,5,0.0,1,'2020-05-28 17:02:40'),(266,540,5,0.0,1,'2020-05-28 17:03:11'),(267,541,5,34.0,1,'2020-05-28 17:07:03'),(268,541,5,34.0,1,'2020-05-28 17:07:43'),(269,542,6,35.6,1,'2020-05-28 17:48:06'),(270,426,5,35.6,3,'2020-05-29 09:21:18'),(271,436,5,36.3,3,'2020-05-29 09:34:26'),(272,446,5,35.8,3,'2020-05-29 09:55:44'),(273,438,11,0.0,3,'2020-05-29 10:26:01'),(274,437,5,36.6,1,'2020-05-29 10:37:23'),(275,410,11,36.5,3,'2020-05-29 10:49:59'),(276,543,6,0.0,1,'2020-05-29 12:48:13'),(277,447,5,35.5,3,'2020-05-29 13:43:11'),(278,544,6,34.0,1,'2020-05-29 17:25:23'),(279,420,5,35.7,1,'2020-05-30 08:58:38'),(280,447,5,35.6,3,'2020-05-30 09:03:17'),(281,437,5,36.6,1,'2020-05-30 09:22:31'),(282,545,6,34.0,1,'2020-05-30 13:44:25'),(283,546,6,36.5,1,'2020-05-30 14:00:43'),(284,547,6,34.0,0,'2020-05-30 14:18:27'),(285,548,6,36.3,1,'2020-05-30 14:29:36'),(286,410,11,36.5,3,'2020-05-30 15:09:04'),(287,439,11,36.6,1,'2020-05-30 15:09:53'),(288,549,6,36.3,0,'2020-05-30 16:04:56'),(289,550,6,36.3,1,'2020-05-30 16:05:03'),(290,551,6,34.0,1,'2020-05-30 16:41:19'),(291,552,5,34.6,1,'2020-05-30 19:23:36'),(292,553,7,36.7,5,'2020-05-31 11:17:05'),(293,554,7,36.1,1,'2020-05-31 11:20:28'),(294,555,6,36.1,1,'2020-05-31 12:17:45'),(295,556,5,36.1,0,'2020-05-31 13:04:49'),(296,557,5,34.0,1,'2020-05-31 13:51:59'),(297,558,5,32.4,0,'2020-05-31 13:53:25'),(298,559,5,32.4,0,'2020-05-31 13:53:25'),(299,560,5,32.4,0,'2020-05-31 13:53:25'),(300,561,5,32.4,0,'2020-05-31 13:53:25'),(301,562,5,32.4,0,'2020-05-31 13:53:25'),(302,563,5,32.4,0,'2020-05-31 13:53:25'),(303,564,5,32.4,0,'2020-05-31 13:53:25'),(304,565,5,32.4,0,'2020-05-31 13:53:25'),(305,566,5,32.4,0,'2020-05-31 13:53:25'),(306,567,5,32.4,0,'2020-05-31 13:53:25'),(307,568,5,32.4,0,'2020-05-31 13:53:25'),(308,569,5,32.4,0,'2020-05-31 13:53:25'),(309,570,5,32.4,0,'2020-05-31 13:53:25'),(310,571,5,32.4,0,'2020-05-31 13:53:25'),(311,572,5,32.4,0,'2020-05-31 13:53:26'),(312,573,5,32.4,0,'2020-05-31 13:53:26'),(313,574,6,34.6,1,'2020-05-31 15:35:15'),(314,575,6,34.4,0,'2020-05-31 15:36:59'),(315,576,6,36.3,0,'2020-05-31 16:32:32'),(316,577,6,33.7,2,'2020-05-31 17:53:11'),(317,449,5,33.7,1,'2020-06-01 09:25:54'),(318,578,5,36.5,3,'2020-06-01 09:26:48'),(319,436,5,33.8,3,'2020-06-01 09:40:04'),(320,420,5,0.0,1,'2020-06-01 09:46:57'),(321,437,5,36.6,1,'2020-06-01 10:00:23'),(322,579,7,0.0,0,'2020-06-01 10:28:51'),(323,580,7,36.8,0,'2020-06-01 10:41:11'),(324,581,5,0.0,0,'2020-06-01 11:04:19'),(325,446,5,35.0,3,'2020-06-01 12:01:54'),(326,582,9,36.5,1,'2020-06-01 13:32:23'),(327,583,9,99.9,0,'2020-06-01 15:09:55'),(328,584,9,0.0,1,'2020-06-01 15:31:36'),(329,585,5,36.0,0,'2020-06-01 16:39:36'),(330,586,6,33.0,0,'2020-06-01 19:25:05'),(331,447,5,36.0,3,'2020-06-02 09:16:01'),(332,426,5,35.6,3,'2020-06-02 09:23:08'),(333,420,5,35.7,1,'2020-06-02 09:24:55'),(334,436,5,0.0,3,'2020-06-02 09:32:23'),(335,587,5,0.0,0,'2020-06-02 11:25:47'),(336,588,5,0.0,1,'2020-06-02 11:25:55'),(337,589,7,36.3,1,'2020-06-02 12:43:09'),(338,590,7,36.7,1,'2020-06-02 12:44:59'),(339,591,7,36.7,1,'2020-06-02 13:04:24'),(340,592,7,36.0,1,'2020-06-02 13:05:46'),(341,437,5,36.2,1,'2020-06-02 13:32:35'),(342,593,7,37.0,1,'2020-06-02 15:02:31'),(343,426,5,35.6,3,'2020-06-03 09:24:17'),(344,447,5,35.6,3,'2020-06-03 09:33:07'),(345,449,5,35.5,1,'2020-06-03 09:34:09'),(346,436,5,36.4,3,'2020-06-03 09:36:33'),(347,594,7,36.3,1,'2020-06-03 10:02:53'),(348,595,2,36.6,3,'2020-06-03 10:09:12'),(349,385,1,33.5,1,'2020-06-03 11:26:26'),(350,596,5,36.4,0,'2020-06-03 12:03:41'),(351,597,5,36.0,3,'2020-06-03 12:06:41'),(352,598,7,0.0,1,'2020-06-03 16:03:12'),(353,599,7,36.7,1,'2020-06-03 16:25:38'),(354,600,7,36.4,1,'2020-06-03 17:34:37'),(355,426,5,35.6,3,'2020-06-04 09:30:27'),(356,447,5,35.6,3,'2020-06-04 09:44:31'),(357,449,5,35.5,1,'2020-06-04 09:58:15'),(358,437,5,36.4,1,'2020-06-04 10:07:17'),(359,601,7,36.7,1,'2020-06-04 14:16:12'),(360,602,7,0.0,1,'2020-06-04 16:36:34'),(361,603,5,0.0,0,'2020-06-04 16:50:55'),(362,604,6,35.0,1,'2020-06-04 17:32:53'),(363,420,5,36.2,1,'2020-06-05 09:09:42'),(364,426,5,35.6,3,'2020-06-05 09:21:25'),(365,449,5,35.6,1,'2020-06-05 09:30:02'),(366,436,5,36.4,3,'2020-06-05 09:35:47'),(367,437,5,36.4,1,'2020-06-05 10:19:24'),(368,602,7,36.4,1,'2020-06-05 11:48:25'),(369,605,7,0.0,1,'2020-06-05 12:06:27'),(370,606,7,36.1,1,'2020-06-05 13:04:02'),(371,607,7,36.1,1,'2020-06-05 13:04:02'),(372,608,7,36.3,1,'2020-06-05 13:15:26'),(373,609,5,0.0,0,'2020-06-05 14:02:20'),(374,610,5,36.3,1,'2020-06-05 14:02:43'),(375,611,5,34.6,1,'2020-06-05 16:54:09'),(376,612,7,0.0,0,'2020-06-05 17:08:41'),(377,605,7,0.0,1,'2020-06-06 09:01:51'),(378,613,5,36.6,1,'2020-06-06 09:25:07'),(379,614,5,36.4,1,'2020-06-06 09:25:48'),(380,615,5,36.5,1,'2020-06-06 09:26:04'),(381,616,5,0.0,1,'2020-06-06 11:50:25'),(382,617,5,35.0,1,'2020-06-06 13:03:10'),(383,618,5,0.0,0,'2020-06-06 13:18:36'),(384,619,7,36.4,1,'2020-06-06 14:20:23'),(385,620,6,34.0,1,'2020-06-06 15:10:33'),(386,621,6,34.0,0,'2020-06-06 15:12:34'),(387,622,6,36.3,1,'2020-06-06 17:57:17'),(388,623,6,36.1,0,'2020-06-06 18:45:56'),(389,624,5,36.1,1,'2020-06-06 18:51:03'),(390,625,5,34.3,1,'2020-06-07 12:22:04'),(391,626,5,34.3,1,'2020-06-07 12:22:04'),(392,627,5,34.3,1,'2020-06-07 12:22:04'),(393,628,5,34.3,1,'2020-06-07 12:22:04'),(394,629,6,36.0,0,'2020-06-07 13:17:39'),(395,630,6,34.5,1,'2020-06-07 13:41:46'),(396,631,7,37.0,1,'2020-06-07 15:36:27'),(397,632,6,32.9,0,'2020-06-07 16:15:08'),(398,633,6,34.7,1,'2020-06-07 16:15:57'),(399,387,1,0.0,1,'2020-06-07 18:33:07'),(400,634,6,35.0,1,'2020-06-07 19:24:48'),(401,635,5,0.0,1,'2020-06-07 19:25:43'),(402,636,7,37.0,0,'2020-06-08 10:46:16'),(403,637,6,33.4,1,'2020-06-08 12:31:23'),(404,638,6,34.9,1,'2020-06-08 13:21:34'),(405,639,6,34.6,1,'2020-06-08 13:36:04'),(406,640,7,0.0,0,'2020-06-08 14:39:15'),(407,641,5,34.5,0,'2020-06-08 17:29:34'),(408,426,5,35.6,3,'2020-06-09 09:21:52'),(409,449,5,29.5,1,'2020-06-09 09:26:02'),(410,436,5,36.1,3,'2020-06-09 09:32:00'),(411,437,5,36.2,1,'2020-06-09 09:49:18'),(412,428,5,0.0,3,'2020-06-09 10:56:21'),(413,642,2,35.9,1,'2020-06-09 16:00:08'),(414,636,7,0.0,0,'2020-06-09 17:22:20'),(415,426,5,36.5,3,'2020-06-10 09:30:37'),(416,643,5,36.5,3,'2020-06-10 09:30:52'),(417,437,5,36.2,1,'2020-06-10 09:57:18'),(418,644,7,36.5,1,'2020-06-11 09:03:29'),(419,426,5,35.6,3,'2020-06-11 09:14:31'),(420,437,5,36.6,1,'2020-06-11 10:10:20'),(421,428,5,0.0,3,'2020-06-11 16:50:28'),(422,426,5,35.6,3,'2020-06-12 09:23:05'),(423,437,5,36.6,1,'2020-06-12 09:58:10'),(424,645,5,36.7,3,'2020-06-13 09:07:56'),(425,437,5,36.2,1,'2020-06-13 09:31:37'),(426,426,5,35.6,3,'2020-06-15 09:30:30'),(427,437,5,36.3,1,'2020-06-15 09:55:01'),(428,646,2,36.7,0,'2020-06-15 11:51:14'),(429,426,5,35.5,3,'2020-06-16 09:19:38'),(430,605,7,0.0,1,'2020-06-16 09:25:58'),(431,428,5,36.5,3,'2020-06-16 10:09:05'),(432,647,7,36.3,1,'2020-06-16 12:05:04'),(433,648,7,36.7,1,'2020-06-16 16:05:29'),(434,426,5,35.6,3,'2020-06-17 09:20:38'),(435,428,5,36.7,3,'2020-06-17 09:25:27'),(436,385,1,0.0,1,'2020-06-17 11:41:17'),(437,385,1,0.0,1,'2020-06-17 11:42:28'),(438,385,2,0.0,5,'2020-06-17 11:43:20'),(439,385,2,0.0,5,'2020-06-17 11:46:40'),(440,385,2,0.0,1,'2020-06-17 11:50:45'),(441,385,2,0.0,1,'2020-06-17 11:52:03'),(442,385,2,0.0,1,'2020-06-17 11:58:14'),(443,385,2,0.0,1,'2020-06-17 12:07:23'),(444,385,2,0.0,1,'2020-06-17 12:10:59'),(445,385,2,0.0,1,'2020-06-17 12:13:34'),(446,385,2,0.0,1,'2020-06-17 12:18:03'),(447,385,2,0.0,1,'2020-06-17 12:19:28'),(448,385,12,0.0,1,'2020-06-17 12:23:12'),(449,385,1,0.0,0,'2020-06-17 12:27:39'),(450,385,3,0.0,1,'2020-06-17 12:28:14'),(451,385,1,0.0,0,'2020-06-17 12:29:04'),(452,385,3,0.0,1,'2020-06-17 12:30:36'),(453,387,1,35.0,1,'2020-06-17 12:37:25'),(454,396,1,0.0,1,'2020-06-17 13:20:58'),(455,385,1,0.0,0,'2020-06-17 18:29:28'),(456,385,1,36.8,0,'2020-06-17 18:33:30'),(457,385,3,0.0,1,'2020-06-17 18:34:29'),(458,385,7,0.0,1,'2020-06-17 18:35:00'),(459,385,1,33.8,1,'2020-06-17 18:37:52'),(460,385,1,0.0,1,'2020-06-17 18:38:28'),(461,385,3,0.0,1,'2020-06-17 18:39:08'),(462,650,12,36.6,3,'2020-06-17 21:50:33'),(463,649,12,0.0,3,'2020-06-17 21:50:47'),(464,650,12,0.0,3,'2020-06-17 21:53:37'),(465,651,12,36.5,1,'2020-06-17 21:55:03'),(466,652,7,36.0,1,'2020-06-18 08:16:45'),(467,426,5,35.6,3,'2020-06-18 09:19:17'),(468,428,5,36.4,3,'2020-06-18 09:37:00'),(469,437,5,36.8,1,'2020-06-18 10:11:42'),(470,653,7,36.7,1,'2020-06-18 13:23:08'),(471,654,7,36.7,1,'2020-06-18 13:26:38'),(472,387,1,0.0,1,'2020-06-18 21:40:10'),(473,437,5,0.0,1,'2020-06-19 10:19:27'),(474,612,7,36.3,1,'2020-06-19 17:45:00'),(475,655,12,0.0,1,'2020-06-20 22:13:09'),(476,656,12,36.6,1,'2020-06-21 19:03:41'),(477,649,12,0.0,1,'2020-06-21 20:19:29'),(478,426,5,35.9,1,'2020-06-22 09:25:20'),(479,428,5,36.0,1,'2020-06-22 09:27:16'),(480,657,7,36.8,1,'2020-06-22 14:37:48'),(481,658,2,36.6,1,'2020-06-22 16:38:34'),(482,659,7,0.0,1,'2020-06-22 17:50:17'),(483,660,12,36.6,1,'2020-06-22 20:30:34'),(484,590,7,36.5,1,'2020-06-23 09:16:21'),(485,661,12,36.0,1,'2020-06-23 20:40:07'),(486,385,3,0.0,1,'2020-06-23 21:23:55'),(487,426,5,35.9,1,'2020-06-24 09:20:30'),(488,662,2,0.0,1,'2020-06-24 13:55:42'),(489,663,2,0.0,1,'2020-06-24 13:55:45'),(490,664,2,36.5,1,'2020-06-24 14:04:27'),(491,665,7,36.5,1,'2020-06-25 17:35:41'),(492,666,7,36.7,1,'2020-06-25 18:40:14'),(493,426,5,35.5,1,'2020-06-26 09:21:06'),(494,428,5,35.6,1,'2020-06-26 10:23:26'),(495,667,2,99.9,1,'2020-06-26 15:35:45'),(496,668,7,36.7,2,'2020-06-26 16:17:13'),(497,669,12,36.5,1,'2020-06-26 21:08:45'),(498,670,7,36.7,1,'2020-06-27 12:11:50'),(499,426,5,35.9,1,'2020-06-29 09:16:53'),(500,671,2,36.7,1,'2020-06-29 14:19:11'),(501,672,2,36.7,1,'2020-06-29 14:20:22'),(502,593,7,36.7,1,'2020-06-29 16:30:20'),(503,673,7,36.7,1,'2020-06-29 16:32:27'),(504,674,7,36.7,1,'2020-06-29 16:34:19'),(505,675,7,36.7,1,'2020-06-29 16:54:13'),(506,676,7,36.6,1,'2020-06-30 08:53:32'),(507,426,5,35.6,3,'2020-06-30 09:15:48'),(508,612,7,36.7,1,'2020-06-30 17:37:39'),(509,426,5,35.5,1,'2020-07-01 09:17:18'),(510,428,5,36.5,1,'2020-07-02 07:57:29'),(511,426,5,35.5,1,'2020-07-02 09:22:37'),(512,659,7,0.0,1,'2020-07-02 11:36:54'),(513,426,5,35.5,1,'2020-07-03 09:26:16'),(514,428,5,36.2,1,'2020-07-03 14:06:24'),(515,426,5,35.9,1,'2020-07-04 09:19:50'),(516,677,7,36.2,1,'2020-07-05 11:27:04'),(517,426,5,3.6,1,'2020-07-06 09:16:31'),(518,426,5,99.9,1,'2020-07-07 10:06:36'),(519,678,12,0.0,1,'2020-07-07 20:59:38'),(520,679,7,36.6,1,'2020-07-08 09:17:03'),(521,426,5,35.9,1,'2020-07-08 09:20:08'),(522,680,2,0.0,1,'2020-07-08 15:35:48'),(523,426,5,35.9,1,'2020-07-09 09:28:13'),(524,681,7,36.1,1,'2020-07-09 15:31:33'),(525,659,7,0.0,1,'2020-07-09 16:41:00'),(526,612,7,0.0,1,'2020-07-09 17:08:30'),(527,682,12,36.8,2,'2020-07-09 20:20:14'),(528,683,12,36.4,1,'2020-07-09 20:36:18'),(529,426,5,36.0,1,'2020-07-10 09:21:29'),(530,684,7,36.4,1,'2020-07-10 13:53:44'),(531,426,5,35.7,1,'2020-07-13 09:15:19'),(532,685,2,36.5,1,'2020-07-13 16:22:35'),(533,686,12,0.0,1,'2020-07-13 20:27:53'),(534,426,5,35.5,1,'2020-07-14 09:16:31'),(535,687,12,36.9,1,'2020-07-14 20:56:29'),(536,426,5,35.5,1,'2020-07-15 09:17:30'),(537,426,5,35.6,1,'2020-07-16 09:17:17'),(538,688,7,36.7,2,'2020-07-16 11:04:05'),(539,670,7,36.6,1,'2020-07-17 10:17:33'),(540,689,12,36.0,1,'2020-07-17 20:02:29'),(541,426,5,35.5,1,'2020-07-18 09:18:53'),(542,426,5,35.9,1,'2020-07-20 09:18:46'),(543,426,5,35.5,1,'2020-07-21 09:15:20'),(544,426,5,35.6,1,'2020-07-22 09:15:58'),(545,426,5,35.6,1,'2020-07-23 09:13:57'),(546,690,12,39.0,1,'2020-07-23 20:37:52'),(547,691,12,36.5,1,'2020-07-23 21:55:31'),(548,692,12,35.4,1,'2020-07-23 21:55:46'),(549,426,5,35.5,1,'2020-07-24 09:06:47'),(550,426,5,35.6,1,'2020-07-25 09:18:42'),(551,693,12,36.6,1,'2020-07-25 20:12:39'),(552,694,12,36.3,1,'2020-07-25 21:51:00'),(553,678,12,0.0,1,'2020-07-25 23:05:27'),(554,684,7,36.6,1,'2020-07-26 09:56:24'),(555,426,5,35.5,1,'2020-07-27 09:18:57'),(556,426,5,35.5,1,'2020-07-28 09:11:01'),(557,695,12,0.0,1,'2020-07-28 19:42:48'),(558,426,5,35.5,1,'2020-07-29 09:28:49'),(559,696,12,36.8,1,'2020-07-29 19:38:28'),(560,697,12,36.5,1,'2020-07-29 22:44:38'),(561,426,5,35.6,1,'2020-07-30 09:26:24'),(562,698,7,36.2,1,'2020-07-30 11:09:59'),(563,699,12,0.0,1,'2020-07-31 21:11:27'),(564,700,12,36.8,1,'2020-07-31 22:58:11'),(565,701,12,36.5,1,'2020-07-31 23:02:57'),(566,702,12,36.6,1,'2020-07-31 23:59:24'),(567,426,5,36.5,1,'2020-08-03 09:35:35'),(568,426,5,36.2,1,'2020-08-04 09:14:59'),(569,703,12,36.2,1,'2020-08-13 18:11:25'),(570,387,13,0.0,2,'2020-08-25 11:19:46'),(571,704,13,36.2,2,'2020-08-26 08:46:31');

--
-- Temporary table structure for view `v_user_client`
--

/*!50001 DROP VIEW IF EXISTS `v_user_client`*/;
/*!50001 CREATE VIEW `v_user_client` AS SELECT 
 1 AS `id_pengguna`,
 1 AS `nama`,
 1 AS `no_tel`,
 1 AS `emel`,
 1 AS `kpbaru`,
 1 AS `id_client`*/;

--
-- Final view structure for view `v_user_client`
--

/*!50001 DROP VIEW IF EXISTS `v_user_client`*/;


