(10171,62,5.407801,100.334015,'2020-12-13 13:41:48'),(10172,62,5.400701,100.326813,'2020-12-13 14:04:44'),(10173,62,5.400931,100.327278,'2020-12-13 14:42:24'),(10174,62,5.401042,100.327293,'2020-12-13 14:52:29'),(10175,62,5.401002,100.327324,'2020-12-13 15:02:34'),(10176,62,5.350131,100.294975,'2020-12-13 16:15:18'),(10177,62,5.351777,100.293602,'2020-12-13 16:26:17'),(10178,62,5.365884,100.310020,'2020-12-13 16:58:49'),(10179,62,5.357477,100.297379,'2020-12-13 17:08:56'),(10180,62,5.357477,100.297379,'2020-12-13 17:08:56'),(10181,61,5.332830,100.291290,'2020-12-13 17:24:41'),(10182,61,5.334442,100.289261,'2020-12-13 17:35:12'),(10183,61,5.357993,100.292732,'2020-12-13 17:45:12'),(10184,61,5.351384,100.293449,'2020-12-13 17:55:12'),(10185,61,5.340180,100.309784,'2020-12-13 18:05:13'),(10186,61,5.347148,100.309975,'2020-12-13 18:16:54'),(10187,61,5.343884,100.308914,'2020-12-13 18:26:54'),(10188,61,5.336926,100.304710,'2020-12-13 18:39:30'),(10189,61,5.340255,100.302353,'2020-12-13 18:49:30'),(10190,63,3.114794,101.565216,'2020-12-15 09:39:32'),(10191,63,3.114534,101.565170,'2020-12-15 09:59:30'),(10192,63,3.114534,101.565170,'2020-12-15 10:09:31'),(10193,63,3.114743,101.565178,'2020-12-15 10:19:31'),(10194,60,5.429896,100.319077,'2020-12-15 10:27:55'),(10195,63,3.114817,101.565399,'2020-12-15 10:29:31'),(10196,60,5.429896,100.319077,'2020-12-15 10:38:43'),(10197,60,5.419634,100.323288,'2020-12-15 10:51:27'),(10198,60,5.390542,100.313103,'2020-12-15 11:04:34'),(10199,61,5.340241,100.302361,'2020-12-15 13:35:04'),(10200,61,5.340234,100.302361,'2020-12-15 13:45:04'),(10201,61,5.340261,100.302284,'2020-12-15 13:55:04'),(10202,61,5.340240,100.302368,'2020-12-15 14:15:04'),(10203,61,5.340236,100.302383,'2020-12-15 14:25:04'),(10204,61,5.340742,100.301796,'2020-12-15 14:55:04'),(10205,61,5.340234,100.302361,'2020-12-15 15:05:04'),(10206,60,5.388915,100.305298,'2020-12-15 16:16:00'),(10207,60,5.388842,100.305283,'2020-12-15 16:26:31'),(10208,60,5.388842,100.305283,'2020-12-15 16:26:31'),(10209,60,5.388841,100.305283,'2020-12-15 16:36:32'),(10210,60,5.388841,100.305283,'2020-12-15 16:36:32'),(10211,60,5.388865,100.305153,'2020-12-15 16:55:59'),(10212,60,5.388967,100.305176,'2020-12-15 17:06:30'),(10213,60,5.388884,100.305321,'2020-12-15 17:16:31'),(10214,60,5.388554,100.305099,'2020-12-15 17:26:31'),(10215,60,5.388554,100.305099,'2020-12-15 17:26:31'),(10216,60,5.388524,100.304802,'2020-12-15 17:36:33'),(10217,60,5.388524,100.304802,'2020-12-15 17:36:33'),(10218,60,5.388524,100.304893,'2020-12-15 17:46:33'),(10219,60,5.388509,100.305115,'2020-12-15 17:56:33'),(10220,60,5.388509,100.305115,'2020-12-15 17:56:33'),(10221,60,5.388343,100.305008,'2020-12-15 18:15:59'),(10222,60,5.388783,100.304688,'2020-12-15 18:26:01'),(10223,60,5.388783,100.304688,'2020-12-15 18:26:01'),(10224,60,5.388746,100.304688,'2020-12-15 18:36:32'),(10225,60,5.388746,100.304688,'2020-12-15 18:36:32'),(10226,60,5.388473,100.304695,'2020-12-15 18:46:33'),(10227,60,5.388473,100.304695,'2020-12-15 18:46:33'),(10228,60,5.388465,100.304733,'2020-12-15 18:56:33'),(10229,60,5.388465,100.304733,'2020-12-15 18:56:33'),(10230,60,5.388688,100.304665,'2020-12-15 19:06:34'),(10231,60,5.388535,100.305313,'2020-12-15 19:25:59'),(10232,60,5.388704,100.304970,'2020-12-15 19:36:01'),(10233,61,5.340244,100.302376,'2020-12-15 20:28:33'),(10234,60,5.429919,100.319084,'2020-12-16 10:06:05'),(10235,60,5.429932,100.319107,'2020-12-16 10:26:06'),(10236,60,5.429928,100.319099,'2020-12-16 10:41:03'),(10237,60,5.429544,100.318596,'2020-12-16 10:51:03'),(10238,2,3.197786,101.598816,'2020-12-16 11:46:28'),(10239,2,3.197788,101.598831,'2020-12-16 11:56:28'),(10240,63,3.043095,101.620338,'2020-12-16 12:06:48'),(10241,2,3.197672,101.598724,'2020-12-16 12:16:28'),(10242,63,3.043361,101.621468,'2020-12-16 12:16:48'),(10243,2,3.197417,101.598862,'2020-12-16 12:26:36'),(10244,63,3.043373,101.621475,'2020-12-16 12:26:48'),(10245,63,3.043102,101.621735,'2020-12-16 12:36:48'),(10246,2,3.197421,101.598869,'2020-12-16 12:46:28'),(10247,63,3.055848,101.624207,'2020-12-16 12:46:48'),(10248,2,3.197419,101.598862,'2020-12-16 12:56:29'),(10249,63,3.053880,101.622353,'2020-12-16 13:01:05'),(10250,2,3.197331,101.598839,'2020-12-16 13:06:29'),(10251,63,3.112020,101.598000,'2020-12-16 13:11:05'),(10252,2,3.192894,101.593483,'2020-12-16 13:16:33'),(10253,63,3.153421,101.595116,'2020-12-16 13:26:48'),(10254,2,3.212398,101.575363,'2020-12-16 13:36:28'),(10255,63,3.152217,101.593903,'2020-12-16 13:36:49'),(10256,2,3.207524,101.628677,'2020-12-16 13:46:28'),(10257,63,3.152914,101.592484,'2020-12-16 13:51:05'),(10258,63,3.153222,101.595261,'2020-12-16 14:06:48'),(10259,63,3.153221,101.595268,'2020-12-16 14:16:52'),(10260,63,3.153242,101.595406,'2020-12-16 14:31:04'),(10261,63,3.153342,101.594391,'2020-12-16 14:41:05'),(10262,63,3.153274,101.594391,'2020-12-16 14:56:18'),(10263,63,3.153223,101.594337,'2020-12-16 15:06:47'),(10264,63,3.153312,101.594727,'2020-12-16 15:16:48'),(10265,63,3.153244,101.595360,'2020-12-16 15:27:40'),(10266,63,3.153238,101.595383,'2020-12-16 15:37:40'),(10267,63,3.152016,101.592918,'2020-12-16 15:47:40'),(10268,63,3.162762,101.586624,'2020-12-16 15:57:40'),(10269,63,3.161932,101.586662,'2020-12-16 16:11:03'),(10270,60,5.402472,100.317223,'2020-12-16 16:11:17'),(10271,63,3.161932,101.586662,'2020-12-16 16:21:04'),(10272,60,5.402528,100.316956,'2020-12-16 16:30:41'),(10273,63,3.161932,101.586662,'2020-12-16 16:31:04'),(10274,60,5.402503,100.317245,'2020-12-16 16:40:41'),(10275,60,5.402513,100.317657,'2020-12-16 16:50:46'),(10276,63,3.161932,101.586662,'2020-12-16 16:55:22'),(10277,60,5.402452,100.317215,'2020-12-16 17:01:02'),(10278,60,5.402498,100.317535,'2020-12-16 17:11:02'),(10279,60,5.402495,100.317184,'2020-12-16 17:21:02'),(10280,60,5.402459,100.317245,'2020-12-16 17:31:02'),(10281,60,5.402380,100.317116,'2020-12-16 17:41:13'),(10282,60,5.429921,100.319099,'2020-12-17 10:10:10'),(10283,60,5.429924,100.319084,'2020-12-17 10:20:12'),(10284,60,5.429917,100.319084,'2020-12-17 10:40:10'),(10285,60,5.429923,100.319092,'2020-12-17 10:50:10'),(10286,60,5.429916,100.319061,'2020-12-17 11:00:11'),(10287,60,5.386619,100.313812,'2020-12-17 11:20:09'),(10288,2,3.197699,101.598885,'2020-12-18 11:15:03'),(10289,2,3.197790,101.598755,'2020-12-18 11:25:03'),(10290,2,3.197478,101.598877,'2020-12-18 11:35:03'),(10291,2,3.197528,101.598785,'2020-12-18 11:45:03'),(10292,2,3.197736,101.598801,'2020-12-18 11:55:03'),(10293,2,3.198043,101.598991,'2020-12-18 12:15:03'),(10294,2,3.197750,101.598816,'2020-12-18 12:25:03'),(10295,2,3.198037,101.599640,'2020-12-18 12:35:03'),(10296,2,3.197880,101.598854,'2020-12-18 12:45:03'),(10297,60,5.400806,100.330826,'2020-12-18 12:49:35'),(10298,2,3.197881,101.598885,'2020-12-18 12:55:03'),(10299,60,5.398296,100.310860,'2020-12-18 12:59:43'),(10300,2,3.197927,101.598816,'2020-12-18 13:05:23'),(10301,60,5.398307,100.310890,'2020-12-18 13:09:47'),(10302,2,3.198097,101.599579,'2020-12-18 13:25:03'),(10303,60,5.398301,100.310875,'2020-12-18 13:29:36'),(10304,2,3.197652,101.598839,'2020-12-18 13:35:03'),(10305,2,3.197832,101.598831,'2020-12-18 13:45:03'),(10306,2,3.197624,101.598900,'2020-12-18 14:09:08'),(10307,2,3.208017,101.615959,'2020-12-18 14:19:08'),(10308,2,3.197580,101.598785,'2020-12-18 14:39:07'),(10309,2,3.197635,101.599266,'2020-12-18 14:49:07'),(10310,2,3.197853,101.598839,'2020-12-18 14:59:07'),(10311,2,3.197496,101.598869,'2020-12-18 15:09:07'),(10312,2,3.197861,101.598816,'2020-12-18 15:19:08'),(10313,2,3.197799,101.598885,'2020-12-18 15:39:08'),(10314,2,3.197592,101.598801,'2020-12-18 15:59:08'),(10315,2,3.197901,101.598907,'2020-12-18 16:19:37'),(10316,2,3.197443,101.598869,'2020-12-18 16:39:07'),(10317,2,3.197423,101.598862,'2020-12-18 16:49:07'),(10318,2,3.197413,101.598854,'2020-12-18 16:59:07'),(10319,2,3.197408,101.598846,'2020-12-18 17:09:07'),(10320,2,3.197413,101.598846,'2020-12-18 17:19:07'),(10321,2,3.197430,101.598846,'2020-12-18 17:29:07'),(10322,2,3.197436,101.598846,'2020-12-18 17:39:07'),(10323,2,3.197431,101.598869,'2020-12-18 17:49:07'),(10324,2,3.197465,101.598938,'2020-12-18 17:59:07'),(10325,2,3.197417,101.598846,'2020-12-18 18:09:07'),(10326,2,3.197420,101.598846,'2020-12-18 18:29:09'),(10327,2,3.197419,101.598862,'2020-12-18 18:49:07'),(10328,2,3.197428,101.598862,'2020-12-18 18:59:07'),(10329,2,3.197434,101.598885,'2020-12-18 19:09:07'),(10330,2,3.197420,101.598854,'2020-12-18 19:19:07'),(10331,2,3.197414,101.598846,'2020-12-18 19:29:08'),(10332,2,3.197426,101.598869,'2020-12-18 19:39:08'),(10333,2,3.197439,101.599152,'2020-12-18 19:59:07'),(10334,2,3.197223,101.599358,'2020-12-18 20:09:08'),(10335,60,5.393258,100.286095,'2020-12-19 10:08:19'),(10336,60,5.393238,100.286491,'2020-12-19 10:18:20'),(10337,60,5.393142,100.286530,'2020-12-19 10:28:21'),(10338,60,5.393295,100.287209,'2020-12-19 10:41:24'),(10339,60,5.393273,100.287224,'2020-12-19 10:51:24'),(10340,60,5.393226,100.287132,'2020-12-19 11:08:19'),(10341,60,5.393397,100.287109,'2020-12-19 11:18:19'),(10342,60,5.393264,100.287193,'2020-12-19 11:28:19'),(10343,60,5.393255,100.287285,'2020-12-19 11:38:20'),(10344,60,5.393105,100.287392,'2020-12-19 11:48:20'),(10345,60,5.393222,100.287178,'2020-12-19 11:58:21'),(10346,2,3.192097,101.627678,'2020-12-19 14:48:36'),(10347,2,3.190742,101.629845,'2020-12-19 14:58:37'),(10348,2,3.210936,101.565292,'2020-12-19 15:18:36'),(10349,2,3.210914,101.565338,'2020-12-19 15:28:36'),(10350,2,3.210902,101.565346,'2020-12-19 15:38:36'),(10351,2,3.210923,101.565346,'2020-12-19 15:48:36'),(10352,2,3.210926,101.565300,'2020-12-19 15:58:36'),(10353,2,3.210920,101.565346,'2020-12-19 16:08:37'),(10354,61,5.330379,100.278824,'2020-12-19 16:16:47'),(10355,2,3.210916,101.565338,'2020-12-19 16:28:36'),(10356,61,5.332336,100.269279,'2020-12-19 16:36:46'),(10357,2,3.211022,101.565430,'2020-12-19 16:38:36'),(10358,61,5.332483,100.269226,'2020-12-19 16:46:47'),(10359,2,3.210556,101.566093,'2020-12-19 16:48:36'),(10360,61,5.332374,100.269302,'2020-12-19 16:56:47'),(10361,61,5.332311,100.269257,'2020-12-19 17:06:47'),(10362,2,3.211696,101.564186,'2020-12-19 17:08:36'),(10363,61,5.332331,100.269287,'2020-12-19 17:16:47'),(10364,2,3.211585,101.564064,'2020-12-19 17:18:36'),(10365,2,3.211496,101.563675,'2020-12-19 17:28:36'),(10366,61,5.335574,100.289284,'2020-12-19 17:29:34'),(10367,2,3.211757,101.564110,'2020-12-19 17:38:36'),(10368,61,5.351645,100.293488,'2020-12-19 17:39:35'),(10369,2,3.211620,101.563889,'2020-12-19 17:48:36'),(10370,61,5.351979,100.293526,'2020-12-19 17:49:35'),(10371,2,3.211729,101.564545,'2020-12-19 17:58:40'),(10372,2,3.211821,101.564163,'2020-12-19 18:11:19'),(10373,2,3.211507,101.563683,'2020-12-19 18:21:20'),(10374,2,3.211727,101.564308,'2020-12-19 18:38:37'),(10375,2,3.211490,101.563683,'2020-12-19 18:51:19'),(10376,2,3.211799,101.564049,'2020-12-19 19:01:19'),(10377,2,3.197386,101.599266,'2020-12-19 19:12:44'),(10378,2,3.197402,101.598808,'2020-12-19 19:29:06'),(10379,2,3.199544,101.595695,'2020-12-19 19:41:19'),(10380,2,3.199544,101.595695,'2020-12-19 19:51:19'),(10381,2,3.199544,101.595695,'2020-12-19 20:03:10'),(10382,2,3.197438,101.598862,'2020-12-19 20:18:37'),(10383,2,3.197464,101.598808,'2020-12-19 20:31:18'),(10384,2,3.197932,101.599548,'2020-12-19 20:41:19'),(10385,2,3.197532,101.598839,'2020-12-19 20:52:44'),(10386,2,3.197862,101.598450,'2020-12-19 21:02:44'),(10387,2,3.197486,101.598862,'2020-12-19 21:12:44'),(10388,2,3.198148,101.599426,'2020-12-19 21:22:44'),(10389,2,3.197461,101.598846,'2020-12-20 10:55:02'),(10390,2,3.197418,101.598839,'2020-12-20 11:05:02'),(10391,2,3.197424,101.598846,'2020-12-20 11:25:01'),(10392,2,3.197413,101.598831,'2020-12-20 11:35:02'),(10393,2,3.200173,101.594627,'2020-12-20 11:45:02'),(10394,2,3.197678,101.597832,'2020-12-20 11:55:05'),(10395,2,3.191067,101.626671,'2020-12-20 12:15:00'),(10396,61,5.398962,100.326096,'2020-12-20 12:23:50'),(10397,2,3.190666,101.626717,'2020-12-20 12:25:01'),(10398,61,5.413403,100.340179,'2020-12-20 12:33:50'),(10399,2,3.191282,101.626656,'2020-12-20 12:35:04'),(10400,61,5.398987,100.328354,'2020-12-20 12:43:50'),(10401,2,3.191281,101.627380,'2020-12-20 12:46:39'),(10402,61,5.399544,100.328995,'2020-12-20 12:53:50'),(10403,2,3.191441,101.626678,'2020-12-20 12:56:39'),(10404,61,5.401848,100.330894,'2020-12-20 13:03:50'),(10405,2,3.191504,101.626930,'2020-12-20 13:06:40'),(10406,61,5.396562,100.326256,'2020-12-20 13:13:50'),(10407,2,3.191241,101.627518,'2020-12-20 13:16:40'),(10408,61,5.340016,100.298157,'2020-12-20 13:23:50'),(10409,2,3.192274,101.634850,'2020-12-20 13:26:40'),(10410,61,5.333676,100.294662,'2020-12-20 13:33:50'),(10411,2,3.192410,101.635345,'2020-12-20 13:36:40'),(10412,61,5.337565,100.296814,'2020-12-20 13:43:50'),(10413,2,3.192416,101.635353,'2020-12-20 13:46:40'),(10414,61,5.340696,100.301788,'2020-12-20 13:53:50'),(10415,2,3.192415,101.635345,'2020-12-20 13:56:40'),(10416,2,3.192417,101.635353,'2020-12-20 14:06:40'),(10417,2,3.195118,101.629417,'2020-12-20 14:16:40'),(10418,2,3.192960,101.593445,'2020-12-20 14:26:40'),(10419,2,3.195050,101.592163,'2020-12-20 14:36:40'),(10420,2,3.191912,101.593323,'2020-12-20 14:46:41'),(10421,2,3.197805,101.593170,'2020-12-20 14:57:23'),(10422,2,3.197795,101.593193,'2020-12-20 15:07:25'),(10423,2,3.197085,101.593025,'2020-12-20 15:21:04'),(10424,2,3.197229,101.599220,'2020-12-20 15:32:23'),(10425,2,3.197583,101.598099,'2020-12-20 15:42:24'),(10426,2,3.198015,101.598930,'2020-12-20 15:54:42'),(10427,2,3.197458,101.598854,'2020-12-20 16:05:01'),(10428,2,3.197421,101.598854,'2020-12-20 16:19:48'),(10429,61,5.340247,100.302383,'2020-12-20 16:23:07'),(10430,2,3.197420,101.598846,'2020-12-20 16:29:48'),(10431,2,3.197416,101.598846,'2020-12-20 16:39:48'),(10432,2,3.197392,101.598854,'2020-12-20 16:49:48'),(10433,2,3.197414,101.598869,'2020-12-20 16:59:48'),(10434,2,3.197410,101.598854,'2020-12-20 17:09:48'),(10435,2,3.197428,101.598846,'2020-12-20 17:19:48'),(10436,2,3.197416,101.598839,'2020-12-20 17:29:48'),(10437,2,3.197420,101.598839,'2020-12-20 17:39:48'),(10438,2,3.197426,101.598846,'2020-12-20 17:49:48'),(10439,2,3.197421,101.598854,'2020-12-20 18:01:04'),(10440,2,3.197412,101.598846,'2020-12-20 18:12:23'),(10441,2,3.197429,101.598846,'2020-12-20 18:22:23'),(10442,2,3.197412,101.598831,'2020-12-20 18:32:23'),(10443,2,3.197415,101.598846,'2020-12-20 18:42:23'),(10444,2,3.197414,101.598846,'2020-12-20 18:52:23'),(10445,2,3.197422,101.598846,'2020-12-20 19:02:23'),(10446,2,3.197421,101.598846,'2020-12-20 19:12:23'),(10447,2,3.197445,101.598846,'2020-12-20 19:22:23'),(10448,2,3.197416,101.598831,'2020-12-20 19:32:23'),(10449,2,3.197422,101.598869,'2020-12-20 19:42:23'),(10450,2,3.197410,101.598778,'2020-12-20 19:52:23'),(10451,2,3.197416,101.598839,'2020-12-20 20:02:23'),(10452,61,5.406727,100.331764,'2020-12-21 09:40:30'),(10453,61,5.429919,100.319092,'2020-12-21 10:00:34'),(10454,60,5.429911,100.319077,'2020-12-21 10:12:06'),(10455,61,5.429906,100.319054,'2020-12-21 10:14:53'),(10456,60,5.429915,100.319084,'2020-12-21 10:22:07'),(10457,61,5.429926,100.319077,'2020-12-21 10:24:54'),(10458,60,5.429915,100.319084,'2020-12-21 10:32:07'),(10459,61,5.429937,100.319099,'2020-12-21 10:34:56'),(10460,60,5.429915,100.319084,'2020-12-21 10:42:07'),(10461,62,5.429910,100.319069,'2020-12-21 10:45:52'),(10462,60,5.429915,100.319084,'2020-12-21 10:52:08'),(10463,62,5.429902,100.319077,'2020-12-21 10:55:52'),(10464,62,5.429914,100.319077,'2020-12-21 11:07:01'),(10465,60,5.429914,100.319092,'2020-12-21 11:07:33'),(10466,60,5.429921,100.319092,'2020-12-21 11:17:33'),(10467,62,5.429909,100.319084,'2020-12-21 11:20:11'),(10468,60,5.429921,100.319092,'2020-12-21 11:27:33'),(10469,62,5.429932,100.319077,'2020-12-21 11:30:12'),(10470,61,5.428673,100.319710,'2020-12-21 11:30:57'),(10471,61,5.428673,100.319710,'2020-12-21 11:30:57'),(10472,60,5.429909,100.319069,'2020-12-21 11:37:35'),(10473,62,5.429893,100.319077,'2020-12-21 11:40:18'),(10474,62,5.429893,100.319077,'2020-12-21 11:40:18'),(10475,60,5.429914,100.319077,'2020-12-21 11:47:35'),(10476,62,5.429644,100.318733,'2020-12-21 11:50:19'),(10477,2,3.094160,101.735397,'2020-12-21 11:52:52'),(10478,60,5.426027,100.324295,'2020-12-21 11:58:15'),(10479,62,5.427544,100.321716,'2020-12-21 12:05:51'),(10480,60,5.404034,100.335106,'2020-12-21 12:12:06'),(10481,2,3.094152,101.735420,'2020-12-21 12:12:50'),(10482,62,5.413145,100.339882,'2020-12-21 12:15:51'),(10483,60,5.406821,100.332687,'2020-12-21 12:22:06'),(10484,2,3.094153,101.735420,'2020-12-21 12:22:51'),(10485,62,5.407058,100.333626,'2020-12-21 12:26:02'),(10486,60,5.406978,100.332428,'2020-12-21 12:32:07'),(10487,2,3.100598,101.736755,'2020-12-21 12:32:51'),(10488,62,5.406781,100.332573,'2020-12-21 12:37:01'),(10489,60,5.406727,100.332443,'2020-12-21 12:42:07'),(10490,2,3.152189,101.693977,'2020-12-21 12:42:51'),(10491,62,5.406770,100.332642,'2020-12-21 12:50:11'),(10492,60,5.403047,100.330002,'2020-12-21 12:52:08'),(10493,2,3.194334,101.629944,'2020-12-21 12:52:51'),(10494,62,5.401005,100.328972,'2020-12-21 13:00:13'),(10495,60,5.398575,100.311394,'2020-12-21 13:02:09'),(10496,2,3.195082,101.591789,'2020-12-21 13:03:12'),(10497,62,5.400605,100.329414,'2020-12-21 13:10:13'),(10498,2,3.197591,101.598244,'2020-12-21 13:13:12'),(10499,60,5.398284,100.310890,'2020-12-21 13:17:34'),(10500,2,3.197420,101.598862,'2020-12-21 13:23:12'),(10501,2,3.197411,101.598846,'2020-12-21 13:33:12'),(10502,2,3.197421,101.598854,'2020-12-21 13:43:12'),(10503,2,3.197426,101.598839,'2020-12-21 13:53:12'),(10504,2,3.197441,101.598877,'2020-12-21 14:03:13'),(10505,2,3.197417,101.598854,'2020-12-21 14:13:35'),(10506,2,3.197416,101.598824,'2020-12-21 14:23:35'),(10507,2,3.197418,101.598846,'2020-12-21 14:33:36'),(10508,2,3.197426,101.598816,'2020-12-21 14:48:33'),(10509,62,5.361000,100.296188,'2020-12-21 14:58:49'),(10510,2,3.197421,101.598824,'2020-12-21 15:02:50'),(10511,2,3.197428,101.598854,'2020-12-21 15:12:50'),(10512,2,3.197416,101.598831,'2020-12-21 15:22:50'),(10513,2,3.197420,101.598869,'2020-12-21 15:32:50'),(10514,2,3.197408,101.598846,'2020-12-21 15:42:50'),(10515,2,3.197416,101.598824,'2020-12-21 15:52:50'),(10516,2,3.197427,101.598816,'2020-12-21 16:02:50'),(10517,2,3.197431,101.598824,'2020-12-21 16:12:50'),(10518,2,3.197436,101.598869,'2020-12-21 16:22:51'),(10519,2,3.197439,101.598846,'2020-12-21 16:32:51'),(10520,2,3.197806,101.598808,'2020-12-21 16:43:12'),(10521,62,5.358554,100.296608,'2020-12-21 18:19:51'),(10522,62,5.357897,100.296715,'2020-12-21 18:29:51'),(10523,62,5.358887,100.296249,'2020-12-21 18:39:51'),(10524,62,5.358513,100.293533,'2020-12-21 18:49:52'),(10525,62,5.357906,100.296867,'2020-12-21 18:59:52'),(10526,62,5.357831,100.296616,'2020-12-21 19:19:52'),(10527,62,5.357812,100.296791,'2020-12-21 19:39:52'),(10528,62,5.357439,100.296967,'2020-12-21 19:54:34'),(10529,60,5.409906,100.319023,'2020-12-21 20:05:41'),(10530,60,5.429571,100.319618,'2020-12-22 10:07:38'),(10531,60,5.429930,100.319077,'2020-12-22 10:17:43'),(10532,62,5.442710,100.306183,'2020-12-22 10:44:00'),(10533,62,5.477130,100.274704,'2020-12-22 10:54:00'),(10534,62,5.477413,100.265488,'2020-12-22 11:04:03'),(10535,61,5.340259,100.302383,'2020-12-22 11:04:27'),(10536,61,5.340262,100.302383,'2020-12-22 11:14:27'),(10537,62,5.477227,100.266495,'2020-12-22 11:17:30'),(10538,61,5.340260,100.302383,'2020-12-22 11:24:28'),(10539,62,5.478367,100.269165,'2020-12-22 11:27:30'),(10540,62,5.470087,100.276375,'2020-12-22 11:41:34'),(10541,61,5.340257,100.302376,'2020-12-22 11:44:27'),(10542,62,5.471015,100.275803,'2020-12-22 11:51:34'),(10543,61,5.340257,100.302383,'2020-12-22 11:54:27'),(10544,62,5.464712,100.296982,'2020-12-22 12:01:49'),(10545,61,5.340256,100.302376,'2020-12-22 12:04:28'),(10546,62,5.439056,100.306992,'2020-12-22 12:11:49'),(10547,62,5.399766,100.303993,'2020-12-22 12:21:49'),(10548,61,5.340261,100.302383,'2020-12-22 12:24:27'),(10549,62,5.360746,100.295670,'2020-12-22 12:31:49'),(10550,61,5.340482,100.302132,'2020-12-22 12:34:27'),(10551,62,5.361027,100.296127,'2020-12-22 12:52:09'),(10552,61,5.415942,100.329453,'2020-12-22 12:54:26'),(10553,61,5.423041,100.322220,'2020-12-22 13:04:26'),(10554,61,5.429905,100.319054,'2020-12-22 13:14:26'),(10555,61,5.429911,100.319099,'2020-12-22 13:24:26'),(10556,61,5.429896,100.319092,'2020-12-22 13:34:48'),(10557,61,5.432090,100.314720,'2020-12-22 13:53:12'),(10558,61,5.426794,100.322037,'2020-12-22 14:04:26'),(10559,61,5.420307,100.340881,'2020-12-22 14:14:26'),(10560,61,5.387488,100.317482,'2020-12-22 14:24:26'),(10561,62,5.335538,100.288719,'2020-12-22 16:17:26'),(10562,62,5.335590,100.289055,'2020-12-22 16:27:27'),(10563,62,5.335574,100.289009,'2020-12-22 16:47:26'),(10564,62,5.335494,100.288948,'2020-12-22 16:57:26'),(10565,62,5.335487,100.289055,'2020-12-22 17:07:26'),(10566,62,5.335453,100.288849,'2020-12-22 17:27:26'),(10567,62,5.335397,100.289070,'2020-12-22 17:37:27'),(10568,62,5.335443,100.289017,'2020-12-22 17:57:26'),(10569,62,5.335484,100.288979,'2020-12-22 18:17:25'),(10570,62,5.335564,100.288948,'2020-12-22 18:27:26'),(10571,62,5.335598,100.288811,'2020-12-22 18:37:26'),(10572,62,5.335874,100.288773,'2020-12-22 18:47:27'),(10573,62,5.335557,100.288773,'2020-12-22 18:57:59'),(10574,62,5.335563,100.289032,'2020-12-22 19:09:47'),(10575,62,5.335585,100.289024,'2020-12-22 19:19:47'),(10576,62,5.335196,100.288376,'2020-12-22 19:37:26'),(10577,62,5.361202,100.296303,'2020-12-22 19:47:26'),(10578,62,5.360989,100.296158,'2020-12-22 19:57:26'),(10579,62,5.422188,100.312752,'2020-12-23 10:27:39'),(10580,62,5.371376,100.297279,'2020-12-23 10:37:39'),(10581,62,5.342786,100.292679,'2020-12-23 10:47:39'),(10582,62,5.337511,100.308220,'2020-12-23 10:57:39'),(10583,62,5.338348,100.308563,'2020-12-23 11:07:40'),(10584,62,5.324953,100.291924,'2020-12-23 11:19:40'),(10585,61,5.340271,100.302383,'2020-12-23 11:27:33'),(10586,62,5.301277,100.255623,'2020-12-23 11:29:42'),(10587,62,5.302502,100.256630,'2020-12-23 11:39:43'),(10588,62,5.328616,100.273155,'2020-12-23 11:50:21'),(10589,61,5.344878,100.306953,'2020-12-23 12:22:27'),(10590,61,5.344874,100.306953,'2020-12-23 12:32:28'),(10591,61,5.343258,100.304420,'2020-12-23 12:42:33'),(10592,61,5.340257,100.302376,'2020-12-23 12:55:31'),(10593,61,5.340253,100.302391,'2020-12-23 13:05:31'),(10594,61,5.340257,100.302383,'2020-12-23 13:15:31'),(10595,61,5.340257,100.302383,'2020-12-23 13:15:31'),(10596,61,5.341911,100.268562,'2020-12-23 14:13:59'),(10597,61,5.341838,100.268990,'2020-12-23 14:23:59'),(10598,61,5.341311,100.271782,'2020-12-23 14:33:59'),(10599,61,5.332496,100.293900,'2020-12-23 14:43:59'),(10600,61,5.406757,100.331787,'2020-12-23 14:53:59'),(10601,61,5.421395,100.324005,'2020-12-23 15:03:59'),(10602,61,5.429969,100.319122,'2020-12-23 15:13:59'),(10603,61,5.428386,100.319656,'2020-12-23 15:23:59'),(10604,61,5.418524,100.344254,'2020-12-23 15:33:59'),(10605,61,5.363174,100.315239,'2020-12-23 15:43:59'),(10606,61,5.332541,100.276276,'2020-12-23 15:53:59'),(10607,61,5.340884,100.271523,'2020-12-23 16:04:00'),(10608,61,5.340928,100.271446,'2020-12-23 16:16:46'),(10609,62,5.344089,100.293671,'2020-12-23 16:26:25'),(10610,61,5.340921,100.271446,'2020-12-23 16:26:46'),(10611,62,5.344056,100.293571,'2020-12-23 16:36:25'),(10612,61,5.340947,100.271423,'2020-12-23 16:36:46'),(10613,61,5.340947,100.271423,'2020-12-23 16:36:46'),(10614,61,5.340947,100.271423,'2020-12-23 16:36:46'),(10615,62,5.344073,100.293541,'2020-12-23 16:46:25'),(10616,61,5.341182,100.271606,'2020-12-23 16:46:46'),(10617,61,5.341182,100.271606,'2020-12-23 16:46:46'),(10618,61,5.340963,100.271515,'2020-12-23 16:56:46'),(10619,61,5.340963,100.271515,'2020-12-23 16:56:46'),(10620,61,5.340963,100.271515,'2020-12-23 16:56:46'),(10621,62,5.344078,100.293312,'2020-12-23 17:05:00'),(10622,61,5.340855,100.271484,'2020-12-23 17:06:47'),(10623,62,5.344023,100.293465,'2020-12-23 17:15:00'),(10624,61,5.340919,100.271515,'2020-12-23 17:19:01'),(10625,62,5.344046,100.293579,'2020-12-23 17:25:01'),(10626,61,5.340881,100.271523,'2020-12-23 17:29:01'),(10627,62,5.344036,100.293442,'2020-12-23 17:35:01'),(10628,61,5.340903,100.271629,'2020-12-23 17:39:34'),(10629,62,5.344072,100.293526,'2020-12-23 17:46:23'),(10630,61,5.340909,100.271606,'2020-12-23 17:49:34'),(10631,62,5.344108,100.293457,'2020-12-23 17:56:24'),(10632,61,5.340944,100.271507,'2020-12-23 17:59:34'),(10633,62,5.344129,100.293663,'2020-12-23 18:06:25'),(10634,61,5.340923,100.271667,'2020-12-23 18:09:34'),(10635,62,5.344161,100.293724,'2020-12-23 18:16:25'),(10636,61,5.340936,100.271721,'2020-12-23 18:19:34'),(10637,61,5.340955,100.271538,'2020-12-23 18:29:34'),(10638,62,5.344090,100.293564,'2020-12-23 18:35:01'),(10639,61,5.340939,100.271461,'2020-12-23 18:39:36'),(10640,62,5.344098,100.293648,'2020-12-23 18:45:02'),(10641,61,5.340935,100.271477,'2020-12-23 18:50:04'),(10642,61,5.340935,100.271477,'2020-12-23 18:50:04'),(10643,61,5.340935,100.271477,'2020-12-23 18:50:04'),(10644,61,5.340934,100.271553,'2020-12-23 19:00:04'),(10645,61,5.340931,100.271492,'2020-12-23 19:10:04'),(10646,61,5.340931,100.271492,'2020-12-23 19:10:04'),(10647,61,5.340956,100.271561,'2020-12-23 19:20:04'),(10648,61,5.340956,100.271561,'2020-12-23 19:20:04'),(10649,2,3.197444,101.598839,'2020-12-24 10:26:54'),(10650,2,3.197422,101.598839,'2020-12-24 10:36:54'),(10651,2,3.197454,101.598740,'2020-12-24 10:46:54'),(10652,2,3.197464,101.598785,'2020-12-24 10:56:54'),(10653,2,3.197531,101.598717,'2020-12-24 11:06:54'),(10654,2,3.197459,101.598892,'2020-12-24 11:16:54'),(10655,2,3.197413,101.598846,'2020-12-24 11:26:54'),(10656,2,3.197437,101.598854,'2020-12-24 11:36:54'),(10657,2,3.197952,101.598877,'2020-12-24 11:46:54'),(10658,61,5.340262,100.302383,'2020-12-24 11:55:10'),(10659,2,3.197527,101.598770,'2020-12-24 11:56:54'),(10660,61,5.340261,100.302391,'2020-12-24 12:05:10'),(10661,2,3.197461,101.598831,'2020-12-24 12:06:54'),(10662,61,5.340269,100.302383,'2020-12-24 12:15:11'),(10663,2,3.197419,101.598816,'2020-12-24 12:16:54'),(10664,61,5.340257,100.302383,'2020-12-24 12:35:10'),(10665,2,3.197468,101.598785,'2020-12-24 12:35:19'),(10666,61,5.340255,100.302391,'2020-12-24 12:45:10'),(10667,2,3.197458,101.598801,'2020-12-24 12:45:20'),(10668,2,3.197556,101.598801,'2020-12-24 12:56:54'),(10669,2,3.197610,101.598747,'2020-12-24 13:06:54'),(10670,2,3.197426,101.598839,'2020-12-24 13:16:54'),(10671,2,3.197453,101.598816,'2020-12-24 13:26:54'),(10672,2,3.197459,101.598839,'2020-12-24 13:36:54'),(10673,2,3.196690,101.593834,'2020-12-24 13:46:55'),(10674,2,3.195222,101.593361,'2020-12-24 13:56:56'),(10675,61,5.307570,100.267128,'2020-12-24 13:58:04'),(10676,61,5.308040,100.266556,'2020-12-24 14:08:07'),(10677,2,3.195090,101.592194,'2020-12-24 14:15:19'),(10678,61,5.308448,100.267021,'2020-12-24 14:22:38'),(10679,2,3.199532,101.596756,'2020-12-24 14:25:27'),(10680,61,5.307896,100.267853,'2020-12-24 14:32:38'),(10681,2,3.197461,101.598816,'2020-12-24 14:36:53'),(10682,61,5.308022,100.267654,'2020-12-24 14:42:38'),(10683,2,3.197448,101.598824,'2020-12-24 14:46:54'),(10684,2,3.197441,101.598808,'2020-12-24 14:56:54'),(10685,2,3.197453,101.598740,'2020-12-24 15:06:54'),(10686,2,3.197440,101.598816,'2020-12-24 15:16:54'),(10687,2,3.197426,101.598839,'2020-12-24 15:26:54'),(10688,2,3.197433,101.598846,'2020-12-24 15:36:54'),(10689,2,3.197422,101.598839,'2020-12-24 15:46:54'),(10690,2,3.197459,101.598770,'2020-12-24 15:56:54'),(10691,61,5.341055,100.271355,'2020-12-24 16:06:46'),(10692,2,3.197427,101.598816,'2020-12-24 16:06:54'),(10693,61,5.341389,100.271866,'2020-12-24 16:16:46'),(10694,2,3.197443,101.598793,'2020-12-24 16:16:54'),(10695,61,5.340920,100.271461,'2020-12-24 16:26:46'),(10696,2,3.197413,101.598816,'2020-12-24 16:26:54'),(10697,2,3.197430,101.598831,'2020-12-24 16:36:54'),(10698,61,5.340956,100.271538,'2020-12-24 16:46:46'),(10699,61,5.340902,100.271469,'2020-12-24 16:56:46'),(10700,61,5.340835,100.271355,'2020-12-24 17:06:46'),(10701,61,5.340936,100.271446,'2020-12-24 19:24:42'),(10702,61,5.336183,100.275032,'2020-12-25 15:50:49'),(10703,61,5.340919,100.271545,'2020-12-25 16:09:51'),(10704,61,5.340995,100.271515,'2020-12-25 16:20:42'),(10705,61,5.340932,100.271500,'2020-12-25 16:30:42'),(10706,61,5.340934,100.271461,'2020-12-25 16:40:44'),(10707,61,5.340936,100.271515,'2020-12-25 16:59:50'),(10708,61,5.340895,100.271416,'2020-12-25 17:09:50'),(10709,61,5.340951,100.271454,'2020-12-25 17:19:51'),(10710,61,5.340961,100.271431,'2020-12-25 17:30:42'),(10711,61,5.340924,100.271523,'2020-12-25 17:40:43'),(10712,60,5.398308,100.310974,'2020-12-27 11:02:30'),(10713,60,5.398328,100.310959,'2020-12-27 11:12:30'),(10714,60,5.398314,100.310982,'2020-12-27 11:22:31'),(10715,2,3.197463,101.598801,'2020-12-27 14:00:23'),(10716,2,3.197439,101.598854,'2020-12-27 14:20:21'),(10717,2,3.197415,101.598846,'2020-12-27 14:30:21'),(10718,2,3.197466,101.598808,'2020-12-27 14:40:21'),(10719,2,3.197476,101.598862,'2020-12-27 14:50:22'),(10720,2,3.198110,101.597939,'2020-12-27 15:10:22'),(10721,2,3.197706,101.598839,'2020-12-27 15:20:22'),(10722,61,5.350885,100.305199,'2020-12-27 15:31:14'),(10723,2,3.197430,101.598785,'2020-12-27 15:40:21'),(10724,2,3.197417,101.598808,'2020-12-27 15:50:24'),(10725,2,3.197407,101.598846,'2020-12-27 16:10:22'),(10726,2,3.197411,101.598846,'2020-12-27 16:30:21'),(10727,2,3.197445,101.598824,'2020-12-27 16:40:21'),(10728,2,3.197463,101.598816,'2020-12-27 17:00:22'),(10729,2,3.197465,101.598816,'2020-12-27 17:20:21'),(10730,2,3.197471,101.598824,'2020-12-27 17:30:21'),(10731,2,3.198827,101.604576,'2020-12-27 17:40:21'),(10732,2,3.192388,101.602089,'2020-12-27 18:00:20'),(10733,2,3.203487,101.601021,'2020-12-27 18:10:21'),(10734,2,3.192388,101.602089,'2020-12-27 18:30:20'),(10735,2,3.197263,101.606712,'2020-12-27 18:40:20'),(10736,61,5.407707,100.332069,'2020-12-28 09:35:54'),(10737,61,5.429595,100.318657,'2020-12-28 09:49:01'),(10738,61,5.429919,100.319077,'2020-12-28 09:59:01'),(10739,61,5.429907,100.319046,'2020-12-28 10:09:01'),(10740,61,5.429919,100.319069,'2020-12-28 10:19:01'),(10741,62,5.429971,100.319115,'2020-12-28 10:33:42'),(10742,62,5.429914,100.319069,'2020-12-28 10:53:40'),(10743,62,5.429521,100.318878,'2020-12-28 11:03:41'),(10744,62,5.420079,100.320152,'2020-12-28 11:23:41'),(10745,62,5.418734,100.322617,'2020-12-28 11:33:41'),(10746,62,5.418313,100.320503,'2020-12-28 11:46:08'),(10747,62,5.406367,100.314873,'2020-12-28 11:59:03'),(10748,62,5.388765,100.305603,'2020-12-28 12:09:03'),(10749,2,3.197786,101.598602,'2020-12-28 14:17:58'),(10750,2,3.197868,101.598083,'2020-12-28 14:37:58'),(10751,2,3.197494,101.598808,'2020-12-28 14:57:59'),(10752,2,3.197545,101.598839,'2020-12-28 15:17:58'),(10753,2,3.197426,101.598724,'2020-12-28 15:27:58'),(10754,2,3.197453,101.598808,'2020-12-28 15:37:58'),(10755,2,3.197432,101.598854,'2020-12-28 15:47:58'),(10756,2,3.197426,101.598816,'2020-12-28 15:57:58'),(10757,2,3.197446,101.598816,'2020-12-28 16:07:59'),(10758,2,3.197425,101.598793,'2020-12-28 16:27:58'),(10759,2,3.197439,101.598831,'2020-12-28 16:37:58'),(10760,2,3.197416,101.598831,'2020-12-28 16:47:58'),(10761,2,3.197420,101.598846,'2020-12-28 16:57:58'),(10762,2,3.197428,101.598854,'2020-12-28 17:07:58'),(10763,2,3.197425,101.598854,'2020-12-28 17:17:59'),(10764,2,3.198835,101.603867,'2020-12-28 17:33:51'),(10765,2,3.198835,101.603867,'2020-12-28 17:43:51'),(10766,2,3.198827,101.604576,'2020-12-28 17:53:51'),(10767,2,3.198827,101.604576,'2020-12-28 18:03:51'),(10768,62,5.382607,100.280388,'2020-12-28 18:08:54'),(10769,2,3.199232,101.596046,'2020-12-28 18:13:51'),(10770,62,5.382608,100.280708,'2020-12-28 18:18:55'),(10771,2,3.198827,101.604576,'2020-12-28 18:23:51'),(10772,2,3.199544,101.595695,'2020-12-28 18:33:52'),(10773,62,5.382579,100.280647,'2020-12-28 18:38:55'),(10774,2,3.198827,101.604576,'2020-12-28 18:47:57'),(10775,62,5.382569,100.280525,'2020-12-28 18:48:55'),(10776,2,3.198827,101.604576,'2020-12-28 18:57:57'),(10777,62,5.382568,100.280190,'2020-12-28 18:58:55'),(10778,62,5.382549,100.280411,'2020-12-28 19:08:55'),(10779,62,5.382591,100.280693,'2020-12-28 19:18:55'),(10780,62,5.382622,100.280632,'2020-12-28 19:38:54'),(10781,62,5.382345,100.280334,'2020-12-28 19:48:54'),(10782,62,5.400816,100.296913,'2020-12-28 19:58:55'),(10783,60,5.429921,100.319061,'2020-12-29 11:04:25'),(10784,60,5.429941,100.319077,'2020-12-29 11:16:01'),(10785,60,5.430178,100.316994,'2020-12-29 12:10:55'),(10786,60,5.451337,100.305206,'2020-12-29 12:23:02'),(10787,2,3.198050,101.599503,'2020-12-29 12:27:12'),(10788,60,5.429881,100.320374,'2020-12-29 12:37:03'),(10789,2,3.197398,101.598862,'2020-12-29 12:47:14'),(10790,60,5.421593,100.303497,'2020-12-29 12:51:36'),(10791,60,5.397307,100.290909,'2020-12-29 13:03:08'),(10792,2,3.197374,101.598862,'2020-12-29 13:07:12'),(10793,60,5.397367,100.290871,'2020-12-29 13:13:14'),(10794,2,3.197416,101.598526,'2020-12-29 13:17:16'),(10795,60,5.397444,100.291054,'2020-12-29 13:23:45'),(10796,2,3.199928,101.625595,'2020-12-29 13:34:30'),(10797,3,5.429918,100.319069,'2020-12-29 13:36:21'),(10798,60,5.397423,100.291031,'2020-12-29 13:39:02'),(10799,2,3.235841,101.685371,'2020-12-29 13:47:12'),(10800,60,5.397446,100.291054,'2020-12-29 13:49:08'),(10801,2,3.235818,101.685341,'2020-12-29 13:57:17'),(10802,60,5.397437,100.291046,'2020-12-29 14:03:01'),(10803,60,5.397450,100.291054,'2020-12-29 14:13:05'),(10804,2,3.235138,101.687187,'2020-12-29 14:14:30'),(10805,2,3.133188,101.444984,'2020-12-29 14:24:44'),(10806,60,5.397449,100.291054,'2020-12-29 14:30:01'),(10807,2,3.192315,101.626747,'2020-12-29 14:37:10'),(10808,60,5.395497,100.289543,'2020-12-29 14:40:50'),(10809,2,3.192315,101.626709,'2020-12-29 14:47:10'),(10810,2,3.192244,101.626663,'2020-12-29 14:57:10'),(10811,2,3.192246,101.626701,'2020-12-29 15:07:12'),(10812,2,3.190548,101.628403,'2020-12-29 15:17:12'),(10813,2,3.192346,101.626785,'2020-12-29 16:03:18'),(10814,2,3.192267,101.626656,'2020-12-29 16:13:19'),(10815,2,3.197571,101.629608,'2020-12-29 16:30:11'),(10816,2,3.197430,101.599174,'2020-12-29 16:40:11'),(10817,2,3.197429,101.598648,'2020-12-29 16:50:21'),(10818,2,3.197379,101.598862,'2020-12-29 17:03:18'),(10819,2,3.197687,101.598633,'2020-12-29 17:13:19'),(10820,2,3.197686,101.598907,'2020-12-29 17:23:19'),(10821,2,3.197433,101.598824,'2020-12-29 17:40:12'),(10822,2,3.197374,101.598869,'2020-12-29 17:50:12'),(10823,2,3.197412,101.598793,'2020-12-29 18:00:12'),(10824,2,3.197376,101.598854,'2020-12-29 18:10:18'),(10825,2,3.197373,101.598862,'2020-12-29 18:20:18'),(10826,2,3.197387,101.598885,'2020-12-29 18:30:18'),(10827,2,3.197377,101.598854,'2020-12-29 18:40:18'),(10828,2,3.197371,101.598862,'2020-12-29 18:50:18'),(10829,2,3.198023,101.598152,'2020-12-29 19:00:18'),(10830,2,3.197825,101.598656,'2020-12-29 19:10:18'),(10831,2,3.196724,101.599960,'2020-12-29 19:20:18'),(10832,2,3.198827,101.604576,'2020-12-29 19:30:18'),(10833,2,3.197830,101.598862,'2020-12-29 19:40:18'),(10834,2,3.197478,101.598854,'2020-12-29 19:50:18'),(10835,61,5.340294,100.302399,'2020-12-30 12:32:53'),(10836,61,5.340303,100.302399,'2020-12-30 12:42:53'),(10837,61,5.352763,100.301910,'2020-12-30 13:04:42'),(10838,61,5.349519,100.298660,'2020-12-30 13:22:54'),(10839,61,5.350635,100.299347,'2020-12-30 13:32:54'),(10840,61,5.351163,100.300011,'2020-12-30 13:44:35'),(10841,61,5.352763,100.301910,'2020-12-30 13:54:35'),(10842,61,5.349079,100.298218,'2020-12-30 14:04:35'),(10843,61,5.352807,100.308525,'2020-12-30 14:14:35'),(10844,61,5.352524,100.307465,'2020-12-30 14:24:35'),(10845,61,5.351809,100.307709,'2020-12-30 14:34:35'),(10846,61,5.340446,100.302101,'2020-12-30 14:44:43'),(10847,61,5.334290,100.294724,'2020-12-30 20:22:33'),(10848,61,5.340294,100.302399,'2021-01-01 16:35:27'),(10849,61,5.340292,100.302399,'2021-01-01 16:45:27'),(10850,61,5.340292,100.302391,'2021-01-01 17:09:05'),(10851,61,5.340293,100.302391,'2021-01-01 20:14:53'),(10852,61,5.340294,100.302391,'2021-01-01 20:24:53'),(10853,61,5.429925,100.319069,'2021-01-04 11:27:40'),(10854,61,5.429921,100.319069,'2021-01-04 11:39:47'),(10855,61,5.429921,100.319069,'2021-01-04 11:39:47'),(10856,61,5.429930,100.319077,'2021-01-04 11:49:47'),(10857,61,5.429924,100.319069,'2021-01-04 11:59:47'),(10858,61,5.429924,100.319069,'2021-01-04 11:59:47'),(10859,61,5.429965,100.318985,'2021-01-04 12:09:47'),(10860,61,5.423246,100.327477,'2021-01-04 12:19:47'),(10861,61,5.423246,100.327477,'2021-01-04 12:19:47'),(10862,61,5.367728,100.312782,'2021-01-04 12:33:29'),(10863,61,5.367728,100.312782,'2021-01-04 12:33:29'),(10864,61,5.340518,100.302063,'2021-01-04 12:43:29'),(10865,61,5.340311,100.302399,'2021-01-04 12:53:33'),(10866,61,5.340311,100.302399,'2021-01-04 12:53:33'),(10867,61,5.340294,100.302376,'2021-01-04 13:07:40'),(10868,61,5.340293,100.302399,'2021-01-04 13:17:40'),(10869,62,5.429936,100.319061,'2021-01-06 11:02:27'),(10870,62,5.429933,100.319069,'2021-01-06 11:12:28'),(10871,62,5.429938,100.319038,'2021-01-06 11:22:28'),(10872,62,5.429936,100.319069,'2021-01-06 11:32:29'),(10873,62,5.429945,100.319069,'2021-01-06 12:05:31'),(10874,62,5.427478,100.320892,'2021-01-06 12:16:34'),(10875,62,5.432792,100.310616,'2021-01-06 12:28:01'),(10876,62,5.433956,100.310165,'2021-01-06 12:38:01'),(10877,62,5.432645,100.310631,'2021-01-06 12:48:02'),(10878,62,5.429757,100.312134,'2021-01-06 12:58:04'),(10879,62,5.429173,100.312157,'2021-01-06 13:08:04'),(10880,2,3.192739,101.593712,'2021-01-06 13:08:57'),(10881,62,5.424492,100.310020,'2021-01-06 13:18:04'),(10882,2,3.192682,101.593704,'2021-01-06 13:18:57'),(10883,62,5.425646,100.309143,'2021-01-06 13:28:30'),(10884,2,3.192697,101.593727,'2021-01-06 13:28:57'),(10885,2,3.192691,101.593697,'2021-01-06 13:38:57'),(10886,2,3.192673,101.593750,'2021-01-06 13:48:57'),(10887,62,5.426186,100.309380,'2021-01-06 13:56:11'),(10888,2,3.192676,101.593697,'2021-01-06 13:58:57'),(10889,2,3.192677,101.593712,'2021-01-06 14:08:57'),(10890,62,5.429159,100.310776,'2021-01-06 14:12:27'),(10891,2,3.192678,101.593697,'2021-01-06 14:18:57'),(10892,62,5.428680,100.311127,'2021-01-06 14:26:44'),(10893,2,3.192682,101.593719,'2021-01-06 14:28:57'),(10894,62,5.430052,100.311295,'2021-01-06 14:36:44'),(10895,2,3.192701,101.593445,'2021-01-06 14:38:57'),(10896,2,3.197125,101.591782,'2021-01-06 14:48:57'),(10897,2,3.197263,101.593605,'2021-01-06 14:59:03'),(10898,2,3.191498,101.599884,'2021-01-06 15:09:27'),(10899,2,3.191483,101.599899,'2021-01-06 15:19:27'),(10900,2,3.191425,101.599854,'2021-01-06 15:29:30'),(10901,2,3.191493,101.599930,'2021-01-06 15:39:56'),(10902,2,3.191339,101.599800,'2021-01-06 15:50:56'),(10903,2,3.191339,101.599800,'2021-01-06 15:50:56'),(10904,2,3.194783,101.593086,'2021-01-06 16:00:56'),(10905,2,3.194783,101.593086,'2021-01-06 16:00:56'),(10906,2,3.194783,101.593086,'2021-01-06 16:00:56'),(10907,2,3.197845,101.597565,'2021-01-06 16:10:56'),(10908,2,3.197845,101.597565,'2021-01-06 16:10:56'),(10909,2,3.197998,101.597389,'2021-01-06 16:21:18'),(10910,2,3.197992,101.597374,'2021-01-06 16:31:55'),(10911,2,3.197992,101.597374,'2021-01-06 16:31:55'),(10912,2,3.198017,101.597382,'2021-01-06 16:42:23'),(10913,2,3.198017,101.597382,'2021-01-06 16:42:23'),(10914,2,3.198008,101.597351,'2021-01-06 16:52:23'),(10915,2,3.198008,101.597351,'2021-01-06 16:52:23'),(10916,2,3.197987,101.597366,'2021-01-06 17:02:23'),(10917,2,3.197987,101.597366,'2021-01-06 17:02:23'),(10918,62,5.416741,100.308090,'2021-01-06 17:15:18'),(10919,62,5.391539,100.288719,'2021-01-06 17:25:19'),(10920,62,5.391550,100.288940,'2021-01-06 17:35:19'),(10921,62,5.391539,100.288933,'2021-01-06 17:45:20'),(10922,62,5.391509,100.288902,'2021-01-06 17:55:20'),(10923,2,3.197528,101.598824,'2021-01-06 17:56:32'),(10924,2,3.197847,101.598366,'2021-01-06 18:06:32'),(10925,62,5.391528,100.288933,'2021-01-06 18:12:22'),(10926,2,3.197873,101.598831,'2021-01-06 18:16:32'),(10927,62,5.391528,100.288933,'2021-01-06 18:22:23'),(10928,2,3.197893,101.598885,'2021-01-06 18:26:32'),(10929,62,5.391705,100.288887,'2021-01-06 18:32:23'),(10930,2,3.197780,101.598923,'2021-01-06 18:36:32'),(10931,62,5.390619,100.286194,'2021-01-06 18:42:23'),(10932,2,3.197758,101.598976,'2021-01-06 18:46:32'),(10933,62,5.389670,100.283691,'2021-01-06 18:52:23'),(10934,2,3.197457,101.598793,'2021-01-06 18:56:33'),(10935,62,5.389427,100.283524,'2021-01-06 19:05:19'),(10936,2,3.197935,101.598358,'2021-01-06 19:16:32'),(10937,62,5.390371,100.282883,'2021-01-06 19:17:29'),(10938,2,3.197810,101.598656,'2021-01-06 19:26:32'),(10939,62,5.390060,100.283363,'2021-01-06 19:32:22'),(10940,2,3.197553,101.598839,'2021-01-06 19:36:32'),(10941,62,5.389496,100.284027,'2021-01-06 19:42:22'),(10942,2,3.197948,101.598045,'2021-01-06 19:46:32'),(10943,62,5.390038,100.283569,'2021-01-06 19:52:23'),(10944,2,3.197634,101.598877,'2021-01-06 19:56:32'),(10945,62,5.389748,100.283661,'2021-01-06 20:02:23'),(10946,2,3.197508,101.598824,'2021-01-06 20:06:32'),(10947,62,5.390099,100.283409,'2021-01-06 20:15:19'),(10948,62,5.390318,100.283463,'2021-01-06 20:25:19'),(10949,62,5.390082,100.283356,'2021-01-06 20:35:19'),(10950,62,5.389437,100.283508,'2021-01-06 20:47:26'),(10951,62,5.390377,100.282860,'2021-01-06 20:57:26'),(10952,62,5.391544,100.288933,'2021-01-07 11:28:49'),(10953,62,5.391512,100.288834,'2021-01-07 11:38:49'),(10954,62,5.391523,100.288933,'2021-01-07 11:48:49'),(10955,62,5.398048,100.291855,'2021-01-07 12:05:14'),(10956,2,3.068942,101.656708,'2021-01-07 12:09:00'),(10957,62,5.397691,100.292595,'2021-01-07 12:15:14'),(10958,62,5.402679,100.286484,'2021-01-07 12:28:49'),(10959,2,3.069065,101.656395,'2021-01-07 12:29:06'),(10960,62,5.397680,100.292145,'2021-01-07 12:38:49'),(10961,62,5.395693,100.290207,'2021-01-07 12:48:49'),(10962,2,3.069062,101.656387,'2021-01-07 12:49:22'),(10963,62,5.395548,100.290199,'2021-01-07 12:58:49'),(10964,62,5.397434,100.291389,'2021-01-07 13:08:51'),(10965,2,3.069100,101.656403,'2021-01-07 13:09:00'),(10966,2,3.069046,101.656395,'2021-01-07 13:19:01'),(10967,62,5.395947,100.290520,'2021-01-07 13:20:13'),(10968,62,5.397736,100.294334,'2021-01-07 13:30:24'),(10969,2,3.069135,101.656387,'2021-01-07 13:38:59'),(10970,2,3.069036,101.656418,'2021-01-07 13:49:01'),(10971,62,5.391525,100.288940,'2021-01-07 13:58:11'),(10972,2,3.069085,101.656395,'2021-01-07 13:59:02'),(10973,62,5.391534,100.288933,'2021-01-07 14:08:11'),(10974,2,3.068194,101.657501,'2021-01-07 14:12:39'),(10975,62,5.391513,100.288925,'2021-01-07 14:18:12'),(10976,2,3.068190,101.657471,'2021-01-07 14:22:39'),(10977,2,3.068272,101.657539,'2021-01-07 14:32:39'),(10978,62,5.391510,100.288918,'2021-01-07 14:38:12'),(10979,2,3.068122,101.657501,'2021-01-07 14:42:39'),(10980,62,5.391525,100.288933,'2021-01-07 14:48:12'),(10981,2,3.068138,101.657600,'2021-01-07 14:52:39'),(10982,2,3.064554,101.664650,'2021-01-07 15:03:01'),(10983,62,5.391501,100.288918,'2021-01-07 15:08:11'),(10984,2,3.064293,101.663277,'2021-01-07 15:14:15'),(10985,62,5.391533,100.288918,'2021-01-07 15:18:12'),(10986,2,3.064293,101.663277,'2021-01-07 15:26:01'),(10987,2,3.066665,101.657494,'2021-01-07 15:38:59'),(10988,2,3.052404,101.648193,'2021-01-07 15:48:59'),(10989,2,3.035378,101.676086,'2021-01-07 15:58:59'),(10990,62,5.391757,100.288879,'2021-01-07 15:59:24'),(10991,62,5.391537,100.288940,'2021-01-07 16:09:25'),(10992,2,3.017325,101.675453,'2021-01-07 16:12:39'),(10993,62,5.391329,100.288277,'2021-01-07 16:19:42'),(10994,2,3.017304,101.675430,'2021-01-07 16:22:39'),(10995,62,5.392656,100.288231,'2021-01-07 16:29:42'),(10996,2,3.017316,101.675438,'2021-01-07 16:32:39'),(10997,62,5.392153,100.289169,'2021-01-07 16:39:42'),(10998,2,3.017303,101.675438,'2021-01-07 16:42:40'),(10999,62,5.391314,100.287971,'2021-01-07 16:49:42'),(11000,2,3.017445,101.675545,'2021-01-07 16:58:59'),(11001,62,5.391179,100.288200,'2021-01-07 16:59:43'),(11002,2,3.017445,101.675552,'2021-01-07 17:09:00'),(11003,62,5.390648,100.287392,'2021-01-07 17:10:06'),(11004,62,5.390874,100.287743,'2021-01-07 17:20:07'),(11005,2,3.017368,101.675491,'2021-01-07 17:22:39'),(11006,62,5.391619,100.287193,'2021-01-07 17:30:24'),(11007,2,3.017167,101.675331,'2021-01-07 17:32:39'),(11008,62,5.391233,100.288025,'2021-01-07 17:40:31'),(11009,2,3.047317,101.673103,'2021-01-07 17:42:39'),(11010,62,5.391222,100.287872,'2021-01-07 17:50:31'),(11011,2,3.060120,101.684334,'2021-01-07 17:52:39'),(11012,62,5.391256,100.288666,'2021-01-07 18:00:34'),(11013,2,3.054555,101.619522,'2021-01-07 18:09:30'),(11014,62,5.391520,100.288895,'2021-01-07 18:10:56'),(11015,62,5.391528,100.288933,'2021-01-07 18:20:56'),(11016,2,3.024088,101.616699,'2021-01-07 18:22:40'),(11017,62,5.391522,100.288933,'2021-01-07 18:30:56'),(11018,2,3.024107,101.616730,'2021-01-07 18:32:40'),(11019,62,5.391533,100.288933,'2021-01-07 18:40:56'),(11020,62,5.391551,100.288918,'2021-01-07 18:51:02'),(11021,62,5.391534,100.288933,'2021-01-07 19:59:56'),(11022,62,5.392265,100.287560,'2021-01-07 20:10:26'),(11023,62,5.391274,100.285881,'2021-01-07 20:27:35'),(11024,62,5.391182,100.286919,'2021-01-07 20:38:00'),(11025,62,5.392626,100.287659,'2021-01-07 20:48:00'),(11026,62,5.392616,100.284256,'2021-01-07 22:16:29'),(11027,62,5.392616,100.284256,'2021-01-07 22:27:02'),(11028,62,5.392616,100.284256,'2021-01-07 22:37:02'),(11029,62,5.392616,100.284256,'2021-01-07 22:47:02'),(11030,62,5.391540,100.288933,'2021-01-07 22:57:03'),(11031,62,5.392017,100.287529,'2021-01-08 09:48:57'),(11032,62,5.405291,100.293144,'2021-01-08 09:58:57'),(11033,62,5.429697,100.318840,'2021-01-08 10:08:58'),(11034,62,5.400776,100.297028,'2021-01-08 10:33:39'),(11035,62,5.391540,100.288933,'2021-01-08 10:43:40'),(11036,62,5.391502,100.288902,'2021-01-08 10:53:40'),(11037,62,5.391492,100.288918,'2021-01-08 11:03:40'),(11038,62,5.391471,100.288902,'2021-01-08 11:22:06'),(11039,62,5.391532,100.288940,'2021-01-08 11:33:34'),(11040,62,5.391523,100.288925,'2021-01-08 11:52:04'),(11041,62,5.391514,100.288933,'2021-01-08 12:02:04'),(11042,62,5.391491,100.288895,'2021-01-08 12:12:04'),(11043,62,5.391528,100.288933,'2021-01-08 12:22:04'),(11044,62,5.391533,100.288933,'2021-01-08 12:32:05'),(11045,62,5.385307,100.284676,'2021-01-08 15:47:15'),(11046,62,5.384002,100.283211,'2021-01-08 15:58:05'),(11047,62,5.384002,100.283211,'2021-01-08 16:08:05'),(11048,62,5.391376,100.284363,'2021-01-08 16:18:06'),(11049,62,5.391376,100.284363,'2021-01-08 16:35:53'),(11050,62,5.391376,100.284363,'2021-01-08 16:45:53'),(11051,62,5.391376,100.284363,'2021-01-08 16:56:19'),(11052,2,3.069091,101.656448,'2021-01-08 17:04:02'),(11053,62,5.391376,100.284363,'2021-01-08 17:06:19'),(11054,2,3.069120,101.656410,'2021-01-08 17:14:02'),(11055,62,5.391376,100.284363,'2021-01-08 17:16:19'),(11056,2,3.069112,101.656448,'2021-01-08 17:24:07'),(11057,62,5.389591,100.283630,'2021-01-08 17:26:19'),(11058,62,5.389970,100.283920,'2021-01-08 17:36:19'),(11059,2,3.069122,101.656471,'2021-01-08 17:40:22'),(11060,62,5.389784,100.283592,'2021-01-08 17:46:19'),(11061,2,3.069172,101.656456,'2021-01-08 17:54:06'),(11062,62,5.389811,100.283524,'2021-01-08 17:56:19'),(11063,62,5.389950,100.283684,'2021-01-08 18:06:19'),(11064,62,5.389919,100.283287,'2021-01-08 18:16:19'),(11065,62,5.389705,100.283623,'2021-01-08 18:26:20'),(11066,62,5.389557,100.283447,'2021-01-08 18:37:14'),(11067,62,5.389633,100.283516,'2021-01-08 18:47:14'),(11068,62,5.390141,100.283379,'2021-01-08 18:57:14'),(11069,62,5.429917,100.319054,'2021-01-11 10:49:57'),(11070,62,5.429917,100.319054,'2021-01-11 10:49:57'),(11071,62,5.429934,100.319054,'2021-01-11 11:28:06'),(11072,62,5.445656,100.301910,'2021-01-11 11:55:47'),(11073,62,5.445656,100.301910,'2021-01-11 11:55:47'),(11074,62,5.448594,100.297264,'2021-01-11 12:13:58'),(11075,62,5.446337,100.299805,'2021-01-11 12:24:32'),(11076,62,5.446337,100.299805,'2021-01-11 12:24:32'),(11077,62,5.446337,100.299805,'2021-01-11 12:34:32'),(11078,62,5.446337,100.299805,'2021-01-11 12:34:32'),(11079,62,5.446348,100.304695,'2021-01-11 12:47:56'),(11080,62,5.450787,100.298019,'2021-01-11 12:58:34'),(11081,62,5.462845,100.306267,'2021-01-11 13:44:23'),(11082,2,3.157623,101.592598,'2021-01-12 12:38:43'),(11083,2,3.157565,101.592224,'2021-01-12 12:58:43'),(11084,2,3.157606,101.592209,'2021-01-12 13:08:52'),(11085,2,3.157562,101.592155,'2021-01-12 13:28:44'),(11086,2,3.157607,101.592148,'2021-01-12 13:48:43'),(11087,2,3.157579,101.592178,'2021-01-12 13:58:43'),(11088,2,3.157394,101.592560,'2021-01-12 14:31:37'),(11089,2,3.157205,101.592308,'2021-01-12 14:42:17'),(11090,2,3.157298,101.592377,'2021-01-12 15:01:37'),(11091,2,3.157403,101.592491,'2021-01-12 15:11:37'),(11092,2,3.157173,101.592491,'2021-01-12 15:21:37'),(11093,2,3.156913,101.592323,'2021-01-12 15:31:37'),(11094,2,3.157023,101.592270,'2021-01-12 15:42:14'),(11095,2,3.156953,101.592285,'2021-01-12 15:52:14'),(11096,2,3.156938,101.592323,'2021-01-12 16:02:14'),(11097,2,3.156933,101.592316,'2021-01-12 16:12:14'),(11098,2,3.157590,101.592003,'2021-01-12 16:22:14'),(11099,2,3.156911,101.592369,'2021-01-12 16:32:14'),(11100,2,3.157018,101.592346,'2021-01-12 16:42:15'),(11101,2,3.156951,101.592484,'2021-01-12 16:52:20'),(11102,2,3.156930,101.592293,'2021-01-12 17:11:37'),(11103,2,3.157132,101.592293,'2021-01-12 17:21:37'),(11104,2,3.158427,101.592087,'2021-01-12 17:31:37'),(11105,2,3.158399,101.591904,'2021-01-12 17:41:37'),(11106,2,3.197674,101.598701,'2021-01-12 19:27:09'),(11107,2,3.197792,101.598610,'2021-01-12 19:37:09'),(11108,2,3.197573,101.598877,'2021-01-12 19:47:09'),(11109,2,3.197651,101.598587,'2021-01-12 19:57:10'),(11110,2,3.197685,101.598534,'2021-01-12 20:07:13'),(11111,2,3.197637,101.598686,'2021-01-12 20:27:09'),(11112,2,3.197716,101.598732,'2021-01-12 20:37:10'),(11113,2,3.197678,101.598900,'2021-01-12 20:47:19'),(11114,2,3.197538,101.598694,'2021-01-12 21:07:09'),(11115,2,3.197729,101.598755,'2021-01-12 21:17:10'),(11116,2,3.197451,101.598816,'2021-01-12 21:37:09'),(11117,3,5.429503,100.317314,'2021-01-27 23:27:56'),(11118,2,2.997833,101.599190,'2021-02-02 14:07:30'),(11119,2,2.997837,101.599197,'2021-02-02 14:17:30'),(11120,2,2.997846,101.599220,'2021-02-02 14:27:30'),(11121,2,2.997833,101.599197,'2021-02-02 14:37:30'),(11122,2,2.997833,101.599197,'2021-02-02 14:47:30'),(11123,2,2.997838,101.599213,'2021-02-02 14:57:30'),(11124,2,2.997828,101.599213,'2021-02-02 15:07:30'),(11125,2,2.997837,101.599220,'2021-02-02 15:17:30'),(11126,2,2.997840,101.599220,'2021-02-02 15:27:30'),(11127,2,2.997839,101.599205,'2021-02-02 15:37:30'),(11128,2,2.997838,101.599213,'2021-02-02 15:47:30'),(11129,2,2.997762,101.599335,'2021-02-02 15:57:30'),(11130,2,3.008603,101.597954,'2021-02-02 16:07:40'),(11131,2,3.063319,101.613220,'2021-02-02 16:17:40'),(11132,2,3.198794,101.607422,'2021-02-02 16:34:55'),(11133,2,3.200193,101.592850,'2021-02-02 16:47:28'),(11134,2,3.199155,101.602798,'2021-02-02 16:57:52'),(11135,2,3.199175,101.601021,'2021-02-02 17:17:28'),(11136,2,3.197423,101.598732,'2021-02-02 17:27:32'),(11137,2,3.197428,101.598724,'2021-02-02 17:37:39'),(11138,2,3.197436,101.598755,'2021-02-02 17:47:39'),(11139,2,3.197436,101.598747,'2021-02-02 17:57:40'),(11140,2,3.197452,101.598724,'2021-02-02 18:07:40'),(11141,2,3.197441,101.598747,'2021-02-02 18:17:40'),(11142,2,3.197436,101.598740,'2021-02-02 18:27:40'),(11143,2,3.197576,101.598625,'2021-02-02 18:47:28'),(11144,2,3.212256,101.638481,'2021-02-10 11:36:12'),(11145,2,3.200561,101.612495,'2021-02-10 11:46:12'),(11146,2,3.197972,101.593536,'2021-02-10 11:56:12'),(11147,2,3.198442,101.589790,'2021-02-10 12:06:12'),(11148,2,3.198609,101.599480,'2021-02-10 12:16:12'),(11149,2,3.197334,101.598824,'2021-02-10 12:26:13'),(11150,2,3.197370,101.598381,'2021-02-10 12:37:18'),(11151,2,3.150835,101.595322,'2021-02-10 12:56:11'),(11152,2,3.158767,101.591751,'2021-02-10 13:06:11'),(11153,2,3.159350,101.591942,'2021-02-10 13:16:12'),(11154,2,3.159404,101.591949,'2021-02-10 13:26:12'),(11155,2,3.159009,101.592155,'2021-02-10 13:36:12'),(11156,2,3.159295,101.591942,'2021-02-10 13:46:12'),(11157,2,3.159341,101.591911,'2021-02-10 13:56:28'),(11158,2,3.159181,101.591713,'2021-02-10 14:06:29'),(11159,2,3.156009,101.593849,'2021-02-13 15:23:59'),(11160,2,3.115002,101.574509,'2021-02-13 15:44:02'),(11161,2,3.114938,101.575516,'2021-02-13 15:57:40'),(11162,2,3.115319,101.576111,'2021-02-13 16:07:40'),(11163,2,3.114892,101.574463,'2021-02-13 16:17:40'),(11164,2,3.113142,101.580765,'2021-02-13 16:33:59'),(11165,2,3.117551,101.675499,'2021-02-13 16:47:40'),(11166,2,3.133564,101.692825,'2021-02-13 16:59:08'),(11167,2,3.210945,101.669754,'2021-02-13 17:13:58'),(11168,2,3.200720,101.632195,'2021-02-13 17:23:59'),(11169,2,3.196474,101.628105,'2021-02-13 17:37:39'),(11170,2,3.197435,101.598801,'2021-02-13 17:47:41'),(11171,2,3.200575,101.689201,'2021-02-16 15:15:15'),(11172,2,3.194934,101.690918,'2021-02-16 15:25:15'),(11173,2,3.195373,101.717850,'2021-02-16 15:45:13'),(11174,2,3.195487,101.717682,'2021-02-16 15:55:13'),(11175,2,3.195387,101.717735,'2021-02-16 16:05:14'),(11176,2,3.195370,101.717735,'2021-02-16 16:15:14'),(11177,2,3.195354,101.717758,'2021-02-16 16:33:07'),(11178,2,3.195430,101.712517,'2021-02-16 16:43:08'),(11179,2,3.187375,101.704803,'2021-02-16 16:55:08'),(11180,2,3.200657,101.693886,'2021-02-16 17:05:08'),(11181,2,3.195323,101.690651,'2021-02-16 17:15:09'),(11182,2,3.188760,101.691154,'2021-02-16 17:25:14'),(11183,2,3.195165,101.691322,'2021-02-16 17:35:14'),(11184,2,3.196319,101.698273,'2021-02-16 17:45:14'),(11185,2,3.196350,101.698219,'2021-02-16 17:55:14'),(11186,2,3.196191,101.698532,'2021-02-16 18:05:14'),(11187,2,3.197317,101.697868,'2021-02-16 18:15:14'),(11188,2,3.195921,101.698853,'2021-02-16 18:25:14'),(11189,2,3.197436,101.697914,'2021-02-16 18:35:19'),(11190,2,3.199628,101.692627,'2021-02-16 18:46:59'),(11191,2,3.191638,101.653351,'2021-02-16 19:03:06'),(11192,2,3.198574,101.599457,'2021-02-16 19:13:07'),(11193,2,3.192426,101.594093,'2021-02-19 15:19:13'),(11194,2,3.190839,101.594040,'2021-02-19 15:39:12'),(11195,2,3.195984,101.592316,'2021-02-19 15:49:12'),(11196,2,3.198071,101.598450,'2021-02-19 15:59:13'),(11197,2,3.197369,101.598839,'2021-02-19 16:09:13'),(11198,2,3.197387,101.598839,'2021-02-19 16:19:13'),(11199,2,3.197373,101.598839,'2021-02-19 16:29:13'),(11200,2,3.197384,101.598846,'2021-02-19 16:39:13'),(11201,2,3.197376,101.598839,'2021-02-19 16:49:13'),(11202,2,3.069165,101.656410,'2021-03-01 12:38:14'),(11203,2,3.046930,101.621338,'2021-03-01 12:58:07'),(11204,2,3.040939,101.620621,'2021-03-01 13:18:06'),(11205,2,3.040942,101.620621,'2021-03-01 13:28:06'),(11206,2,3.040961,101.620636,'2021-03-01 13:38:06'),(11207,2,3.040952,101.620636,'2021-03-01 13:48:07'),(11208,2,3.040947,101.620644,'2021-03-01 14:08:06'),(11209,2,3.047342,101.623421,'2021-03-01 14:28:06'),(11210,2,3.046955,101.623947,'2021-03-01 14:38:06'),(11211,2,3.047141,101.624008,'2021-03-01 14:48:06'),(11212,2,3.047027,101.623962,'2021-03-01 14:58:07'),(11213,2,3.047020,101.623940,'2021-03-01 15:18:06'),(11214,2,3.047369,101.624123,'2021-03-01 15:28:14'),(11215,2,3.105739,101.593254,'2021-03-01 15:48:05'),(11216,2,3.188621,101.619682,'2021-03-01 15:58:05'),(11217,2,3.191005,101.590500,'2021-03-01 16:08:09'),(11218,2,3.190952,101.590439,'2021-03-01 16:26:18'),(11219,2,3.192638,101.593651,'2021-03-01 16:36:18'),(11220,2,3.193764,101.643333,'2021-03-01 16:46:22'),(11221,2,3.191932,101.653572,'2021-03-01 16:58:07'),(11222,2,3.191865,101.654144,'2021-03-01 17:08:19'),(11223,2,3.191620,101.651245,'2021-03-01 17:26:18'),(11224,2,3.197168,101.647331,'2021-03-01 17:36:18'),(11225,2,3.197081,101.593796,'2021-03-01 17:46:23'),(11226,2,3.197687,101.599358,'2021-03-01 17:58:06'),(11227,2,3.197732,101.599236,'2021-03-01 18:08:06'),(11228,2,3.196991,101.598511,'2021-03-01 18:18:15'),(11229,2,3.197371,101.598854,'2021-03-01 18:36:18'),(11230,2,3.197364,101.598854,'2021-03-01 18:46:18');

--
-- Table structure for table `t_sales`
--

CREATE TABLE `t_sales` (
  `id_sales` bigint(12) NOT NULL AUTO_INCREMENT,
  `id_user` int(6) NOT NULL DEFAULT '0',
  `id_job` bigint(12) NOT NULL DEFAULT '0',
  `id_client_cust` bigint(15) NOT NULL DEFAULT '0',
  `sales_amt` double(7,2) NOT NULL DEFAULT '0.00',
  `created_dt` datetime DEFAULT CURRENT_TIMESTAMP,
  `updated_dt` datetime DEFAULT NULL,
  `updated_by` int(6) NOT NULL DEFAULT '0',
  PRIMARY KEY (`id_sales`),
  KEY `id_user` (`id_user`),
  KEY `id_job` (`id_job`)
) ENGINE=InnoDB AUTO_INCREMENT=36 DEFAULT CHARSET=utf8 COMMENT='keep track sales data that is lined to a form';

--
-- Dumping data for table `t_sales`
--

INSERT INTO `t_sales` VALUES (1,4,1,194,500.00,'2020-01-03 16:12:06',NULL,0),(2,5,2,0,2580.00,'2020-01-04 01:04:13',NULL,0),(3,5,3,0,580.00,'2020-01-04 21:56:29',NULL,0),(4,5,3,0,380.00,'2020-01-04 21:57:17',NULL,0),(5,3,8,156,98.00,'2020-02-04 16:22:48',NULL,0),(6,3,7,94,98.00,'2020-02-04 16:22:57',NULL,0),(7,3,6,136,139.00,'2020-02-04 16:23:06','0000-00-00 00:00:00',3),(8,3,9,137,349.00,'2020-02-07 14:55:46',NULL,0),(9,3,10,188,139.00,'2020-02-07 15:06:39',NULL,0),(10,3,13,8,588.00,'2020-02-08 22:15:39',NULL,0),(11,3,12,158,980.00,'2020-02-08 22:15:51',NULL,0),(12,3,11,101,1250.00,'2020-02-08 22:16:04',NULL,0),(13,3,19,195,99.00,'2020-02-08 22:31:01',NULL,0),(14,3,18,196,139.00,'2020-02-08 22:31:14',NULL,0),(15,3,17,163,129.00,'2020-02-08 22:31:23',NULL,0),(16,3,16,10,2940.00,'2020-02-08 22:31:54',NULL,0),(17,3,15,7,3339.00,'2020-02-08 22:32:27',NULL,0),(18,3,14,13,5299.00,'2020-02-08 22:32:53',NULL,0),(19,3,20,102,139.00,'2020-02-08 22:35:12',NULL,0),(20,3,21,134,199.00,'2020-02-08 22:38:50',NULL,0),(21,19,24,127,5800.00,'2020-02-08 23:20:00',NULL,0),(22,18,25,98,580.00,'2020-02-08 23:46:28',NULL,0),(23,4,5,190,58888.00,'2020-02-14 12:17:49',NULL,0),(24,20,63,15,1000.00,'2020-02-28 11:18:33',NULL,0),(25,1,242,200,5000.00,'2020-04-13 19:54:11',NULL,0),(26,3,38,189,99999.99,'2020-04-15 17:45:52',NULL,0),(27,3,22,93,99999.99,'2020-04-15 17:46:10',NULL,0),(28,3,16,10,99999.99,'2020-04-15 21:17:27',NULL,0),(29,19,280,198,750.00,'2020-04-20 21:28:44',NULL,0),(30,19,281,198,380.00,'2020-04-20 21:32:09',NULL,0),(32,19,615,454,1200.00,'2020-06-17 09:28:36',NULL,0),(34,1,242,200,300.00,'2020-06-18 11:27:19',NULL,0),(35,1,444,197,1200.00,'2020-06-18 11:27:50',NULL,0);

--
-- Table structure for table `t_sales_details`
--

CREATE TABLE `t_sales_details` (
  `id_salesdet` int(15) NOT NULL AUTO_INCREMENT,
  `id_saleshead` bigint(12) NOT NULL DEFAULT '0',
  `line_no` int(2) NOT NULL DEFAULT '0',
  `id_product` int(7) NOT NULL DEFAULT '0',
  `qty_ordered` int(4) NOT NULL DEFAULT '0',
  `unit_price` double(7,2) NOT NULL DEFAULT '0.00',
  `line_discount` double(7,2) NOT NULL DEFAULT '0.00',
  `line_tax` double(7,2) NOT NULL DEFAULT '0.00',
  `if_shipped` tinyint(1) NOT NULL DEFAULT '0' COMMENT '0=No; 1=Yes',
  `created_dt` datetime NOT NULL DEFAULT CURRENT_TIMESTAMP,
  `updated_dt` datetime DEFAULT NULL,
  `updated_by` int(6) NOT NULL DEFAULT '0',
  PRIMARY KEY (`id_salesdet`),
  KEY `id_saleshead` (`id_saleshead`)
) ENGINE=InnoDB AUTO_INCREMENT=11 DEFAULT CHARSET=utf8 COMMENT='keep track sales order details';

--
-- Dumping data for table `t_sales_details`
--

INSERT INTO `t_sales_details` VALUES (1,1,1,1,1,999.00,0.00,0.00,0,'2020-08-28 19:35:47',NULL,0),(2,2,1,2,2,3200.00,0.00,0.00,0,'2020-08-28 19:36:53',NULL,0),(3,3,1,2,1,3000.00,0.00,0.00,0,'2020-08-28 19:37:42',NULL,0),(4,3,2,1,1,999.00,0.00,0.00,0,'2020-08-28 19:37:42',NULL,0),(5,4,1,5,1,99.00,0.00,0.00,0,'2020-09-01 11:00:00',NULL,0),(6,5,1,5,13,99.00,0.00,0.00,0,'2020-09-01 11:02:08',NULL,0),(7,6,1,4,5,60.00,0.00,0.00,0,'2020-10-07 11:56:27',NULL,0),(8,7,1,8,20,88.00,0.00,0.00,0,'2023-05-07 22:03:24',NULL,0),(9,8,1,4,15,60.00,0.00,0.00,0,'2023-05-08 12:44:48',NULL,0),(10,9,1,4,10,60.00,0.00,0.00,0,'2023-05-10 16:33:48',NULL,0);

--
-- Table structure for table `t_sales_head`
--

CREATE TABLE `t_sales_head` (
  `id_saleshead` bigint(12) NOT NULL AUTO_INCREMENT,
  `id_user` int(6) NOT NULL DEFAULT '0',
  `id_job` bigint(12) NOT NULL DEFAULT '0',
  `id_client_cust` bigint(15) NOT NULL DEFAULT '0',
  `so_number` bigint(15) NOT NULL DEFAULT '0',
  `tot_price` double(10,2) NOT NULL DEFAULT '0.00',
  `tot_discount` double(7,2) NOT NULL DEFAULT '0.00',
  `tot_tax` double(7,2) NOT NULL DEFAULT '0.00',
  `remarks` text,
  `order_status` tinyint(2) NOT NULL DEFAULT '1' COMMENT '1=New;;2=Cancelled;3=Processing;4=Confirmed;5=Paid',
  `ship_add1` varchar(40) DEFAULT NULL,
  `ship_add2` varchar(40) DEFAULT NULL,
  `ship_add3` varchar(40) DEFAULT NULL,
  `ship_postcode` int(5) NOT NULL DEFAULT '0',
  `ship_status` tinyint(2) NOT NULL DEFAULT '0' COMMENT '0=New;1=Preparing;2=In Transit;3=Completed',
  `ship_vendor` varchar(50) DEFAULT NULL,
  `track_no` varchar(50) DEFAULT NULL COMMENT 'Shipper tracking number',
  `track_url` varchar(100) DEFAULT NULL COMMENT 'Shipper tracking URL',
  `created_dt` datetime DEFAULT CURRENT_TIMESTAMP,
  `updated_dt` datetime DEFAULT NULL,
  `updated_by` int(6) NOT NULL DEFAULT '0',
  PRIMARY KEY (`id_saleshead`),
  KEY `id_user` (`id_user`),
  KEY `id_job` (`id_job`),
  KEY `id_client_cust` (`id_client_cust`)
) ENGINE=InnoDB AUTO_INCREMENT=10 DEFAULT CHARSET=utf8 COMMENT='keep track sales order head';

--
-- Dumping data for table `t_sales_head`
--

INSERT INTO `t_sales_head` VALUES (1,1,0,197,1000000,999.00,0.00,0.00,NULL,1,'JALAN SIAM P ','','',246,0,NULL,NULL,NULL,'2020-08-28 19:35:47',NULL,0),(2,1,0,200,1000001,6400.00,500.00,0.00,NULL,3,'GENE POOL IS OPEN ','','',1123,0,NULL,NULL,NULL,'2020-08-28 19:36:53','0000-00-00 00:00:00',1),(3,1,444,197,1000002,3999.00,0.00,0.00,NULL,4,'JALAN SIAM P ','','',246,0,NULL,NULL,NULL,'2020-08-28 19:37:42','0000-00-00 00:00:00',1),(4,26,0,906,1000000,99.00,0.00,0.00,NULL,1,'18-15-G GURNEY TOWER ','','',225,0,NULL,NULL,NULL,'2020-09-01 10:59:59',NULL,0),(5,26,0,906,1000001,1287.00,0.00,0.00,NULL,4,'18-15-G GURNEY TOWER ','','',225,0,NULL,NULL,NULL,'2020-09-01 11:02:08','0000-00-00 00:00:00',26),(6,19,0,478,1000000,300.00,0.00,0.00,NULL,1,'BAGAN LUAR','','',224,0,NULL,NULL,NULL,'2020-10-07 11:56:27',NULL,0),(7,81,5420,2794,1000001,1760.00,0.00,0.00,NULL,1,'711-G-50 TAMAN EMAS','TELUK KUMBAR','',321,0,NULL,NULL,NULL,'2023-05-07 22:03:24',NULL,0),(8,81,5433,2790,1000002,900.00,0.00,0.00,NULL,1,'NO 6 JALAN SYED SHEH ','','',209,0,NULL,NULL,NULL,'2023-05-08 12:44:48',NULL,0),(9,81,5456,2809,1000003,600.00,0.00,0.00,NULL,1,'1-G-6 MEDAN ANGSANA 3','','',314,0,NULL,NULL,NULL,'2023-05-10 16:33:48',NULL,0);

--
-- Table structure for table `t_subscription`
--

CREATE TABLE `t_subscription` (
  `id_subs` bigint(10) NOT NULL AUTO_INCREMENT,
  `id_user` int(6) NOT NULL COMMENT 'linked to m_user',
  `id_plan` tinyint(2) NOT NULL COMMENT 'linked to m_plan',
  `plan_amt` double(6,2) NOT NULL,
  `pay_gate_ref` varchar(20) COLLATE utf8_unicode_ci NOT NULL COMMENT 'payment gateway reference',
  `plan_start` date NOT NULL,
  `plan_end` date NOT NULL,
  `id_sales` int(6) NOT NULL DEFAULT '0' COMMENT 'sales agent, linked to m_user',
  `if_paid` tinyint(1) NOT NULL DEFAULT '0' COMMENT 'paid to sales agent?',
  `created_by` int(6) NOT NULL,
  `created_dt` datetime NOT NULL,
  PRIMARY KEY (`id_subs`),
  KEY `id_user` (`id_user`),
  KEY `id_plan` (`id_plan`)
) ENGINE=InnoDB AUTO_INCREMENT=209 DEFAULT CHARSET=utf8 COLLATE=utf8_unicode_ci COMMENT='keep track user subscription details';

--
-- Dumping data for table `t_subscription`
--

INSERT INTO `t_subscription` VALUES (1,2,1,0.00,'','2020-01-02','2020-02-02',0,0,1,'2020-01-02 11:08:28'),(2,3,1,0.00,'','2020-01-02','2020-02-02',0,0,1,'2020-01-02 11:38:53'),(3,4,4,0.00,'','2020-01-02','2020-01-17',0,0,1,'2020-01-02 20:17:39'),(4,5,4,0.00,'','2020-01-04','2020-01-19',0,0,1,'2020-01-04 00:38:40'),(5,6,4,0.00,'','2020-01-16','2020-01-31',0,0,1,'2020-01-16 14:11:43'),(6,7,4,0.00,'','2020-01-19','2020-02-03',0,0,1,'2020-01-19 19:02:18'),(7,8,4,0.00,'','2020-01-25','2020-02-09',0,0,1,'2020-01-25 14:03:34'),(8,9,4,0.00,'','2020-01-25','2020-02-09',0,0,1,'2020-01-25 14:12:41'),(9,10,4,0.00,'','2020-01-25','2020-02-09',0,0,1,'2020-01-25 14:23:21'),(10,11,4,0.00,'','2020-01-25','2020-02-09',0,0,1,'2020-01-25 17:26:59'),(11,12,4,0.00,'','2020-01-25','2020-02-09',0,0,1,'2020-01-25 17:54:08'),(12,13,4,0.00,'','2020-02-04','2020-02-19',0,0,1,'2020-02-04 12:17:11'),(13,14,4,0.00,'','2020-02-05','2020-02-20',0,0,1,'2020-02-05 15:51:56'),(14,15,1,0.00,'','2020-02-07','2020-03-31',0,0,1,'2020-02-07 11:48:24'),(15,16,1,0.00,'','2020-02-07','2020-03-31',0,0,1,'2020-02-07 11:48:37'),(16,18,1,0.00,'','2020-02-07','2020-03-31',0,0,1,'2020-02-07 11:48:48'),(17,17,1,0.00,'','2020-02-07','2020-03-31',0,0,1,'2020-02-07 11:49:01'),(18,19,1,0.00,'','2020-02-08','2020-03-31',0,0,1,'2020-02-08 23:13:49'),(19,21,1,0.00,'','2020-02-26','2020-03-31',0,0,1,'2020-02-26 13:01:24'),(20,20,1,0.00,'','2020-02-26','2020-03-31',0,0,1,'2020-02-26 16:58:56'),(21,22,4,0.00,'','2020-02-27','2020-03-13',0,0,1,'2020-02-27 17:38:07'),(22,23,4,0.00,'','2020-03-06','2020-03-21',0,0,1,'2020-03-06 11:19:59'),(23,20,1,0.00,'','2020-04-01','2020-05-01',0,0,1,'2020-04-02 15:52:46'),(24,15,1,0.00,'','2020-04-01','2020-05-01',0,0,1,'2020-04-02 15:52:59'),(25,19,1,0.00,'','2020-04-01','2020-05-01',0,0,1,'2020-04-02 15:53:16'),(26,18,1,0.00,'','2020-04-01','2020-05-01',0,0,1,'2020-04-02 15:53:28'),(27,17,1,0.00,'','2020-04-01','2020-05-01',0,0,1,'2020-04-02 15:53:42'),(28,24,1,0.00,'','2020-04-01','2020-05-01',0,0,1,'2020-04-02 15:53:54'),(29,21,1,0.00,'','2020-04-06','2020-05-06',0,0,1,'2020-04-06 17:30:42'),(30,2,1,0.00,'','2020-04-06','2020-05-06',0,0,1,'2020-04-06 17:30:53'),(31,3,1,0.00,'','2020-04-06','2020-05-06',0,0,1,'2020-04-06 17:31:06'),(32,25,4,0.00,'','2020-04-16','2020-05-01',0,0,1,'2020-04-16 13:48:18'),(33,20,1,0.00,'','2020-05-01','2020-06-01',0,0,1,'2020-04-27 13:17:29'),(34,15,1,0.00,'','2020-05-01','2020-06-01',0,0,1,'2020-04-27 13:17:42'),(35,19,1,0.00,'','2020-05-01','2020-06-01',0,0,1,'2020-04-27 13:17:56'),(36,18,1,0.00,'','2020-05-01','2020-06-01',0,0,1,'2020-04-27 13:18:09'),(37,17,1,0.00,'','2020-05-01','2020-06-01',0,0,1,'2020-04-27 13:18:26'),(38,24,1,0.00,'','2020-05-01','2020-06-01',0,0,1,'2020-04-27 13:18:38'),(39,26,4,0.00,'','2020-04-29','2020-05-14',0,0,1,'2020-04-29 14:21:23'),(40,27,4,0.00,'','2020-04-29','2020-05-14',0,0,1,'2020-04-29 14:23:21'),(41,28,4,0.00,'','2020-04-29','2020-05-14',0,0,1,'2020-04-29 14:38:58'),(42,29,4,0.00,'','2020-04-29','2020-05-14',0,0,1,'2020-04-29 16:16:10'),(43,30,4,0.00,'','2020-04-30','2020-05-15',0,0,1,'2020-04-30 17:34:52'),(44,31,4,0.00,'','2020-05-15','2020-05-30',0,0,1,'2020-05-15 16:52:34'),(45,32,4,0.00,'','2020-05-20','2020-06-04',0,0,1,'2020-05-20 12:44:58'),(46,39,4,0.00,'','2020-05-20','2020-06-04',0,0,1,'2020-05-20 16:30:29'),(47,45,4,0.00,'','2020-05-20','2020-06-04',0,0,1,'2020-05-20 16:30:51'),(48,34,4,0.00,'','2020-05-20','2020-06-04',0,0,1,'2020-05-20 16:30:59'),(49,43,4,0.00,'','2020-05-20','2020-06-04',0,0,1,'2020-05-20 16:31:07'),(50,37,4,0.00,'','2020-05-20','2020-06-04',0,0,1,'2020-05-20 16:31:15'),(51,35,4,0.00,'','2020-05-20','2020-06-04',0,0,1,'2020-05-20 16:31:23'),(52,42,4,0.00,'','2020-05-20','2020-06-04',0,0,1,'2020-05-20 16:31:31'),(54,36,4,0.00,'','2020-05-20','2020-06-04',0,0,1,'2020-05-20 16:31:48'),(55,40,4,0.00,'','2020-05-20','2020-06-04',0,0,1,'2020-05-20 16:31:58'),(56,41,4,0.00,'','2020-05-20','2020-06-04',0,0,1,'2020-05-20 16:32:07'),(58,33,4,0.00,'','2020-05-20','2020-06-04',0,0,1,'2020-05-20 16:32:27'),(59,44,4,0.00,'','2020-05-20','2020-06-04',0,0,1,'2020-05-20 16:32:36'),(60,38,4,0.00,'','2020-05-20','2020-06-04',0,0,1,'2020-05-20 16:32:47'),(61,2,1,0.00,'','2020-05-21','2020-06-21',0,0,1,'2020-05-21 15:35:19'),(62,48,4,0.00,'','2020-05-29','2020-06-13',0,0,1,'2020-05-29 11:35:09'),(63,46,4,0.00,'','2020-05-29','2020-06-13',0,0,1,'2020-05-29 11:35:24'),(64,47,4,0.00,'','2020-05-29','2020-06-13',0,0,1,'2020-05-29 11:35:37'),(65,44,4,0.00,'','2020-06-05','2020-06-20',0,0,1,'2020-06-04 09:38:35'),(66,32,4,0.00,'','2020-06-05','2020-06-20',0,0,1,'2020-06-04 09:39:05'),(67,37,4,0.00,'','2020-06-05','2020-06-20',0,0,1,'2020-06-04 09:39:21'),(68,41,4,0.00,'','2020-06-05','2020-06-20',0,0,1,'2020-06-04 09:39:38'),(69,34,4,0.00,'','2020-06-05','2020-06-20',0,0,1,'2020-06-04 09:41:25'),(70,36,4,0.00,'','2020-06-05','2020-06-20',0,0,1,'2020-06-04 09:41:40'),(71,38,4,0.00,'','2020-06-05','2020-06-20',0,0,1,'2020-06-04 09:41:55'),(72,39,4,0.00,'','2020-06-05','2020-06-20',0,0,1,'2020-06-04 09:42:09'),(73,35,4,0.00,'','2020-06-05','2020-06-20',0,0,1,'2020-06-04 09:42:22'),(74,33,4,0.00,'','2020-06-05','2020-06-20',0,0,1,'2020-06-04 09:42:38'),(75,43,4,0.00,'','2020-06-05','2020-06-20',0,0,1,'2020-06-04 09:42:50'),(76,40,4,0.00,'','2020-06-05','2020-06-20',0,0,1,'2020-06-04 09:43:02'),(77,45,4,0.00,'','2020-06-05','2020-06-20',0,0,1,'2020-06-04 09:43:14'),(78,42,4,0.00,'','2020-06-05','2020-06-20',0,0,1,'2020-06-04 09:43:26'),(79,49,4,0.00,'','2020-06-07','2020-06-22',0,0,1,'2020-06-07 22:05:13'),(80,20,1,0.00,'','2020-06-11','2020-07-11',0,0,1,'2020-06-11 16:35:46'),(81,15,1,0.00,'','2020-06-11','2020-07-11',0,0,1,'2020-06-11 16:35:56'),(82,19,1,0.00,'','2020-06-11','2020-07-11',0,0,1,'2020-06-11 16:36:05'),(83,18,1,0.00,'','2020-06-11','2020-07-11',0,0,1,'2020-06-11 16:36:15'),(84,17,1,0.00,'','2020-06-11','2020-07-11',0,0,1,'2020-06-11 16:36:23'),(85,24,1,0.00,'','2020-06-11','2020-07-11',0,0,1,'2020-06-11 16:36:32'),(86,50,4,0.00,'','2020-06-15','2020-06-30',0,0,1,'2020-06-15 21:41:46'),(87,39,4,0.00,'','2020-06-20','2020-06-27',0,0,1,'2020-06-20 10:49:52'),(88,48,4,0.00,'','2020-06-20','2020-06-27',0,0,1,'2020-06-20 10:50:13'),(89,45,4,0.00,'','2020-06-20','2020-06-27',0,0,1,'2020-06-20 10:50:29'),(90,34,4,0.00,'','2020-06-20','2020-06-27',0,0,1,'2020-06-20 10:50:43'),(91,43,4,0.00,'','2020-06-20','2020-06-27',0,0,1,'2020-06-20 10:50:55'),(92,43,4,0.00,'','2020-06-20','2020-06-27',0,0,1,'2020-06-20 10:51:08'),(93,37,4,0.00,'','2020-06-20','2020-06-27',0,0,1,'2020-06-20 10:51:19'),(94,32,4,0.00,'','2020-06-20','2020-06-27',0,0,1,'2020-06-20 10:51:39'),(95,35,4,0.00,'','2020-06-20','2020-06-27',0,0,1,'2020-06-20 10:51:52'),(96,42,4,0.00,'','2020-06-20','2020-06-27',0,0,1,'2020-06-20 10:52:07'),(97,47,4,0.00,'','2020-06-20','2020-06-27',0,0,1,'2020-06-20 10:52:20'),(98,36,4,0.00,'','2020-06-20','2020-06-27',0,0,1,'2020-06-20 10:52:33'),(99,40,4,0.00,'','2020-06-20','2020-06-27',0,0,1,'2020-06-20 10:52:48'),(100,41,4,0.00,'','2020-06-20','2020-06-27',0,0,1,'2020-06-20 10:53:01'),(101,33,4,0.00,'','2020-06-20','2020-06-27',0,0,1,'2020-06-20 10:53:16'),(102,44,4,0.00,'','2020-06-20','2020-06-27',0,0,1,'2020-06-20 10:53:29'),(103,44,4,0.00,'','2020-06-20','2020-06-27',0,0,1,'2020-06-20 10:55:03'),(104,38,4,0.00,'','2020-06-20','2020-06-27',0,0,1,'2020-06-20 10:55:16'),(105,46,4,0.00,'','2020-06-20','2020-06-27',0,0,1,'2020-06-20 10:55:27'),(106,51,4,0.00,'','2020-06-21','2020-07-06',0,0,1,'2020-06-21 11:56:56'),(107,52,4,0.00,'','2020-06-22','2020-07-07',0,0,1,'2020-06-22 07:13:08'),(108,39,5,30.00,'','2020-06-27','2020-07-31',0,0,1,'2020-06-26 17:26:28'),(110,45,5,30.00,'','2020-06-27','2020-07-31',0,0,1,'2020-06-26 17:26:59'),(111,34,5,30.00,'','2020-06-27','2020-07-31',0,0,1,'2020-06-26 17:27:18'),(112,43,5,30.00,'','2020-06-27','2020-07-31',0,0,1,'2020-06-26 17:27:30'),(113,37,5,30.00,'','2020-06-27','2020-07-31',0,0,1,'2020-06-26 17:27:45'),(114,32,5,30.00,'','2020-06-27','2020-07-31',0,0,1,'2020-06-26 17:28:11'),(115,35,5,30.00,'','2020-06-27','2020-07-31',0,0,1,'2020-06-26 17:28:23'),(116,42,5,30.00,'','2020-06-27','2020-07-31',0,0,1,'2020-06-26 17:29:22'),(117,36,5,30.00,'','2020-06-27','2020-07-31',0,0,1,'2020-06-26 17:29:35'),(118,40,5,30.00,'','2020-06-27','2020-07-31',0,0,1,'2020-06-26 17:29:48'),(119,41,5,30.00,'','2020-06-27','2020-07-31',0,0,1,'2020-06-26 17:30:01'),(120,33,5,30.00,'','2020-06-27','2020-07-31',0,0,1,'2020-06-26 17:30:13'),(121,44,5,30.00,'','2020-06-27','2020-07-31',0,0,1,'2020-06-26 17:30:28'),(122,38,5,30.00,'','2020-06-27','2020-07-31',0,0,1,'2020-06-26 17:30:38'),(123,53,4,0.00,'','2020-07-06','2020-07-21',0,0,1,'2020-07-06 15:28:53'),(124,20,1,0.00,'','2020-07-13','2020-08-13',0,0,1,'2020-07-10 14:29:24'),(125,15,1,0.00,'','2020-07-13','2020-08-13',0,0,1,'2020-07-10 14:29:42'),(126,19,1,0.00,'','2020-07-13','2020-08-13',0,0,1,'2020-07-10 14:29:57'),(127,18,1,0.00,'','2020-07-13','2020-08-13',0,0,1,'2020-07-10 14:30:12'),(128,17,1,0.00,'','2020-07-13','2020-08-13',0,0,1,'2020-07-10 14:30:41'),(129,24,1,0.00,'','2020-07-13','2020-08-13',0,0,1,'2020-07-10 14:30:54'),(130,54,4,0.00,'','2020-07-26','2020-08-10',0,0,1,'2020-07-26 11:27:29'),(131,2,6,90.00,'','2020-07-28','2020-12-31',0,0,1,'2020-07-28 10:32:11'),(132,39,5,30.00,'','2020-07-31','2020-08-31',0,0,1,'2020-07-28 17:13:32'),(134,45,5,30.00,'','2020-07-31','2020-08-31',0,0,1,'2020-07-28 17:14:03'),(135,34,5,30.00,'','2020-07-31','2020-08-31',0,0,1,'2020-07-28 17:14:42'),(136,43,5,30.00,'','2020-07-31','2020-08-31',0,0,1,'2020-07-28 17:14:57'),(137,37,5,30.00,'','2020-07-31','2020-08-31',0,0,1,'2020-07-28 17:15:08'),(138,32,5,30.00,'','2020-07-31','2020-08-31',0,0,1,'2020-07-28 17:15:46'),(139,35,5,30.00,'','2020-07-31','2020-08-31',0,0,1,'2020-07-28 17:16:00'),(140,42,5,30.00,'','2020-07-31','2020-08-31',0,0,1,'2020-07-28 17:16:14'),(141,36,5,30.00,'','2020-07-31','2020-08-31',0,0,1,'2020-07-28 17:16:40'),(142,40,5,30.00,'','2020-07-31','2020-08-31',0,0,1,'2020-07-28 17:22:25'),(143,41,5,30.00,'','2020-07-31','2020-08-31',0,0,1,'2020-07-28 17:22:44'),(144,33,5,30.00,'','2020-07-31','2020-08-31',0,0,1,'2020-07-28 17:23:21'),(145,44,5,30.00,'','2020-07-31','2020-08-31',0,0,1,'2020-07-28 17:23:36'),(146,38,5,30.00,'','2020-07-31','2020-08-31',0,0,1,'2020-07-28 17:23:46'),(147,55,4,0.00,'','2020-08-04','2020-08-19',0,0,1,'2020-08-04 11:05:55'),(148,20,6,90.00,'','2020-08-10','2020-12-31',0,0,1,'2020-08-10 11:34:45'),(149,15,6,90.00,'','2020-08-10','2020-12-31',0,0,1,'2020-08-10 11:35:00'),(150,18,6,90.00,'','2020-08-10','2020-12-31',0,0,1,'2020-08-10 11:35:22'),(151,17,6,90.00,'','2020-08-10','2020-12-31',0,0,1,'2020-08-10 11:35:47'),(152,24,6,90.00,'','2020-08-10','2020-12-31',0,0,1,'2020-08-10 11:36:03'),(153,19,6,90.00,'','2020-08-10','2020-12-31',0,0,1,'2020-08-10 11:38:06'),(154,56,4,0.00,'','2020-08-28','2020-09-12',0,0,1,'2020-08-28 14:54:56'),(155,39,5,30.00,'','2020-09-01','2020-10-30',0,0,1,'2020-08-29 11:40:24'),(157,45,5,30.00,'','2020-09-01','2020-09-30',0,0,1,'2020-08-29 11:41:52'),(158,34,5,30.00,'','2020-09-01','2020-09-30',0,0,1,'2020-08-29 11:42:14'),(159,43,5,30.00,'','2020-09-01','2020-09-30',0,0,1,'2020-08-29 11:42:28'),(160,37,5,30.00,'','2020-09-01','2020-09-30',0,0,1,'2020-08-29 11:42:42'),(161,32,5,30.00,'','2020-09-01','2020-09-30',0,0,1,'2020-08-29 11:42:59'),(162,35,5,30.00,'','2020-09-01','2020-09-30',0,0,1,'2020-08-29 11:43:13'),(163,42,5,30.00,'','2020-09-01','2020-09-30',0,0,1,'2020-08-29 11:43:28'),(164,36,5,30.00,'','2020-09-01','2020-09-30',0,0,1,'2020-08-29 11:48:11'),(165,40,5,30.00,'','2020-09-01','2020-09-30',0,0,1,'2020-08-29 11:48:28'),(166,41,5,30.00,'','2020-09-01','2020-09-30',0,0,1,'2020-08-29 11:48:42'),(167,33,5,30.00,'','2020-09-01','2020-09-30',0,0,1,'2020-08-29 11:48:58'),(168,44,5,30.00,'','2020-09-01','2020-09-30',0,0,1,'2020-08-29 11:49:09'),(170,38,5,30.00,'','2020-09-01','2020-09-30',0,0,1,'2020-08-29 11:50:14'),(171,57,1,0.00,'','2020-10-07','2020-11-06',0,0,1,'2020-10-07 11:42:57'),(172,58,1,0.00,'','2020-10-07','2020-11-06',0,0,1,'2020-10-07 11:42:57'),(173,59,4,0.00,'','2020-10-07','2020-10-22',0,0,1,'2020-10-07 12:43:33'),(174,61,1,0.00,'','2020-10-12','2021-12-31',0,0,1,'2020-10-12 12:12:49'),(175,60,1,0.00,'','2020-10-12','2021-12-31',0,0,1,'2020-10-12 12:13:15'),(176,62,1,0.00,'','2020-10-12','2021-12-31',0,0,1,'2020-10-12 12:13:37'),(177,21,1,0.00,'','2020-10-12','2021-12-31',0,0,1,'2020-10-12 12:34:58'),(178,63,6,90.00,'','2020-12-04','2021-03-04',0,0,1,'2020-12-04 10:07:03'),(179,2,2,360.00,'','2021-01-01','2022-01-01',0,0,1,'2021-01-04 14:42:14'),(180,26,2,360.00,'','2021-01-01','2022-01-01',0,0,1,'2021-01-04 14:42:36'),(181,20,2,360.00,'','2021-01-04','2022-01-04',0,0,1,'2021-01-04 14:42:51'),(182,17,2,360.00,'','2021-01-04','2021-12-31',0,0,1,'2021-01-04 14:43:10'),(183,18,2,360.00,'','2021-01-04','2022-01-04',0,0,1,'2021-01-04 14:43:29'),(184,19,2,360.00,'','2021-01-04','2022-01-04',0,0,1,'2021-01-19 11:18:24'),(185,64,4,0.00,'','2021-01-25','2021-02-09',0,0,1,'2021-01-25 00:35:27'),(186,65,4,0.00,'','2021-02-05','2021-02-20',0,0,1,'2021-02-05 15:52:36'),(187,66,3,180.00,'','2021-02-25','2021-08-25',0,0,1,'2021-02-25 11:55:19'),(188,67,3,180.00,'','2021-02-25','2021-08-25',0,0,1,'2021-02-25 11:55:31'),(189,68,2,360.00,'','2021-01-01','2022-01-01',0,0,1,'2021-03-24 11:48:42'),(190,69,2,360.00,'','2021-01-01','2022-01-01',0,0,1,'2021-03-24 11:49:20'),(191,70,2,360.00,'','2021-01-01','2022-01-01',0,0,1,'2021-03-24 11:49:40'),(192,71,2,360.00,'','2021-01-01','2022-01-01',0,0,1,'2021-03-24 11:50:54'),(193,72,2,360.00,'','2021-01-01','2022-01-01',0,0,1,'2021-03-24 11:51:13'),(194,73,2,360.00,'','2021-01-01','2022-01-01',0,0,1,'2021-03-24 11:51:38'),(195,74,2,360.00,'','2021-01-01','2022-01-01',0,0,1,'2021-03-24 11:52:01'),(196,75,2,360.00,'','2021-01-01','2022-01-01',0,0,1,'2021-03-24 11:52:25'),(197,76,2,360.00,'','2021-01-01','2022-01-01',0,0,1,'2021-03-24 11:52:47'),(198,77,2,360.00,'','2021-01-01','2022-01-01',0,0,1,'2021-03-24 11:53:10'),(199,78,2,360.00,'','2021-01-01','2022-01-01',0,0,1,'2021-03-24 11:53:29'),(200,2,2,360.00,'','2021-01-01','2022-01-01',0,0,1,'2021-03-24 11:54:27'),(201,79,4,0.00,'','2021-05-23','2021-06-07',0,0,1,'2021-05-23 20:39:32'),(202,80,4,0.00,'','2022-07-22','2022-08-06',0,0,1,'2022-07-22 09:56:24'),(203,19,3,180.00,'','2022-09-19','2023-03-19',0,0,1,'2022-09-19 12:16:07'),(204,17,3,180.00,'','2022-09-19','2023-03-19',0,0,1,'2022-09-19 12:18:34'),(205,17,3,180.00,'','2023-01-05','2023-07-05',0,0,1,'2023-01-05 21:39:30'),(206,82,3,180.00,'','2023-01-05','2023-07-05',0,0,1,'2023-01-05 21:39:44'),(207,81,3,180.00,'','2023-01-05','2023-07-05',0,0,1,'2023-01-05 21:39:54'),(208,19,2,360.00,'','2023-01-05','2024-01-05',0,0,1,'2023-01-05 21:40:57');

--
-- Table structure for table `t_usr_popup`
--

CREATE TABLE `t_usr_popup` (
  `id_user_popup` int(7) NOT NULL AUTO_INCREMENT,
  `id_app_popup` int(3) NOT NULL DEFAULT '0',
  `id_user` int(11) NOT NULL DEFAULT '0',
  `created` datetime NOT NULL,
  PRIMARY KEY (`id_user_popup`)
) ENGINE=InnoDB AUTO_INCREMENT=6 DEFAULT CHARSET=utf8 COLLATE=utf8_unicode_ci COMMENT='keep track user and pop up records';

--
-- Dumping data for table `t_usr_popup`
--

INSERT INTO `t_usr_popup` VALUES (1,1,64,'2021-01-25 00:36:46'),(2,1,1,'2021-01-25 12:19:29'),(3,1,17,'2021-01-25 14:03:01'),(4,1,19,'2021-01-25 20:39:51'),(5,1,3,'2021-01-27 22:39:07');

--
-- Temporary table structure for view `vt_attendance`
--

/*!50001 DROP VIEW IF EXISTS `vt_attendance`*/;
/*!50001 CREATE VIEW `vt_attendance` AS SELECT 
 1 AS `id_user`,
 1 AS `attend_dt`,
 1 AS `tot_hours`*/;

--
-- Final view structure for view `vt_attendance`
--

/*!50001 DROP VIEW IF EXISTS `vt_attendance`*/;
/*!50001 CREATE ALGORITHM=UNDEFINED */
/*!50013 DEFINER=`ilusipri`@`localhost` SQL SECURITY DEFINER */
/*!50001 VIEW `vt_attendance` AS select `t_attendance`.`id_user` AS `id_user`,cast(`t_attendance`.`start_dt` as date) AS `attend_dt`,sum(timestampdiff(HOUR,`t_attendance`.`start_dt`,`t_attendance`.`end_dt`)) AS `tot_hours` from `t_attendance` where (`t_attendance`.`attend_type` = 1) group by `t_attendance`.`id_user`,cast(`t_attendance`.`start_dt` as date) */;


